{"id":31,"date":"2019-11-04T14:07:18","date_gmt":"2019-11-04T12:07:18","guid":{"rendered":"http:\/\/srvr10.xetpoint.com\/~seyfi\/oulu\/?page_id=31"},"modified":"2023-09-08T22:58:36","modified_gmt":"2023-09-08T19:58:36","slug":"elainsuojeluviranomaiset","status":"publish","type":"page","link":"https:\/\/sey.fi\/oulu\/oulun-seudun-elainsuojeluyhdistys\/ohjeita\/elainsuojeluviranomaiset\/","title":{"rendered":"El\u00e4insuojeluviranomaiset"},"content":{"rendered":"\n<p>Kiireelliset ilmoitukset el\u00e4inten huonosta kohtelusta tehd\u00e4\u00e4n aina el\u00e4insuojeluviranomaiselle, joita ovat<\/p>\n\n\n\n<h2 class=\"wp-block-heading\"><br>El\u00e4inl\u00e4\u00e4k\u00e4ri<\/h2>\n\n\n\n<p>\u2022 tuotantoel\u00e4imet ja hevoset p. 044 703 6781 (virka-ajan ulkopuolella p. 044 703 6781)<br>\u2022 lemmikkiel\u00e4imet p. 044 703 6780 (virka-ajan ulkopuolella p. 0600 393 960, maksullinen)<\/p>\n\n\n\n<p>El\u00e4imet Oulun, Hailuodon, Haukiputaan, Kempeleen, Kiimingin, Limingan, Lumijoen, Muhoksen, Oulunsalon sek\u00e4 Tyrn\u00e4v\u00e4n alueelta.&nbsp;El\u00e4inl\u00e4\u00e4k\u00e4riin voit ottaa yhteytt\u00e4 my\u00f6s s\u00e4hk\u00f6postitse os. <a href=\"mailto:elainlaakari@ouka.fi\">elainlaakari@ouka.fi<\/a>, kun h\u00e4t\u00e4 ei ole v\u00e4lit\u00f6n mutta tarvitset viranomaisen apua.<\/p>\n\n\n\n<h2 class=\"wp-block-heading\">Poliisi<\/h2>\n\n\n\n<p>\u2022 p. 112<\/p>\n\n\n\n<p>H\u00e4t\u00e4numeroon ilmoitetaan vain akuutit el\u00e4inr\u00e4\u00e4kk\u00e4ystapaukset, ihmisen terveytt\u00e4 uhkaavat el\u00e4imet sek\u00e4 tuotantoel\u00e4imi\u00e4 tai isoja riistael\u00e4imi\u00e4 koskevat asiat.<\/p>\n","protected":false},"excerpt":{"rendered":"<p>Kiireelliset ilmoitukset el\u00e4inten huonosta kohtelusta tehd\u00e4\u00e4n aina el\u00e4insuojeluviranomaiselle, joita ovat El\u00e4inl\u00e4\u00e4k\u00e4ri \u2022 tuotantoel\u00e4imet ja hevoset p. 044 703 6781 (virka-ajan ulkopuolella p. 044 703 6781)\u2022 lemmikkiel\u00e4imet p. 044 703 6780 (virka-ajan ulkopuolella p. 0600 393 960, maksullinen) El\u00e4imet Oulun, Hailuodon, Haukiputaan, Kempeleen, Kiimingin, Limingan, Lumijoen, Muhoksen, Oulunsalon sek\u00e4 Tyrn\u00e4v\u00e4n alueelta.&nbsp;El\u00e4inl\u00e4\u00e4k\u00e4riin voit ottaa yhteytt\u00e4 my\u00f6s s\u00e4hk\u00f6postitse [&hellip;]<\/p>\n","protected":false},"author":8,"featured_media":0,"parent":29,"menu_order":0,"comment_status":"closed","ping_status":"closed","template":"","meta":{"_acf_changed":false,"footnotes":""},"class_list":["post-31","page","type-page","status-publish","hentry"],"acf":[],"yoast_head":"<!-- This site is optimized with the Yoast SEO plugin v27.1.1 - https:\/\/yoast.com\/product\/yoast-seo-wordpress\/ -->\n<title>El\u00e4insuojeluviranomaiset - Oulun seudun el\u00e4insuojeluyhdistys<\/title>\n<meta name=\"robots\" content=\"index, follow, max-snippet:-1, max-image-preview:large, max-video-preview:-1\" \/>\n<link rel=\"canonical\" href=\"https:\/\/sey.fi\/oulu\/oulun-seudun-elainsuojeluyhdistys\/ohjeita\/elainsuojeluviranomaiset\/\" \/>\n<meta property=\"og:locale\" content=\"fi_FI\" \/>\n<meta property=\"og:type\" content=\"article\" \/>\n<meta property=\"og:title\" content=\"El\u00e4insuojeluviranomaiset - Oulun seudun el\u00e4insuojeluyhdistys\" \/>\n<meta property=\"og:description\" content=\"Kiireelliset ilmoitukset el\u00e4inten huonosta kohtelusta tehd\u00e4\u00e4n aina el\u00e4insuojeluviranomaiselle, joita ovat El\u00e4inl\u00e4\u00e4k\u00e4ri \u2022 tuotantoel\u00e4imet ja hevoset p. 044 703 6781 (virka-ajan ulkopuolella p. 044 703 6781)\u2022 lemmikkiel\u00e4imet p. 044 703 6780 (virka-ajan ulkopuolella p. 0600 393 960, maksullinen) El\u00e4imet Oulun, Hailuodon, Haukiputaan, Kempeleen, Kiimingin, Limingan, Lumijoen, Muhoksen, Oulunsalon sek\u00e4 Tyrn\u00e4v\u00e4n alueelta.&nbsp;El\u00e4inl\u00e4\u00e4k\u00e4riin voit ottaa yhteytt\u00e4 my\u00f6s s\u00e4hk\u00f6postitse [&hellip;]\" \/>\n<meta property=\"og:url\" content=\"https:\/\/sey.fi\/oulu\/oulun-seudun-elainsuojeluyhdistys\/ohjeita\/elainsuojeluviranomaiset\/\" \/>\n<meta property=\"og:site_name\" content=\"Oulun seudun el\u00e4insuojeluyhdistys\" \/>\n<meta property=\"article:modified_time\" content=\"2023-09-08T19:58:36+00:00\" \/>\n<meta name=\"twitter:card\" content=\"summary_large_image\" \/>\n<meta name=\"twitter:label1\" content=\"Arvioitu lukuaika\" \/>\n\t<meta name=\"twitter:data1\" content=\"1 minuutti\" \/>\n<script type=\"application\/ld+json\" class=\"yoast-schema-graph\">{\"@context\":\"https:\/\/schema.org\",\"@graph\":[{\"@type\":\"WebPage\",\"@id\":\"https:\/\/sey.fi\/oulu\/oulun-seudun-elainsuojeluyhdistys\/ohjeita\/elainsuojeluviranomaiset\/\",\"url\":\"https:\/\/sey.fi\/oulu\/oulun-seudun-elainsuojeluyhdistys\/ohjeita\/elainsuojeluviranomaiset\/\",\"name\":\"El\u00e4insuojeluviranomaiset - Oulun seudun el\u00e4insuojeluyhdistys\",\"isPartOf\":{\"@id\":\"https:\/\/sey.fi\/oulu\/#website\"},\"datePublished\":\"2019-11-04T12:07:18+00:00\",\"dateModified\":\"2023-09-08T19:58:36+00:00\",\"breadcrumb\":{\"@id\":\"https:\/\/sey.fi\/oulu\/oulun-seudun-elainsuojeluyhdistys\/ohjeita\/elainsuojeluviranomaiset\/#breadcrumb\"},\"inLanguage\":\"fi\",\"potentialAction\":[{\"@type\":\"ReadAction\",\"target\":[\"https:\/\/sey.fi\/oulu\/oulun-seudun-elainsuojeluyhdistys\/ohjeita\/elainsuojeluviranomaiset\/\"]}]},{\"@type\":\"BreadcrumbList\",\"@id\":\"https:\/\/sey.fi\/oulu\/oulun-seudun-elainsuojeluyhdistys\/ohjeita\/elainsuojeluviranomaiset\/#breadcrumb\",\"itemListElement\":[{\"@type\":\"ListItem\",\"position\":1,\"name\":\"Home\",\"item\":\"https:\/\/sey.fi\/oulu\/\"},{\"@type\":\"ListItem\",\"position\":2,\"name\":\"Oulun seudun el\u00e4insuojeluyhdistys\",\"item\":\"https:\/\/sey.fi\/oulu\/\"},{\"@type\":\"ListItem\",\"position\":3,\"name\":\"Ohjeita\",\"item\":\"https:\/\/sey.fi\/oulu\/oulun-seudun-elainsuojeluyhdistys\/ohjeita\/\"},{\"@type\":\"ListItem\",\"position\":4,\"name\":\"El\u00e4insuojeluviranomaiset\"}]},{\"@type\":\"WebSite\",\"@id\":\"https:\/\/sey.fi\/oulu\/#website\",\"url\":\"https:\/\/sey.fi\/oulu\/\",\"name\":\"Oulun seudun el\u00e4insuojeluyhdistys\",\"description\":\"Uusi SEY J\u00e4senyhdistykset -sivusto\",\"potentialAction\":[{\"@type\":\"SearchAction\",\"target\":{\"@type\":\"EntryPoint\",\"urlTemplate\":\"https:\/\/sey.fi\/oulu\/?s={search_term_string}\"},\"query-input\":{\"@type\":\"PropertyValueSpecification\",\"valueRequired\":true,\"valueName\":\"search_term_string\"}}],\"inLanguage\":\"fi\"}]}<\/script>\n<!-- \/ Yoast SEO plugin. -->","yoast_head_json":{"title":"El\u00e4insuojeluviranomaiset - Oulun seudun el\u00e4insuojeluyhdistys","robots":{"index":"index","follow":"follow","max-snippet":"max-snippet:-1","max-image-preview":"max-image-preview:large","max-video-preview":"max-video-preview:-1"},"canonical":"https:\/\/sey.fi\/oulu\/oulun-seudun-elainsuojeluyhdistys\/ohjeita\/elainsuojeluviranomaiset\/","og_locale":"fi_FI","og_type":"article","og_title":"El\u00e4insuojeluviranomaiset - Oulun seudun el\u00e4insuojeluyhdistys","og_description":"Kiireelliset ilmoitukset el\u00e4inten huonosta kohtelusta tehd\u00e4\u00e4n aina el\u00e4insuojeluviranomaiselle, joita ovat El\u00e4inl\u00e4\u00e4k\u00e4ri \u2022 tuotantoel\u00e4imet ja hevoset p. 044 703 6781 (virka-ajan ulkopuolella p. 044 703 6781)\u2022 lemmikkiel\u00e4imet p. 044 703 6780 (virka-ajan ulkopuolella p. 0600 393 960, maksullinen) El\u00e4imet Oulun, Hailuodon, Haukiputaan, Kempeleen, Kiimingin, Limingan, Lumijoen, Muhoksen, Oulunsalon sek\u00e4 Tyrn\u00e4v\u00e4n alueelta.&nbsp;El\u00e4inl\u00e4\u00e4k\u00e4riin voit ottaa yhteytt\u00e4 my\u00f6s s\u00e4hk\u00f6postitse [&hellip;]","og_url":"https:\/\/sey.fi\/oulu\/oulun-seudun-elainsuojeluyhdistys\/ohjeita\/elainsuojeluviranomaiset\/","og_site_name":"Oulun seudun el\u00e4insuojeluyhdistys","article_modified_time":"2023-09-08T19:58:36+00:00","twitter_card":"summary_large_image","twitter_misc":{"Arvioitu lukuaika":"1 minuutti"},"schema":{"@context":"https:\/\/schema.org","@graph":[{"@type":"WebPage","@id":"https:\/\/sey.fi\/oulu\/oulun-seudun-elainsuojeluyhdistys\/ohjeita\/elainsuojeluviranomaiset\/","url":"https:\/\/sey.fi\/oulu\/oulun-seudun-elainsuojeluyhdistys\/ohjeita\/elainsuojeluviranomaiset\/","name":"El\u00e4insuojeluviranomaiset - Oulun seudun el\u00e4insuojeluyhdistys","isPartOf":{"@id":"https:\/\/sey.fi\/oulu\/#website"},"datePublished":"2019-11-04T12:07:18+00:00","dateModified":"2023-09-08T19:58:36+00:00","breadcrumb":{"@id":"https:\/\/sey.fi\/oulu\/oulun-seudun-elainsuojeluyhdistys\/ohjeita\/elainsuojeluviranomaiset\/#breadcrumb"},"inLanguage":"fi","potentialAction":[{"@type":"ReadAction","target":["https:\/\/sey.fi\/oulu\/oulun-seudun-elainsuojeluyhdistys\/ohjeita\/elainsuojeluviranomaiset\/"]}]},{"@type":"BreadcrumbList","@id":"https:\/\/sey.fi\/oulu\/oulun-seudun-elainsuojeluyhdistys\/ohjeita\/elainsuojeluviranomaiset\/#breadcrumb","itemListElement":[{"@type":"ListItem","position":1,"name":"Home","item":"https:\/\/sey.fi\/oulu\/"},{"@type":"ListItem","position":2,"name":"Oulun seudun el\u00e4insuojeluyhdistys","item":"https:\/\/sey.fi\/oulu\/"},{"@type":"ListItem","position":3,"name":"Ohjeita","item":"https:\/\/sey.fi\/oulu\/oulun-seudun-elainsuojeluyhdistys\/ohjeita\/"},{"@type":"ListItem","position":4,"name":"El\u00e4insuojeluviranomaiset"}]},{"@type":"WebSite","@id":"https:\/\/sey.fi\/oulu\/#website","url":"https:\/\/sey.fi\/oulu\/","name":"Oulun seudun el\u00e4insuojeluyhdistys","description":"Uusi SEY J\u00e4senyhdistykset -sivusto","potentialAction":[{"@type":"SearchAction","target":{"@type":"EntryPoint","urlTemplate":"https:\/\/sey.fi\/oulu\/?s={search_term_string}"},"query-input":{"@type":"PropertyValueSpecification","valueRequired":true,"valueName":"search_term_string"}}],"inLanguage":"fi"}]}},"_links":{"self":[{"href":"https:\/\/sey.fi\/oulu\/wp-json\/wp\/v2\/pages\/31","targetHints":{"allow":["GET"]}}],"collection":[{"href":"https:\/\/sey.fi\/oulu\/wp-json\/wp\/v2\/pages"}],"about":[{"href":"https:\/\/sey.fi\/oulu\/wp-json\/wp\/v2\/types\/page"}],"author":[{"embeddable":true,"href":"https:\/\/sey.fi\/oulu\/wp-json\/wp\/v2\/users\/8"}],"replies":[{"embeddable":true,"href":"https:\/\/sey.fi\/oulu\/wp-json\/wp\/v2\/comments?post=31"}],"version-history":[{"count":3,"href":"https:\/\/sey.fi\/oulu\/wp-json\/wp\/v2\/pages\/31\/revisions"}],"predecessor-version":[{"id":283,"href":"https:\/\/sey.fi\/oulu\/wp-json\/wp\/v2\/pages\/31\/revisions\/283"}],"up":[{"embeddable":true,"href":"https:\/\/sey.fi\/oulu\/wp-json\/wp\/v2\/pages\/29"}],"wp:attachment":[{"href":"https:\/\/sey.fi\/oulu\/wp-json\/wp\/v2\/media?parent=31"}],"curies":[{"name":"wp","href":"https:\/\/api.w.org\/{rel}","templated":true}]}}