{"id":49,"date":"2019-11-04T15:05:51","date_gmt":"2019-11-04T13:05:51","guid":{"rendered":"http:\/\/srvr10.xetpoint.com\/~seyfi\/oulu\/?page_id=49"},"modified":"2023-05-07T19:21:38","modified_gmt":"2023-05-07T16:21:38","slug":"yritystukijaksi","status":"publish","type":"page","link":"https:\/\/sey.fi\/oulu\/oulun-seudun-elainsuojeluyhdistys\/osallistu\/yritystukijaksi\/","title":{"rendered":"Yritystukijaksi?"},"content":{"rendered":"\n<h1 class=\"wp-block-heading\">El\u00e4insuojeluyhdistyksen yritystukijaksi<\/h1>\n\n\n\n<p>Yhdistyksemme tekee yhteisty\u00f6t\u00e4\u00a0erilaisten yritysten kanssa paikallisen el\u00e4insuojeluty\u00f6n kehitt\u00e4miseksi ja tukemiseksi. Jos yrityksell\u00e4si olisi kiinnostusta yhteisty\u00f6kampanjan j\u00e4rjest\u00e4miseksi, ota rohkeasti yhteytt\u00e4 meihin os. oulunesy@gmail.com. Voisiko yritykseksi vaikkapa lahjoittaa tuotteita yhdistyksemme j\u00e4rjest\u00e4mien arpajaisten palkinnoiksi?<\/p>\n","protected":false},"excerpt":{"rendered":"<p>El\u00e4insuojeluyhdistyksen yritystukijaksi Yhdistyksemme tekee yhteisty\u00f6t\u00e4\u00a0erilaisten yritysten kanssa paikallisen el\u00e4insuojeluty\u00f6n kehitt\u00e4miseksi ja tukemiseksi. Jos yrityksell\u00e4si olisi kiinnostusta yhteisty\u00f6kampanjan j\u00e4rjest\u00e4miseksi, ota rohkeasti yhteytt\u00e4 meihin os. oulunesy@gmail.com. Voisiko yritykseksi vaikkapa lahjoittaa tuotteita yhdistyksemme j\u00e4rjest\u00e4mien arpajaisten palkinnoiksi?<\/p>\n","protected":false},"author":8,"featured_media":0,"parent":45,"menu_order":0,"comment_status":"closed","ping_status":"closed","template":"","meta":{"_acf_changed":false,"footnotes":""},"class_list":["post-49","page","type-page","status-publish","hentry"],"acf":[],"yoast_head":"<!-- This site is optimized with the Yoast SEO plugin v27.1.1 - https:\/\/yoast.com\/product\/yoast-seo-wordpress\/ -->\n<title>Yritystukijaksi? - Oulun seudun el\u00e4insuojeluyhdistys<\/title>\n<meta name=\"robots\" content=\"index, follow, max-snippet:-1, max-image-preview:large, max-video-preview:-1\" \/>\n<link rel=\"canonical\" href=\"https:\/\/sey.fi\/oulu\/oulun-seudun-elainsuojeluyhdistys\/osallistu\/yritystukijaksi\/\" \/>\n<meta property=\"og:locale\" content=\"fi_FI\" \/>\n<meta property=\"og:type\" content=\"article\" \/>\n<meta property=\"og:title\" content=\"Yritystukijaksi? - Oulun seudun el\u00e4insuojeluyhdistys\" \/>\n<meta property=\"og:description\" content=\"El\u00e4insuojeluyhdistyksen yritystukijaksi Yhdistyksemme tekee yhteisty\u00f6t\u00e4\u00a0erilaisten yritysten kanssa paikallisen el\u00e4insuojeluty\u00f6n kehitt\u00e4miseksi ja tukemiseksi. Jos yrityksell\u00e4si olisi kiinnostusta yhteisty\u00f6kampanjan j\u00e4rjest\u00e4miseksi, ota rohkeasti yhteytt\u00e4 meihin os. oulunesy@gmail.com. Voisiko yritykseksi vaikkapa lahjoittaa tuotteita yhdistyksemme j\u00e4rjest\u00e4mien arpajaisten palkinnoiksi?\" \/>\n<meta property=\"og:url\" content=\"https:\/\/sey.fi\/oulu\/oulun-seudun-elainsuojeluyhdistys\/osallistu\/yritystukijaksi\/\" \/>\n<meta property=\"og:site_name\" content=\"Oulun seudun el\u00e4insuojeluyhdistys\" \/>\n<meta property=\"article:modified_time\" content=\"2023-05-07T16:21:38+00:00\" \/>\n<meta name=\"twitter:card\" content=\"summary_large_image\" \/>\n<meta name=\"twitter:label1\" content=\"Arvioitu lukuaika\" \/>\n\t<meta name=\"twitter:data1\" content=\"1 minuutti\" \/>\n<script type=\"application\/ld+json\" class=\"yoast-schema-graph\">{\"@context\":\"https:\/\/schema.org\",\"@graph\":[{\"@type\":\"WebPage\",\"@id\":\"https:\/\/sey.fi\/oulu\/oulun-seudun-elainsuojeluyhdistys\/osallistu\/yritystukijaksi\/\",\"url\":\"https:\/\/sey.fi\/oulu\/oulun-seudun-elainsuojeluyhdistys\/osallistu\/yritystukijaksi\/\",\"name\":\"Yritystukijaksi? - Oulun seudun el\u00e4insuojeluyhdistys\",\"isPartOf\":{\"@id\":\"https:\/\/sey.fi\/oulu\/#website\"},\"datePublished\":\"2019-11-04T13:05:51+00:00\",\"dateModified\":\"2023-05-07T16:21:38+00:00\",\"breadcrumb\":{\"@id\":\"https:\/\/sey.fi\/oulu\/oulun-seudun-elainsuojeluyhdistys\/osallistu\/yritystukijaksi\/#breadcrumb\"},\"inLanguage\":\"fi\",\"potentialAction\":[{\"@type\":\"ReadAction\",\"target\":[\"https:\/\/sey.fi\/oulu\/oulun-seudun-elainsuojeluyhdistys\/osallistu\/yritystukijaksi\/\"]}]},{\"@type\":\"BreadcrumbList\",\"@id\":\"https:\/\/sey.fi\/oulu\/oulun-seudun-elainsuojeluyhdistys\/osallistu\/yritystukijaksi\/#breadcrumb\",\"itemListElement\":[{\"@type\":\"ListItem\",\"position\":1,\"name\":\"Home\",\"item\":\"https:\/\/sey.fi\/oulu\/\"},{\"@type\":\"ListItem\",\"position\":2,\"name\":\"Oulun seudun el\u00e4insuojeluyhdistys\",\"item\":\"https:\/\/sey.fi\/oulu\/\"},{\"@type\":\"ListItem\",\"position\":3,\"name\":\"Osallistu\",\"item\":\"https:\/\/sey.fi\/oulu\/oulun-seudun-elainsuojeluyhdistys\/osallistu\/\"},{\"@type\":\"ListItem\",\"position\":4,\"name\":\"Yritystukijaksi?\"}]},{\"@type\":\"WebSite\",\"@id\":\"https:\/\/sey.fi\/oulu\/#website\",\"url\":\"https:\/\/sey.fi\/oulu\/\",\"name\":\"Oulun seudun el\u00e4insuojeluyhdistys\",\"description\":\"Uusi SEY J\u00e4senyhdistykset -sivusto\",\"potentialAction\":[{\"@type\":\"SearchAction\",\"target\":{\"@type\":\"EntryPoint\",\"urlTemplate\":\"https:\/\/sey.fi\/oulu\/?s={search_term_string}\"},\"query-input\":{\"@type\":\"PropertyValueSpecification\",\"valueRequired\":true,\"valueName\":\"search_term_string\"}}],\"inLanguage\":\"fi\"}]}<\/script>\n<!-- \/ Yoast SEO plugin. -->","yoast_head_json":{"title":"Yritystukijaksi? - Oulun seudun el\u00e4insuojeluyhdistys","robots":{"index":"index","follow":"follow","max-snippet":"max-snippet:-1","max-image-preview":"max-image-preview:large","max-video-preview":"max-video-preview:-1"},"canonical":"https:\/\/sey.fi\/oulu\/oulun-seudun-elainsuojeluyhdistys\/osallistu\/yritystukijaksi\/","og_locale":"fi_FI","og_type":"article","og_title":"Yritystukijaksi? - Oulun seudun el\u00e4insuojeluyhdistys","og_description":"El\u00e4insuojeluyhdistyksen yritystukijaksi Yhdistyksemme tekee yhteisty\u00f6t\u00e4\u00a0erilaisten yritysten kanssa paikallisen el\u00e4insuojeluty\u00f6n kehitt\u00e4miseksi ja tukemiseksi. Jos yrityksell\u00e4si olisi kiinnostusta yhteisty\u00f6kampanjan j\u00e4rjest\u00e4miseksi, ota rohkeasti yhteytt\u00e4 meihin os. oulunesy@gmail.com. Voisiko yritykseksi vaikkapa lahjoittaa tuotteita yhdistyksemme j\u00e4rjest\u00e4mien arpajaisten palkinnoiksi?","og_url":"https:\/\/sey.fi\/oulu\/oulun-seudun-elainsuojeluyhdistys\/osallistu\/yritystukijaksi\/","og_site_name":"Oulun seudun el\u00e4insuojeluyhdistys","article_modified_time":"2023-05-07T16:21:38+00:00","twitter_card":"summary_large_image","twitter_misc":{"Arvioitu lukuaika":"1 minuutti"},"schema":{"@context":"https:\/\/schema.org","@graph":[{"@type":"WebPage","@id":"https:\/\/sey.fi\/oulu\/oulun-seudun-elainsuojeluyhdistys\/osallistu\/yritystukijaksi\/","url":"https:\/\/sey.fi\/oulu\/oulun-seudun-elainsuojeluyhdistys\/osallistu\/yritystukijaksi\/","name":"Yritystukijaksi? - Oulun seudun el\u00e4insuojeluyhdistys","isPartOf":{"@id":"https:\/\/sey.fi\/oulu\/#website"},"datePublished":"2019-11-04T13:05:51+00:00","dateModified":"2023-05-07T16:21:38+00:00","breadcrumb":{"@id":"https:\/\/sey.fi\/oulu\/oulun-seudun-elainsuojeluyhdistys\/osallistu\/yritystukijaksi\/#breadcrumb"},"inLanguage":"fi","potentialAction":[{"@type":"ReadAction","target":["https:\/\/sey.fi\/oulu\/oulun-seudun-elainsuojeluyhdistys\/osallistu\/yritystukijaksi\/"]}]},{"@type":"BreadcrumbList","@id":"https:\/\/sey.fi\/oulu\/oulun-seudun-elainsuojeluyhdistys\/osallistu\/yritystukijaksi\/#breadcrumb","itemListElement":[{"@type":"ListItem","position":1,"name":"Home","item":"https:\/\/sey.fi\/oulu\/"},{"@type":"ListItem","position":2,"name":"Oulun seudun el\u00e4insuojeluyhdistys","item":"https:\/\/sey.fi\/oulu\/"},{"@type":"ListItem","position":3,"name":"Osallistu","item":"https:\/\/sey.fi\/oulu\/oulun-seudun-elainsuojeluyhdistys\/osallistu\/"},{"@type":"ListItem","position":4,"name":"Yritystukijaksi?"}]},{"@type":"WebSite","@id":"https:\/\/sey.fi\/oulu\/#website","url":"https:\/\/sey.fi\/oulu\/","name":"Oulun seudun el\u00e4insuojeluyhdistys","description":"Uusi SEY J\u00e4senyhdistykset -sivusto","potentialAction":[{"@type":"SearchAction","target":{"@type":"EntryPoint","urlTemplate":"https:\/\/sey.fi\/oulu\/?s={search_term_string}"},"query-input":{"@type":"PropertyValueSpecification","valueRequired":true,"valueName":"search_term_string"}}],"inLanguage":"fi"}]}},"_links":{"self":[{"href":"https:\/\/sey.fi\/oulu\/wp-json\/wp\/v2\/pages\/49","targetHints":{"allow":["GET"]}}],"collection":[{"href":"https:\/\/sey.fi\/oulu\/wp-json\/wp\/v2\/pages"}],"about":[{"href":"https:\/\/sey.fi\/oulu\/wp-json\/wp\/v2\/types\/page"}],"author":[{"embeddable":true,"href":"https:\/\/sey.fi\/oulu\/wp-json\/wp\/v2\/users\/8"}],"replies":[{"embeddable":true,"href":"https:\/\/sey.fi\/oulu\/wp-json\/wp\/v2\/comments?post=49"}],"version-history":[{"count":2,"href":"https:\/\/sey.fi\/oulu\/wp-json\/wp\/v2\/pages\/49\/revisions"}],"predecessor-version":[{"id":268,"href":"https:\/\/sey.fi\/oulu\/wp-json\/wp\/v2\/pages\/49\/revisions\/268"}],"up":[{"embeddable":true,"href":"https:\/\/sey.fi\/oulu\/wp-json\/wp\/v2\/pages\/45"}],"wp:attachment":[{"href":"https:\/\/sey.fi\/oulu\/wp-json\/wp\/v2\/media?parent=49"}],"curies":[{"name":"wp","href":"https:\/\/api.w.org\/{rel}","templated":true}]}}