{"id":55,"date":"2019-11-04T15:07:04","date_gmt":"2019-11-04T13:07:04","guid":{"rendered":"http:\/\/srvr10.xetpoint.com\/~seyfi\/oulu\/?page_id=55"},"modified":"2024-09-16T16:24:16","modified_gmt":"2024-09-16T13:24:16","slug":"yhteystiedot","status":"publish","type":"page","link":"https:\/\/sey.fi\/oulu\/oulun-seudun-elainsuojeluyhdistys\/yhteystiedot\/","title":{"rendered":"Yhteystiedot"},"content":{"rendered":"\n<h1 class=\"wp-block-heading\"><strong>Kiireellisiss\u00e4 el\u00e4insuojelutapauksissa ota aina yhteytt\u00e4 <a rel=\"noreferrer noopener\" href=\"https:\/\/sey.fi\/elain-hadassa\/\" target=\"_blank\">poliisiin tai valvontael\u00e4inl\u00e4\u00e4k\u00e4riin!<\/a><\/strong><\/h1>\n\n\n\n<p><br><\/p>\n\n\n\n<p>Tavoitat meid\u00e4t s\u00e4hk\u00f6postilla <strong>oulunesy@gmail.com.<\/strong> Vastaamme s\u00e4hk\u00f6posteihin yleens\u00e4 nopeasti!<\/p>\n\n\n\n<p>Loukkaantuneet linnut: katso <a href=\"https:\/\/www.pply.fi\/suojelu-ja-tutkimus\/loukkaantuneet-linnut\/\">Pohjois-Pohjanmaan lintutieteellisen yhdistyksen ohjeet<\/a>.<br><br>Oulun seudun el\u00e4insuojeluneuvojien yhteystiedot <a href=\"https:\/\/sey.fi\/oulu\/oulun-seudun-elainsuojeluyhdistys\/ohjeita\/oulun-seudun-elainsuojeluneuvojat\/\">t\u00e4\u00e4ll\u00e4.<\/a><\/p>\n\n\n\n<p>El\u00e4insuojeluviranomaisten yhteystiedot <a href=\"https:\/\/sey.fi\/oulu\/oulun-seudun-elainsuojeluyhdistys\/ohjeita\/elainsuojeluviranomaiset\/\" target=\"_blank\" rel=\"noreferrer noopener\">t\u00e4\u00e4ll\u00e4<\/a>.<\/p>\n\n\n\n<p><\/p>\n\n\n\n<p><\/p>\n\n\n\n<p><\/p>\n\n\n\n<hr class=\"wp-block-separator has-css-opacity\" \/>\n\n\n\n<p><\/p>\n\n\n\n<p><strong>S\u00e4hk\u00f6posti<\/strong>:<br><a href=\"mailto:oulunesy@gmail.com\">oulunesy@gmail.com<\/a><\/p>\n\n\n\n<p><strong>Facebook<\/strong>:<br><a href=\"https:\/\/fi-fi.facebook.com\/oulunesy\">https:\/\/fi-fi.facebook.com\/oulunesy<\/a><br><br><strong>Instagram:<\/strong><br><a href=\"https:\/\/www.instagram.com\/oulunesy\/\">@oulunesy<\/a><br><a href=\"https:\/\/www.instagram.com\/kissasijaiskotivastaava\/\">@kissasijaiskotivastaava<\/a><\/p>\n\n\n\n<p><strong>Blogi:<\/strong><br><a href=\"https:\/\/oulunesy.blogspot.com\/\">OULUN SEUDUN EL\u00c4INSUOJELUYHDISTYS (oulunesy.blogspot.com)<\/a><\/p>\n\n\n\n<p><strong>Postiosoite:<br><\/strong>Oulun Seudun El\u00e4insuojeluyhdistys&nbsp;Ry<br>Louhimontie 10 H 11<br>90620 Oulu<\/p>\n\n\n\n<p><strong>Y-tunnus:<\/strong><br>1523885-5 <\/p>\n\n\n\n<p><strong>Tilinumero:<br><\/strong>FI29 5742 3120 0363 44<br>BIC: OKOYFIHH<\/p>\n\n\n","protected":false},"excerpt":{"rendered":"<p>Kiireellisiss\u00e4 el\u00e4insuojelutapauksissa ota aina yhteytt\u00e4 poliisiin tai valvontael\u00e4inl\u00e4\u00e4k\u00e4riin! Tavoitat meid\u00e4t s\u00e4hk\u00f6postilla oulunesy@gmail.com. Vastaamme s\u00e4hk\u00f6posteihin yleens\u00e4 nopeasti! Loukkaantuneet linnut: katso Pohjois-Pohjanmaan lintutieteellisen yhdistyksen ohjeet. Oulun seudun el\u00e4insuojeluneuvojien yhteystiedot t\u00e4\u00e4ll\u00e4. El\u00e4insuojeluviranomaisten yhteystiedot t\u00e4\u00e4ll\u00e4. S\u00e4hk\u00f6posti:oulunesy@gmail.com Facebook:https:\/\/fi-fi.facebook.com\/oulunesy Instagram:@oulunesy@kissasijaiskotivastaava Blogi:OULUN SEUDUN EL\u00c4INSUOJELUYHDISTYS (oulunesy.blogspot.com) Postiosoite:Oulun Seudun El\u00e4insuojeluyhdistys&nbsp;RyLouhimontie 10 H 1190620 Oulu Y-tunnus:1523885-5 Tilinumero:FI29 5742 3120 0363 44BIC: OKOYFIHH<\/p>\n","protected":false},"author":8,"featured_media":0,"parent":2,"menu_order":0,"comment_status":"closed","ping_status":"closed","template":"","meta":{"_acf_changed":false,"footnotes":""},"class_list":["post-55","page","type-page","status-publish","hentry"],"acf":[],"yoast_head":"<!-- This site is optimized with the Yoast SEO plugin v27.1.1 - https:\/\/yoast.com\/product\/yoast-seo-wordpress\/ -->\n<title>Yhteystiedot - Oulun seudun el\u00e4insuojeluyhdistys<\/title>\n<meta name=\"robots\" content=\"index, follow, max-snippet:-1, max-image-preview:large, max-video-preview:-1\" \/>\n<link rel=\"canonical\" href=\"https:\/\/sey.fi\/oulu\/oulun-seudun-elainsuojeluyhdistys\/yhteystiedot\/\" \/>\n<meta property=\"og:locale\" content=\"fi_FI\" \/>\n<meta property=\"og:type\" content=\"article\" \/>\n<meta property=\"og:title\" content=\"Yhteystiedot - Oulun seudun el\u00e4insuojeluyhdistys\" \/>\n<meta property=\"og:description\" content=\"Kiireellisiss\u00e4 el\u00e4insuojelutapauksissa ota aina yhteytt\u00e4 poliisiin tai valvontael\u00e4inl\u00e4\u00e4k\u00e4riin! Tavoitat meid\u00e4t s\u00e4hk\u00f6postilla oulunesy@gmail.com. Vastaamme s\u00e4hk\u00f6posteihin yleens\u00e4 nopeasti! Loukkaantuneet linnut: katso Pohjois-Pohjanmaan lintutieteellisen yhdistyksen ohjeet. Oulun seudun el\u00e4insuojeluneuvojien yhteystiedot t\u00e4\u00e4ll\u00e4. El\u00e4insuojeluviranomaisten yhteystiedot t\u00e4\u00e4ll\u00e4. S\u00e4hk\u00f6posti:oulunesy@gmail.com Facebook:https:\/\/fi-fi.facebook.com\/oulunesy Instagram:@oulunesy@kissasijaiskotivastaava Blogi:OULUN SEUDUN EL\u00c4INSUOJELUYHDISTYS (oulunesy.blogspot.com) Postiosoite:Oulun Seudun El\u00e4insuojeluyhdistys&nbsp;RyLouhimontie 10 H 1190620 Oulu Y-tunnus:1523885-5 Tilinumero:FI29 5742 3120 0363 44BIC: OKOYFIHH\" \/>\n<meta property=\"og:url\" content=\"https:\/\/sey.fi\/oulu\/oulun-seudun-elainsuojeluyhdistys\/yhteystiedot\/\" \/>\n<meta property=\"og:site_name\" content=\"Oulun seudun el\u00e4insuojeluyhdistys\" \/>\n<meta property=\"article:modified_time\" content=\"2024-09-16T13:24:16+00:00\" \/>\n<meta name=\"twitter:card\" content=\"summary_large_image\" \/>\n<meta name=\"twitter:label1\" content=\"Arvioitu lukuaika\" \/>\n\t<meta name=\"twitter:data1\" content=\"1 minuutti\" \/>\n<script type=\"application\/ld+json\" class=\"yoast-schema-graph\">{\"@context\":\"https:\/\/schema.org\",\"@graph\":[{\"@type\":\"WebPage\",\"@id\":\"https:\/\/sey.fi\/oulu\/oulun-seudun-elainsuojeluyhdistys\/yhteystiedot\/\",\"url\":\"https:\/\/sey.fi\/oulu\/oulun-seudun-elainsuojeluyhdistys\/yhteystiedot\/\",\"name\":\"Yhteystiedot - Oulun seudun el\u00e4insuojeluyhdistys\",\"isPartOf\":{\"@id\":\"https:\/\/sey.fi\/oulu\/#website\"},\"datePublished\":\"2019-11-04T13:07:04+00:00\",\"dateModified\":\"2024-09-16T13:24:16+00:00\",\"breadcrumb\":{\"@id\":\"https:\/\/sey.fi\/oulu\/oulun-seudun-elainsuojeluyhdistys\/yhteystiedot\/#breadcrumb\"},\"inLanguage\":\"fi\",\"potentialAction\":[{\"@type\":\"ReadAction\",\"target\":[\"https:\/\/sey.fi\/oulu\/oulun-seudun-elainsuojeluyhdistys\/yhteystiedot\/\"]}]},{\"@type\":\"BreadcrumbList\",\"@id\":\"https:\/\/sey.fi\/oulu\/oulun-seudun-elainsuojeluyhdistys\/yhteystiedot\/#breadcrumb\",\"itemListElement\":[{\"@type\":\"ListItem\",\"position\":1,\"name\":\"Home\",\"item\":\"https:\/\/sey.fi\/oulu\/\"},{\"@type\":\"ListItem\",\"position\":2,\"name\":\"Oulun seudun el\u00e4insuojeluyhdistys\",\"item\":\"https:\/\/sey.fi\/oulu\/\"},{\"@type\":\"ListItem\",\"position\":3,\"name\":\"Yhteystiedot\"}]},{\"@type\":\"WebSite\",\"@id\":\"https:\/\/sey.fi\/oulu\/#website\",\"url\":\"https:\/\/sey.fi\/oulu\/\",\"name\":\"Oulun seudun el\u00e4insuojeluyhdistys\",\"description\":\"Uusi SEY J\u00e4senyhdistykset -sivusto\",\"potentialAction\":[{\"@type\":\"SearchAction\",\"target\":{\"@type\":\"EntryPoint\",\"urlTemplate\":\"https:\/\/sey.fi\/oulu\/?s={search_term_string}\"},\"query-input\":{\"@type\":\"PropertyValueSpecification\",\"valueRequired\":true,\"valueName\":\"search_term_string\"}}],\"inLanguage\":\"fi\"}]}<\/script>\n<!-- \/ Yoast SEO plugin. -->","yoast_head_json":{"title":"Yhteystiedot - Oulun seudun el\u00e4insuojeluyhdistys","robots":{"index":"index","follow":"follow","max-snippet":"max-snippet:-1","max-image-preview":"max-image-preview:large","max-video-preview":"max-video-preview:-1"},"canonical":"https:\/\/sey.fi\/oulu\/oulun-seudun-elainsuojeluyhdistys\/yhteystiedot\/","og_locale":"fi_FI","og_type":"article","og_title":"Yhteystiedot - Oulun seudun el\u00e4insuojeluyhdistys","og_description":"Kiireellisiss\u00e4 el\u00e4insuojelutapauksissa ota aina yhteytt\u00e4 poliisiin tai valvontael\u00e4inl\u00e4\u00e4k\u00e4riin! Tavoitat meid\u00e4t s\u00e4hk\u00f6postilla oulunesy@gmail.com. Vastaamme s\u00e4hk\u00f6posteihin yleens\u00e4 nopeasti! Loukkaantuneet linnut: katso Pohjois-Pohjanmaan lintutieteellisen yhdistyksen ohjeet. Oulun seudun el\u00e4insuojeluneuvojien yhteystiedot t\u00e4\u00e4ll\u00e4. El\u00e4insuojeluviranomaisten yhteystiedot t\u00e4\u00e4ll\u00e4. S\u00e4hk\u00f6posti:oulunesy@gmail.com Facebook:https:\/\/fi-fi.facebook.com\/oulunesy Instagram:@oulunesy@kissasijaiskotivastaava Blogi:OULUN SEUDUN EL\u00c4INSUOJELUYHDISTYS (oulunesy.blogspot.com) Postiosoite:Oulun Seudun El\u00e4insuojeluyhdistys&nbsp;RyLouhimontie 10 H 1190620 Oulu Y-tunnus:1523885-5 Tilinumero:FI29 5742 3120 0363 44BIC: OKOYFIHH","og_url":"https:\/\/sey.fi\/oulu\/oulun-seudun-elainsuojeluyhdistys\/yhteystiedot\/","og_site_name":"Oulun seudun el\u00e4insuojeluyhdistys","article_modified_time":"2024-09-16T13:24:16+00:00","twitter_card":"summary_large_image","twitter_misc":{"Arvioitu lukuaika":"1 minuutti"},"schema":{"@context":"https:\/\/schema.org","@graph":[{"@type":"WebPage","@id":"https:\/\/sey.fi\/oulu\/oulun-seudun-elainsuojeluyhdistys\/yhteystiedot\/","url":"https:\/\/sey.fi\/oulu\/oulun-seudun-elainsuojeluyhdistys\/yhteystiedot\/","name":"Yhteystiedot - Oulun seudun el\u00e4insuojeluyhdistys","isPartOf":{"@id":"https:\/\/sey.fi\/oulu\/#website"},"datePublished":"2019-11-04T13:07:04+00:00","dateModified":"2024-09-16T13:24:16+00:00","breadcrumb":{"@id":"https:\/\/sey.fi\/oulu\/oulun-seudun-elainsuojeluyhdistys\/yhteystiedot\/#breadcrumb"},"inLanguage":"fi","potentialAction":[{"@type":"ReadAction","target":["https:\/\/sey.fi\/oulu\/oulun-seudun-elainsuojeluyhdistys\/yhteystiedot\/"]}]},{"@type":"BreadcrumbList","@id":"https:\/\/sey.fi\/oulu\/oulun-seudun-elainsuojeluyhdistys\/yhteystiedot\/#breadcrumb","itemListElement":[{"@type":"ListItem","position":1,"name":"Home","item":"https:\/\/sey.fi\/oulu\/"},{"@type":"ListItem","position":2,"name":"Oulun seudun el\u00e4insuojeluyhdistys","item":"https:\/\/sey.fi\/oulu\/"},{"@type":"ListItem","position":3,"name":"Yhteystiedot"}]},{"@type":"WebSite","@id":"https:\/\/sey.fi\/oulu\/#website","url":"https:\/\/sey.fi\/oulu\/","name":"Oulun seudun el\u00e4insuojeluyhdistys","description":"Uusi SEY J\u00e4senyhdistykset -sivusto","potentialAction":[{"@type":"SearchAction","target":{"@type":"EntryPoint","urlTemplate":"https:\/\/sey.fi\/oulu\/?s={search_term_string}"},"query-input":{"@type":"PropertyValueSpecification","valueRequired":true,"valueName":"search_term_string"}}],"inLanguage":"fi"}]}},"_links":{"self":[{"href":"https:\/\/sey.fi\/oulu\/wp-json\/wp\/v2\/pages\/55","targetHints":{"allow":["GET"]}}],"collection":[{"href":"https:\/\/sey.fi\/oulu\/wp-json\/wp\/v2\/pages"}],"about":[{"href":"https:\/\/sey.fi\/oulu\/wp-json\/wp\/v2\/types\/page"}],"author":[{"embeddable":true,"href":"https:\/\/sey.fi\/oulu\/wp-json\/wp\/v2\/users\/8"}],"replies":[{"embeddable":true,"href":"https:\/\/sey.fi\/oulu\/wp-json\/wp\/v2\/comments?post=55"}],"version-history":[{"count":21,"href":"https:\/\/sey.fi\/oulu\/wp-json\/wp\/v2\/pages\/55\/revisions"}],"predecessor-version":[{"id":318,"href":"https:\/\/sey.fi\/oulu\/wp-json\/wp\/v2\/pages\/55\/revisions\/318"}],"up":[{"embeddable":true,"href":"https:\/\/sey.fi\/oulu\/wp-json\/wp\/v2\/pages\/2"}],"wp:attachment":[{"href":"https:\/\/sey.fi\/oulu\/wp-json\/wp\/v2\/media?parent=55"}],"curies":[{"name":"wp","href":"https:\/\/api.w.org\/{rel}","templated":true}]}}