{"id":28,"date":"2019-11-08T12:22:19","date_gmt":"2019-11-08T12:22:19","guid":{"rendered":"http:\/\/srvr10.xetpoint.com\/~seyfi\/paakaupunkiseudun-elainsuojeluyhdistys\/?page_id=28"},"modified":"2019-11-08T12:22:21","modified_gmt":"2019-11-08T12:22:21","slug":"yhdistys","status":"publish","type":"page","link":"https:\/\/sey.fi\/paakaupunkiseudun-elainsuojeluyhdistys\/pk-esy\/yhdistys\/","title":{"rendered":"Yhdistys"},"content":{"rendered":"\n<figure class=\"wp-block-image\"><img decoding=\"async\" src=\"http:\/\/pk-esy.sey.fi\/images\/citykanit.jpg\" alt=\"\" \/><\/figure>\n\n\n\n<h1 class=\"wp-block-heading\">P\u00e4\u00e4kaupunkiseudun el\u00e4insuojeluyhdistys ry<\/h1>\n\n\n\n<p>P\u00e4\u00e4kaupunkiseudun el\u00e4insuojeluyhdistyksen (Pk-esy) tarkoitus on edist\u00e4\u00e4 luonnonvaraisten el\u00e4inten ja lemmikkiel\u00e4inten hyvinvointia toimialueellaan Helsingiss\u00e4, Espoossa, Vantaalla ja Kauniaisissa. Yhdistys on perustettu syksyll\u00e4 2004 ja kuuluu Suomen el\u00e4insuojeluyhdistysten liiton (SEY) j\u00e4senyhdistyksiin.<\/p>\n\n\n\n<p>Yhdistyksen toimintatapoihin kuuluu muun muassa el\u00e4insuojeluasioissa neuvominen ja niist\u00e4 tiedottaminen.&nbsp;Yhdistys antaa p\u00e4ivystysluonteista el\u00e4insuojeluneuvontaa puhelimitse. Yhteytt\u00e4 voi ottaa my\u00f6s s\u00e4hk\u00f6postilla.<\/p>\n\n\n\n<p>Pk-esy auttaa lemmikkiel\u00e4inten omistajia el\u00e4imen uudelleen sijoittamisessa ja kodin etsinn\u00e4ss\u00e4. Yhdistykselle vastaanotetut lemmikkiel\u00e4imet asuvat vapaaehtoisina toimivien j\u00e4senten kodeissa, kunnes niille l\u00f6ydet\u00e4\u00e4n uudet kodit.<\/p>\n\n\n\n<p>Lis\u00e4ksi yhdistys ottaa hoitoonsa luonnonvaraisia el\u00e4imi\u00e4, joiden tilap\u00e4iselle hoitamiselle on olemassa el\u00e4insuojelulliset perusteet. Hoitoa tarvitsevat villiel\u00e4imet toimitetaan luonnonvaraisten el\u00e4inten hoitolaan. Hoidon j\u00e4lkeen el\u00e4imet palautetaan takaisin luontoon.<\/p>\n\n\n\n<p>Yhdistykselle tulee kuluja muun muassa el\u00e4inl\u00e4\u00e4k\u00e4rik\u00e4ynneist\u00e4, l\u00e4\u00e4kkeist\u00e4, el\u00e4inten ruoista, kuivikkeista ja muista tarvikkeista, el\u00e4inten kuljetuksista ja p\u00e4ivystyspuhelimesta. Toimintaansa yhdistys rahoittaa j\u00e4senmaksuilla, tapahtumatuotoilla, kirpputorilla sek\u00e4 raha- ja tavaralahjoituksilla.<\/p>\n","protected":false},"excerpt":{"rendered":"<p>P\u00e4\u00e4kaupunkiseudun el\u00e4insuojeluyhdistys ry P\u00e4\u00e4kaupunkiseudun el\u00e4insuojeluyhdistyksen (Pk-esy) tarkoitus on edist\u00e4\u00e4 luonnonvaraisten el\u00e4inten ja lemmikkiel\u00e4inten hyvinvointia toimialueellaan Helsingiss\u00e4, Espoossa, Vantaalla ja Kauniaisissa. Yhdistys on perustettu syksyll\u00e4 2004 ja kuuluu Suomen el\u00e4insuojeluyhdistysten liiton (SEY) j\u00e4senyhdistyksiin. Yhdistyksen toimintatapoihin kuuluu muun muassa el\u00e4insuojeluasioissa neuvominen ja niist\u00e4 tiedottaminen.&nbsp;Yhdistys antaa p\u00e4ivystysluonteista el\u00e4insuojeluneuvontaa puhelimitse. Yhteytt\u00e4 voi ottaa my\u00f6s s\u00e4hk\u00f6postilla. Pk-esy auttaa lemmikkiel\u00e4inten omistajia [&hellip;]<\/p>\n","protected":false},"author":8,"featured_media":0,"parent":2,"menu_order":0,"comment_status":"closed","ping_status":"closed","template":"","meta":{"_acf_changed":false,"footnotes":""},"class_list":["post-28","page","type-page","status-publish","hentry"],"acf":[],"yoast_head":"<!-- This site is optimized with the Yoast SEO plugin v27.1.1 - https:\/\/yoast.com\/product\/yoast-seo-wordpress\/ -->\n<title>Yhdistys - P\u00e4\u00e4kaupunkiseudun el\u00e4insuojeluyhdistys<\/title>\n<meta name=\"robots\" content=\"index, follow, max-snippet:-1, max-image-preview:large, max-video-preview:-1\" \/>\n<link rel=\"canonical\" href=\"https:\/\/sey.fi\/paakaupunkiseudun-elainsuojeluyhdistys\/pk-esy\/yhdistys\/\" \/>\n<meta property=\"og:locale\" content=\"fi_FI\" \/>\n<meta property=\"og:type\" content=\"article\" \/>\n<meta property=\"og:title\" content=\"Yhdistys - P\u00e4\u00e4kaupunkiseudun el\u00e4insuojeluyhdistys\" \/>\n<meta property=\"og:description\" content=\"P\u00e4\u00e4kaupunkiseudun el\u00e4insuojeluyhdistys ry P\u00e4\u00e4kaupunkiseudun el\u00e4insuojeluyhdistyksen (Pk-esy) tarkoitus on edist\u00e4\u00e4 luonnonvaraisten el\u00e4inten ja lemmikkiel\u00e4inten hyvinvointia toimialueellaan Helsingiss\u00e4, Espoossa, Vantaalla ja Kauniaisissa. Yhdistys on perustettu syksyll\u00e4 2004 ja kuuluu Suomen el\u00e4insuojeluyhdistysten liiton (SEY) j\u00e4senyhdistyksiin. Yhdistyksen toimintatapoihin kuuluu muun muassa el\u00e4insuojeluasioissa neuvominen ja niist\u00e4 tiedottaminen.&nbsp;Yhdistys antaa p\u00e4ivystysluonteista el\u00e4insuojeluneuvontaa puhelimitse. Yhteytt\u00e4 voi ottaa my\u00f6s s\u00e4hk\u00f6postilla. Pk-esy auttaa lemmikkiel\u00e4inten omistajia [&hellip;]\" \/>\n<meta property=\"og:url\" content=\"https:\/\/sey.fi\/paakaupunkiseudun-elainsuojeluyhdistys\/pk-esy\/yhdistys\/\" \/>\n<meta property=\"og:site_name\" content=\"P\u00e4\u00e4kaupunkiseudun el\u00e4insuojeluyhdistys\" \/>\n<meta property=\"article:modified_time\" content=\"2019-11-08T12:22:21+00:00\" \/>\n<meta property=\"og:image\" content=\"http:\/\/pk-esy.sey.fi\/images\/citykanit.jpg\" \/>\n<meta name=\"twitter:card\" content=\"summary_large_image\" \/>\n<meta name=\"twitter:label1\" content=\"Arvioitu lukuaika\" \/>\n\t<meta name=\"twitter:data1\" content=\"1 minuutti\" \/>\n<script type=\"application\/ld+json\" class=\"yoast-schema-graph\">{\"@context\":\"https:\/\/schema.org\",\"@graph\":[{\"@type\":\"WebPage\",\"@id\":\"https:\/\/sey.fi\/paakaupunkiseudun-elainsuojeluyhdistys\/pk-esy\/yhdistys\/\",\"url\":\"https:\/\/sey.fi\/paakaupunkiseudun-elainsuojeluyhdistys\/pk-esy\/yhdistys\/\",\"name\":\"Yhdistys - P\u00e4\u00e4kaupunkiseudun el\u00e4insuojeluyhdistys\",\"isPartOf\":{\"@id\":\"https:\/\/sey.fi\/paakaupunkiseudun-elainsuojeluyhdistys\/#website\"},\"primaryImageOfPage\":{\"@id\":\"https:\/\/sey.fi\/paakaupunkiseudun-elainsuojeluyhdistys\/pk-esy\/yhdistys\/#primaryimage\"},\"image\":{\"@id\":\"https:\/\/sey.fi\/paakaupunkiseudun-elainsuojeluyhdistys\/pk-esy\/yhdistys\/#primaryimage\"},\"thumbnailUrl\":\"http:\/\/pk-esy.sey.fi\/images\/citykanit.jpg\",\"datePublished\":\"2019-11-08T12:22:19+00:00\",\"dateModified\":\"2019-11-08T12:22:21+00:00\",\"breadcrumb\":{\"@id\":\"https:\/\/sey.fi\/paakaupunkiseudun-elainsuojeluyhdistys\/pk-esy\/yhdistys\/#breadcrumb\"},\"inLanguage\":\"fi\",\"potentialAction\":[{\"@type\":\"ReadAction\",\"target\":[\"https:\/\/sey.fi\/paakaupunkiseudun-elainsuojeluyhdistys\/pk-esy\/yhdistys\/\"]}]},{\"@type\":\"ImageObject\",\"inLanguage\":\"fi\",\"@id\":\"https:\/\/sey.fi\/paakaupunkiseudun-elainsuojeluyhdistys\/pk-esy\/yhdistys\/#primaryimage\",\"url\":\"http:\/\/pk-esy.sey.fi\/images\/citykanit.jpg\",\"contentUrl\":\"http:\/\/pk-esy.sey.fi\/images\/citykanit.jpg\"},{\"@type\":\"BreadcrumbList\",\"@id\":\"https:\/\/sey.fi\/paakaupunkiseudun-elainsuojeluyhdistys\/pk-esy\/yhdistys\/#breadcrumb\",\"itemListElement\":[{\"@type\":\"ListItem\",\"position\":1,\"name\":\"Home\",\"item\":\"https:\/\/sey.fi\/paakaupunkiseudun-elainsuojeluyhdistys\/\"},{\"@type\":\"ListItem\",\"position\":2,\"name\":\"P\u00e4\u00e4kaupunkiseudun el\u00e4insuojeluyhdistys\",\"item\":\"https:\/\/sey.fi\/paakaupunkiseudun-elainsuojeluyhdistys\/\"},{\"@type\":\"ListItem\",\"position\":3,\"name\":\"Yhdistys\"}]},{\"@type\":\"WebSite\",\"@id\":\"https:\/\/sey.fi\/paakaupunkiseudun-elainsuojeluyhdistys\/#website\",\"url\":\"https:\/\/sey.fi\/paakaupunkiseudun-elainsuojeluyhdistys\/\",\"name\":\"P\u00e4\u00e4kaupunkiseudun el\u00e4insuojeluyhdistys\",\"description\":\"Just another SEY J\u00e4senyhdistykset site\",\"potentialAction\":[{\"@type\":\"SearchAction\",\"target\":{\"@type\":\"EntryPoint\",\"urlTemplate\":\"https:\/\/sey.fi\/paakaupunkiseudun-elainsuojeluyhdistys\/?s={search_term_string}\"},\"query-input\":{\"@type\":\"PropertyValueSpecification\",\"valueRequired\":true,\"valueName\":\"search_term_string\"}}],\"inLanguage\":\"fi\"}]}<\/script>\n<!-- \/ Yoast SEO plugin. -->","yoast_head_json":{"title":"Yhdistys - P\u00e4\u00e4kaupunkiseudun el\u00e4insuojeluyhdistys","robots":{"index":"index","follow":"follow","max-snippet":"max-snippet:-1","max-image-preview":"max-image-preview:large","max-video-preview":"max-video-preview:-1"},"canonical":"https:\/\/sey.fi\/paakaupunkiseudun-elainsuojeluyhdistys\/pk-esy\/yhdistys\/","og_locale":"fi_FI","og_type":"article","og_title":"Yhdistys - P\u00e4\u00e4kaupunkiseudun el\u00e4insuojeluyhdistys","og_description":"P\u00e4\u00e4kaupunkiseudun el\u00e4insuojeluyhdistys ry P\u00e4\u00e4kaupunkiseudun el\u00e4insuojeluyhdistyksen (Pk-esy) tarkoitus on edist\u00e4\u00e4 luonnonvaraisten el\u00e4inten ja lemmikkiel\u00e4inten hyvinvointia toimialueellaan Helsingiss\u00e4, Espoossa, Vantaalla ja Kauniaisissa. Yhdistys on perustettu syksyll\u00e4 2004 ja kuuluu Suomen el\u00e4insuojeluyhdistysten liiton (SEY) j\u00e4senyhdistyksiin. Yhdistyksen toimintatapoihin kuuluu muun muassa el\u00e4insuojeluasioissa neuvominen ja niist\u00e4 tiedottaminen.&nbsp;Yhdistys antaa p\u00e4ivystysluonteista el\u00e4insuojeluneuvontaa puhelimitse. Yhteytt\u00e4 voi ottaa my\u00f6s s\u00e4hk\u00f6postilla. Pk-esy auttaa lemmikkiel\u00e4inten omistajia [&hellip;]","og_url":"https:\/\/sey.fi\/paakaupunkiseudun-elainsuojeluyhdistys\/pk-esy\/yhdistys\/","og_site_name":"P\u00e4\u00e4kaupunkiseudun el\u00e4insuojeluyhdistys","article_modified_time":"2019-11-08T12:22:21+00:00","og_image":[{"url":"http:\/\/pk-esy.sey.fi\/images\/citykanit.jpg","type":"","width":"","height":""}],"twitter_card":"summary_large_image","twitter_misc":{"Arvioitu lukuaika":"1 minuutti"},"schema":{"@context":"https:\/\/schema.org","@graph":[{"@type":"WebPage","@id":"https:\/\/sey.fi\/paakaupunkiseudun-elainsuojeluyhdistys\/pk-esy\/yhdistys\/","url":"https:\/\/sey.fi\/paakaupunkiseudun-elainsuojeluyhdistys\/pk-esy\/yhdistys\/","name":"Yhdistys - P\u00e4\u00e4kaupunkiseudun el\u00e4insuojeluyhdistys","isPartOf":{"@id":"https:\/\/sey.fi\/paakaupunkiseudun-elainsuojeluyhdistys\/#website"},"primaryImageOfPage":{"@id":"https:\/\/sey.fi\/paakaupunkiseudun-elainsuojeluyhdistys\/pk-esy\/yhdistys\/#primaryimage"},"image":{"@id":"https:\/\/sey.fi\/paakaupunkiseudun-elainsuojeluyhdistys\/pk-esy\/yhdistys\/#primaryimage"},"thumbnailUrl":"http:\/\/pk-esy.sey.fi\/images\/citykanit.jpg","datePublished":"2019-11-08T12:22:19+00:00","dateModified":"2019-11-08T12:22:21+00:00","breadcrumb":{"@id":"https:\/\/sey.fi\/paakaupunkiseudun-elainsuojeluyhdistys\/pk-esy\/yhdistys\/#breadcrumb"},"inLanguage":"fi","potentialAction":[{"@type":"ReadAction","target":["https:\/\/sey.fi\/paakaupunkiseudun-elainsuojeluyhdistys\/pk-esy\/yhdistys\/"]}]},{"@type":"ImageObject","inLanguage":"fi","@id":"https:\/\/sey.fi\/paakaupunkiseudun-elainsuojeluyhdistys\/pk-esy\/yhdistys\/#primaryimage","url":"http:\/\/pk-esy.sey.fi\/images\/citykanit.jpg","contentUrl":"http:\/\/pk-esy.sey.fi\/images\/citykanit.jpg"},{"@type":"BreadcrumbList","@id":"https:\/\/sey.fi\/paakaupunkiseudun-elainsuojeluyhdistys\/pk-esy\/yhdistys\/#breadcrumb","itemListElement":[{"@type":"ListItem","position":1,"name":"Home","item":"https:\/\/sey.fi\/paakaupunkiseudun-elainsuojeluyhdistys\/"},{"@type":"ListItem","position":2,"name":"P\u00e4\u00e4kaupunkiseudun el\u00e4insuojeluyhdistys","item":"https:\/\/sey.fi\/paakaupunkiseudun-elainsuojeluyhdistys\/"},{"@type":"ListItem","position":3,"name":"Yhdistys"}]},{"@type":"WebSite","@id":"https:\/\/sey.fi\/paakaupunkiseudun-elainsuojeluyhdistys\/#website","url":"https:\/\/sey.fi\/paakaupunkiseudun-elainsuojeluyhdistys\/","name":"P\u00e4\u00e4kaupunkiseudun el\u00e4insuojeluyhdistys","description":"Just another SEY J\u00e4senyhdistykset site","potentialAction":[{"@type":"SearchAction","target":{"@type":"EntryPoint","urlTemplate":"https:\/\/sey.fi\/paakaupunkiseudun-elainsuojeluyhdistys\/?s={search_term_string}"},"query-input":{"@type":"PropertyValueSpecification","valueRequired":true,"valueName":"search_term_string"}}],"inLanguage":"fi"}]}},"_links":{"self":[{"href":"https:\/\/sey.fi\/paakaupunkiseudun-elainsuojeluyhdistys\/wp-json\/wp\/v2\/pages\/28","targetHints":{"allow":["GET"]}}],"collection":[{"href":"https:\/\/sey.fi\/paakaupunkiseudun-elainsuojeluyhdistys\/wp-json\/wp\/v2\/pages"}],"about":[{"href":"https:\/\/sey.fi\/paakaupunkiseudun-elainsuojeluyhdistys\/wp-json\/wp\/v2\/types\/page"}],"author":[{"embeddable":true,"href":"https:\/\/sey.fi\/paakaupunkiseudun-elainsuojeluyhdistys\/wp-json\/wp\/v2\/users\/8"}],"replies":[{"embeddable":true,"href":"https:\/\/sey.fi\/paakaupunkiseudun-elainsuojeluyhdistys\/wp-json\/wp\/v2\/comments?post=28"}],"version-history":[{"count":1,"href":"https:\/\/sey.fi\/paakaupunkiseudun-elainsuojeluyhdistys\/wp-json\/wp\/v2\/pages\/28\/revisions"}],"predecessor-version":[{"id":29,"href":"https:\/\/sey.fi\/paakaupunkiseudun-elainsuojeluyhdistys\/wp-json\/wp\/v2\/pages\/28\/revisions\/29"}],"up":[{"embeddable":true,"href":"https:\/\/sey.fi\/paakaupunkiseudun-elainsuojeluyhdistys\/wp-json\/wp\/v2\/pages\/2"}],"wp:attachment":[{"href":"https:\/\/sey.fi\/paakaupunkiseudun-elainsuojeluyhdistys\/wp-json\/wp\/v2\/media?parent=28"}],"curies":[{"name":"wp","href":"https:\/\/api.w.org\/{rel}","templated":true}]}}