{"id":40,"date":"2019-11-08T12:25:52","date_gmt":"2019-11-08T12:25:52","guid":{"rendered":"http:\/\/srvr10.xetpoint.com\/~seyfi\/paakaupunkiseudun-elainsuojeluyhdistys\/?page_id=40"},"modified":"2019-11-08T12:25:53","modified_gmt":"2019-11-08T12:25:53","slug":"luonnonvaraiset-elaimet","status":"publish","type":"page","link":"https:\/\/sey.fi\/paakaupunkiseudun-elainsuojeluyhdistys\/pk-esy\/elainsuojelu\/luonnonvaraiset-elaimet\/","title":{"rendered":"Luonnonvaraiset el\u00e4imet"},"content":{"rendered":"\n<figure class=\"wp-block-image\"><img decoding=\"async\" src=\"http:\/\/pk-esy.sey.fi\/images\/lintu_marjukka_parviainen.jpg\" alt=\"\" \/><\/figure>\n\n\n\n<p>Rakentamisen ja liikenteen lis\u00e4\u00e4ntymisen johdosta ihmiset ja luonnonvaraiset el\u00e4imet kohtaavat yh\u00e4 useammin. Ihmisten asuinalueet ovat vallanneet el\u00e4inten asuttamia alueita, jolloin el\u00e4imi\u00e4 saattaa liikkua hyvinkin l\u00e4hell\u00e4 ihmist\u00e4. Ihminen siet\u00e4\u00e4 usein luonnonel\u00e4inten l\u00e4hell\u00e4 olon siihen asti, kunnes h\u00e4nelle koituu el\u00e4imist\u00e4 harmia; jopa pengotusta roska-astiasta el\u00e4in voi joutua maksamaan hengell\u00e4\u00e4n.<\/p>\n\n\n\n<p>Ihmisen tilanpuutteen takia el\u00e4imet joutuvat enemm\u00e4n ja enemm\u00e4n ahdinkoon. Meid\u00e4n olisi hyv\u00e4 katsoa peiliin ja pyrki\u00e4 auttamaan luonnonvaraisia el\u00e4imi\u00e4 el\u00e4m\u00e4\u00e4n ihmisen rinnalla. Jokainen ihminen voi vaikuttaa omalla panostuksellaan Suomen luonnonvaraisten el\u00e4inten olojen parantamiseksi (ks. esim.Ymp\u00e4rist\u00f6 ja el\u00e4in).<\/p>\n\n\n\n<p>Ilmaston muutoksesta johtuvan luonnon tasapainon j\u00e4rkkymisen vuoksi useimmat villiel\u00e4imet ovat kovilla. On kohtuutonta, jos ihminen viel\u00e4 entisest\u00e4\u00e4n vaikeuttaa el\u00e4inten el\u00e4m\u00e4\u00e4 sek\u00e4 selviytymist\u00e4 ankarissa oloissa.<\/p>\n\n\n\n<p>Unohdamme, ett\u00e4 luonnonvaraisista el\u00e4imist\u00e4 on my\u00f6s meille ihmisille paljonkin hy\u00f6ty\u00e4. Varislinnut hoitavat j\u00e4tteiden ja raatojen k\u00e4sittelyn tehokkaasti. Siilit puolestaan popsivat pensaiden etanat ja muut tuhohy\u00f6nteiset. P\u00f6rri\u00e4iset \u2013 mehil\u00e4iset, ampiaiset ym. &#8211; mahdollistavat kukkapenkkiemme ja omenapuidemme kukkaloiston. Pikkulinnut auttavat taistelemaan hyttysparvia vastaan. Lista on loputon. Jokaista el\u00e4inlajia tarvitaan ekologisen tasapainon s\u00e4ilytt\u00e4miseksi.<\/p>\n\n\n\n<p>Sivistyst\u00e4mme mitataan sill\u00e4, miten kohtelemme lapsia, vanhuksia ja vammaisia. Sivistyksest\u00e4 kertoo my\u00f6s se, miten el\u00e4imi\u00e4 maassamme kohdellaan. Valtio, joka huolehtii el\u00e4inten hyvinvoinnista, kasvattaa asenteita muidenkin huolta tarvitsevien kuin el\u00e4inten eduksi. Kun pyrimme kunnioittamaan luonnonvaraisten el\u00e4inten olemassaoloa, voimme paitsi olla hyv\u00e4n\u00e4 esimerkkin\u00e4 kansainv\u00e4lisesti, my\u00f6s iloita ainutlaatuisesta, monimuotoisesta luonnosta ymp\u00e4rill\u00e4mme.<\/p>\n","protected":false},"excerpt":{"rendered":"<p>Rakentamisen ja liikenteen lis\u00e4\u00e4ntymisen johdosta ihmiset ja luonnonvaraiset el\u00e4imet kohtaavat yh\u00e4 useammin. Ihmisten asuinalueet ovat vallanneet el\u00e4inten asuttamia alueita, jolloin el\u00e4imi\u00e4 saattaa liikkua hyvinkin l\u00e4hell\u00e4 ihmist\u00e4. Ihminen siet\u00e4\u00e4 usein luonnonel\u00e4inten l\u00e4hell\u00e4 olon siihen asti, kunnes h\u00e4nelle koituu el\u00e4imist\u00e4 harmia; jopa pengotusta roska-astiasta el\u00e4in voi joutua maksamaan hengell\u00e4\u00e4n. Ihmisen tilanpuutteen takia el\u00e4imet joutuvat enemm\u00e4n ja enemm\u00e4n [&hellip;]<\/p>\n","protected":false},"author":8,"featured_media":0,"parent":34,"menu_order":0,"comment_status":"closed","ping_status":"closed","template":"","meta":{"_acf_changed":false,"footnotes":""},"class_list":["post-40","page","type-page","status-publish","hentry"],"acf":[],"yoast_head":"<!-- This site is optimized with the Yoast SEO plugin v27.1.1 - https:\/\/yoast.com\/product\/yoast-seo-wordpress\/ -->\n<title>Luonnonvaraiset el\u00e4imet - P\u00e4\u00e4kaupunkiseudun el\u00e4insuojeluyhdistys<\/title>\n<meta name=\"robots\" content=\"index, follow, max-snippet:-1, max-image-preview:large, max-video-preview:-1\" \/>\n<link rel=\"canonical\" href=\"https:\/\/sey.fi\/paakaupunkiseudun-elainsuojeluyhdistys\/pk-esy\/elainsuojelu\/luonnonvaraiset-elaimet\/\" \/>\n<meta property=\"og:locale\" content=\"fi_FI\" \/>\n<meta property=\"og:type\" content=\"article\" \/>\n<meta property=\"og:title\" content=\"Luonnonvaraiset el\u00e4imet - P\u00e4\u00e4kaupunkiseudun el\u00e4insuojeluyhdistys\" \/>\n<meta property=\"og:description\" content=\"Rakentamisen ja liikenteen lis\u00e4\u00e4ntymisen johdosta ihmiset ja luonnonvaraiset el\u00e4imet kohtaavat yh\u00e4 useammin. Ihmisten asuinalueet ovat vallanneet el\u00e4inten asuttamia alueita, jolloin el\u00e4imi\u00e4 saattaa liikkua hyvinkin l\u00e4hell\u00e4 ihmist\u00e4. Ihminen siet\u00e4\u00e4 usein luonnonel\u00e4inten l\u00e4hell\u00e4 olon siihen asti, kunnes h\u00e4nelle koituu el\u00e4imist\u00e4 harmia; jopa pengotusta roska-astiasta el\u00e4in voi joutua maksamaan hengell\u00e4\u00e4n. Ihmisen tilanpuutteen takia el\u00e4imet joutuvat enemm\u00e4n ja enemm\u00e4n [&hellip;]\" \/>\n<meta property=\"og:url\" content=\"https:\/\/sey.fi\/paakaupunkiseudun-elainsuojeluyhdistys\/pk-esy\/elainsuojelu\/luonnonvaraiset-elaimet\/\" \/>\n<meta property=\"og:site_name\" content=\"P\u00e4\u00e4kaupunkiseudun el\u00e4insuojeluyhdistys\" \/>\n<meta property=\"article:modified_time\" content=\"2019-11-08T12:25:53+00:00\" \/>\n<meta property=\"og:image\" content=\"http:\/\/pk-esy.sey.fi\/images\/lintu_marjukka_parviainen.jpg\" \/>\n<meta name=\"twitter:card\" content=\"summary_large_image\" \/>\n<meta name=\"twitter:label1\" content=\"Arvioitu lukuaika\" \/>\n\t<meta name=\"twitter:data1\" content=\"1 minuutti\" \/>\n<script type=\"application\/ld+json\" class=\"yoast-schema-graph\">{\"@context\":\"https:\/\/schema.org\",\"@graph\":[{\"@type\":\"WebPage\",\"@id\":\"https:\/\/sey.fi\/paakaupunkiseudun-elainsuojeluyhdistys\/pk-esy\/elainsuojelu\/luonnonvaraiset-elaimet\/\",\"url\":\"https:\/\/sey.fi\/paakaupunkiseudun-elainsuojeluyhdistys\/pk-esy\/elainsuojelu\/luonnonvaraiset-elaimet\/\",\"name\":\"Luonnonvaraiset el\u00e4imet - P\u00e4\u00e4kaupunkiseudun el\u00e4insuojeluyhdistys\",\"isPartOf\":{\"@id\":\"https:\/\/sey.fi\/paakaupunkiseudun-elainsuojeluyhdistys\/#website\"},\"primaryImageOfPage\":{\"@id\":\"https:\/\/sey.fi\/paakaupunkiseudun-elainsuojeluyhdistys\/pk-esy\/elainsuojelu\/luonnonvaraiset-elaimet\/#primaryimage\"},\"image\":{\"@id\":\"https:\/\/sey.fi\/paakaupunkiseudun-elainsuojeluyhdistys\/pk-esy\/elainsuojelu\/luonnonvaraiset-elaimet\/#primaryimage\"},\"thumbnailUrl\":\"http:\/\/pk-esy.sey.fi\/images\/lintu_marjukka_parviainen.jpg\",\"datePublished\":\"2019-11-08T12:25:52+00:00\",\"dateModified\":\"2019-11-08T12:25:53+00:00\",\"breadcrumb\":{\"@id\":\"https:\/\/sey.fi\/paakaupunkiseudun-elainsuojeluyhdistys\/pk-esy\/elainsuojelu\/luonnonvaraiset-elaimet\/#breadcrumb\"},\"inLanguage\":\"fi\",\"potentialAction\":[{\"@type\":\"ReadAction\",\"target\":[\"https:\/\/sey.fi\/paakaupunkiseudun-elainsuojeluyhdistys\/pk-esy\/elainsuojelu\/luonnonvaraiset-elaimet\/\"]}]},{\"@type\":\"ImageObject\",\"inLanguage\":\"fi\",\"@id\":\"https:\/\/sey.fi\/paakaupunkiseudun-elainsuojeluyhdistys\/pk-esy\/elainsuojelu\/luonnonvaraiset-elaimet\/#primaryimage\",\"url\":\"http:\/\/pk-esy.sey.fi\/images\/lintu_marjukka_parviainen.jpg\",\"contentUrl\":\"http:\/\/pk-esy.sey.fi\/images\/lintu_marjukka_parviainen.jpg\"},{\"@type\":\"BreadcrumbList\",\"@id\":\"https:\/\/sey.fi\/paakaupunkiseudun-elainsuojeluyhdistys\/pk-esy\/elainsuojelu\/luonnonvaraiset-elaimet\/#breadcrumb\",\"itemListElement\":[{\"@type\":\"ListItem\",\"position\":1,\"name\":\"Home\",\"item\":\"https:\/\/sey.fi\/paakaupunkiseudun-elainsuojeluyhdistys\/\"},{\"@type\":\"ListItem\",\"position\":2,\"name\":\"P\u00e4\u00e4kaupunkiseudun el\u00e4insuojeluyhdistys\",\"item\":\"https:\/\/sey.fi\/paakaupunkiseudun-elainsuojeluyhdistys\/\"},{\"@type\":\"ListItem\",\"position\":3,\"name\":\"El\u00e4insuojelu\",\"item\":\"https:\/\/sey.fi\/paakaupunkiseudun-elainsuojeluyhdistys\/pk-esy\/elainsuojelu\/\"},{\"@type\":\"ListItem\",\"position\":4,\"name\":\"Luonnonvaraiset el\u00e4imet\"}]},{\"@type\":\"WebSite\",\"@id\":\"https:\/\/sey.fi\/paakaupunkiseudun-elainsuojeluyhdistys\/#website\",\"url\":\"https:\/\/sey.fi\/paakaupunkiseudun-elainsuojeluyhdistys\/\",\"name\":\"P\u00e4\u00e4kaupunkiseudun el\u00e4insuojeluyhdistys\",\"description\":\"Just another SEY J\u00e4senyhdistykset site\",\"potentialAction\":[{\"@type\":\"SearchAction\",\"target\":{\"@type\":\"EntryPoint\",\"urlTemplate\":\"https:\/\/sey.fi\/paakaupunkiseudun-elainsuojeluyhdistys\/?s={search_term_string}\"},\"query-input\":{\"@type\":\"PropertyValueSpecification\",\"valueRequired\":true,\"valueName\":\"search_term_string\"}}],\"inLanguage\":\"fi\"}]}<\/script>\n<!-- \/ Yoast SEO plugin. -->","yoast_head_json":{"title":"Luonnonvaraiset el\u00e4imet - P\u00e4\u00e4kaupunkiseudun el\u00e4insuojeluyhdistys","robots":{"index":"index","follow":"follow","max-snippet":"max-snippet:-1","max-image-preview":"max-image-preview:large","max-video-preview":"max-video-preview:-1"},"canonical":"https:\/\/sey.fi\/paakaupunkiseudun-elainsuojeluyhdistys\/pk-esy\/elainsuojelu\/luonnonvaraiset-elaimet\/","og_locale":"fi_FI","og_type":"article","og_title":"Luonnonvaraiset el\u00e4imet - P\u00e4\u00e4kaupunkiseudun el\u00e4insuojeluyhdistys","og_description":"Rakentamisen ja liikenteen lis\u00e4\u00e4ntymisen johdosta ihmiset ja luonnonvaraiset el\u00e4imet kohtaavat yh\u00e4 useammin. Ihmisten asuinalueet ovat vallanneet el\u00e4inten asuttamia alueita, jolloin el\u00e4imi\u00e4 saattaa liikkua hyvinkin l\u00e4hell\u00e4 ihmist\u00e4. Ihminen siet\u00e4\u00e4 usein luonnonel\u00e4inten l\u00e4hell\u00e4 olon siihen asti, kunnes h\u00e4nelle koituu el\u00e4imist\u00e4 harmia; jopa pengotusta roska-astiasta el\u00e4in voi joutua maksamaan hengell\u00e4\u00e4n. Ihmisen tilanpuutteen takia el\u00e4imet joutuvat enemm\u00e4n ja enemm\u00e4n [&hellip;]","og_url":"https:\/\/sey.fi\/paakaupunkiseudun-elainsuojeluyhdistys\/pk-esy\/elainsuojelu\/luonnonvaraiset-elaimet\/","og_site_name":"P\u00e4\u00e4kaupunkiseudun el\u00e4insuojeluyhdistys","article_modified_time":"2019-11-08T12:25:53+00:00","og_image":[{"url":"http:\/\/pk-esy.sey.fi\/images\/lintu_marjukka_parviainen.jpg","type":"","width":"","height":""}],"twitter_card":"summary_large_image","twitter_misc":{"Arvioitu lukuaika":"1 minuutti"},"schema":{"@context":"https:\/\/schema.org","@graph":[{"@type":"WebPage","@id":"https:\/\/sey.fi\/paakaupunkiseudun-elainsuojeluyhdistys\/pk-esy\/elainsuojelu\/luonnonvaraiset-elaimet\/","url":"https:\/\/sey.fi\/paakaupunkiseudun-elainsuojeluyhdistys\/pk-esy\/elainsuojelu\/luonnonvaraiset-elaimet\/","name":"Luonnonvaraiset el\u00e4imet - P\u00e4\u00e4kaupunkiseudun el\u00e4insuojeluyhdistys","isPartOf":{"@id":"https:\/\/sey.fi\/paakaupunkiseudun-elainsuojeluyhdistys\/#website"},"primaryImageOfPage":{"@id":"https:\/\/sey.fi\/paakaupunkiseudun-elainsuojeluyhdistys\/pk-esy\/elainsuojelu\/luonnonvaraiset-elaimet\/#primaryimage"},"image":{"@id":"https:\/\/sey.fi\/paakaupunkiseudun-elainsuojeluyhdistys\/pk-esy\/elainsuojelu\/luonnonvaraiset-elaimet\/#primaryimage"},"thumbnailUrl":"http:\/\/pk-esy.sey.fi\/images\/lintu_marjukka_parviainen.jpg","datePublished":"2019-11-08T12:25:52+00:00","dateModified":"2019-11-08T12:25:53+00:00","breadcrumb":{"@id":"https:\/\/sey.fi\/paakaupunkiseudun-elainsuojeluyhdistys\/pk-esy\/elainsuojelu\/luonnonvaraiset-elaimet\/#breadcrumb"},"inLanguage":"fi","potentialAction":[{"@type":"ReadAction","target":["https:\/\/sey.fi\/paakaupunkiseudun-elainsuojeluyhdistys\/pk-esy\/elainsuojelu\/luonnonvaraiset-elaimet\/"]}]},{"@type":"ImageObject","inLanguage":"fi","@id":"https:\/\/sey.fi\/paakaupunkiseudun-elainsuojeluyhdistys\/pk-esy\/elainsuojelu\/luonnonvaraiset-elaimet\/#primaryimage","url":"http:\/\/pk-esy.sey.fi\/images\/lintu_marjukka_parviainen.jpg","contentUrl":"http:\/\/pk-esy.sey.fi\/images\/lintu_marjukka_parviainen.jpg"},{"@type":"BreadcrumbList","@id":"https:\/\/sey.fi\/paakaupunkiseudun-elainsuojeluyhdistys\/pk-esy\/elainsuojelu\/luonnonvaraiset-elaimet\/#breadcrumb","itemListElement":[{"@type":"ListItem","position":1,"name":"Home","item":"https:\/\/sey.fi\/paakaupunkiseudun-elainsuojeluyhdistys\/"},{"@type":"ListItem","position":2,"name":"P\u00e4\u00e4kaupunkiseudun el\u00e4insuojeluyhdistys","item":"https:\/\/sey.fi\/paakaupunkiseudun-elainsuojeluyhdistys\/"},{"@type":"ListItem","position":3,"name":"El\u00e4insuojelu","item":"https:\/\/sey.fi\/paakaupunkiseudun-elainsuojeluyhdistys\/pk-esy\/elainsuojelu\/"},{"@type":"ListItem","position":4,"name":"Luonnonvaraiset el\u00e4imet"}]},{"@type":"WebSite","@id":"https:\/\/sey.fi\/paakaupunkiseudun-elainsuojeluyhdistys\/#website","url":"https:\/\/sey.fi\/paakaupunkiseudun-elainsuojeluyhdistys\/","name":"P\u00e4\u00e4kaupunkiseudun el\u00e4insuojeluyhdistys","description":"Just another SEY J\u00e4senyhdistykset site","potentialAction":[{"@type":"SearchAction","target":{"@type":"EntryPoint","urlTemplate":"https:\/\/sey.fi\/paakaupunkiseudun-elainsuojeluyhdistys\/?s={search_term_string}"},"query-input":{"@type":"PropertyValueSpecification","valueRequired":true,"valueName":"search_term_string"}}],"inLanguage":"fi"}]}},"_links":{"self":[{"href":"https:\/\/sey.fi\/paakaupunkiseudun-elainsuojeluyhdistys\/wp-json\/wp\/v2\/pages\/40","targetHints":{"allow":["GET"]}}],"collection":[{"href":"https:\/\/sey.fi\/paakaupunkiseudun-elainsuojeluyhdistys\/wp-json\/wp\/v2\/pages"}],"about":[{"href":"https:\/\/sey.fi\/paakaupunkiseudun-elainsuojeluyhdistys\/wp-json\/wp\/v2\/types\/page"}],"author":[{"embeddable":true,"href":"https:\/\/sey.fi\/paakaupunkiseudun-elainsuojeluyhdistys\/wp-json\/wp\/v2\/users\/8"}],"replies":[{"embeddable":true,"href":"https:\/\/sey.fi\/paakaupunkiseudun-elainsuojeluyhdistys\/wp-json\/wp\/v2\/comments?post=40"}],"version-history":[{"count":1,"href":"https:\/\/sey.fi\/paakaupunkiseudun-elainsuojeluyhdistys\/wp-json\/wp\/v2\/pages\/40\/revisions"}],"predecessor-version":[{"id":41,"href":"https:\/\/sey.fi\/paakaupunkiseudun-elainsuojeluyhdistys\/wp-json\/wp\/v2\/pages\/40\/revisions\/41"}],"up":[{"embeddable":true,"href":"https:\/\/sey.fi\/paakaupunkiseudun-elainsuojeluyhdistys\/wp-json\/wp\/v2\/pages\/34"}],"wp:attachment":[{"href":"https:\/\/sey.fi\/paakaupunkiseudun-elainsuojeluyhdistys\/wp-json\/wp\/v2\/media?parent=40"}],"curies":[{"name":"wp","href":"https:\/\/api.w.org\/{rel}","templated":true}]}}