{"id":50,"date":"2019-11-08T12:30:02","date_gmt":"2019-11-08T12:30:02","guid":{"rendered":"http:\/\/srvr10.xetpoint.com\/~seyfi\/paakaupunkiseudun-elainsuojeluyhdistys\/?page_id=50"},"modified":"2019-11-08T12:30:04","modified_gmt":"2019-11-08T12:30:04","slug":"elainkolarit","status":"publish","type":"page","link":"https:\/\/sey.fi\/paakaupunkiseudun-elainsuojeluyhdistys\/pk-esy\/elainsuojelu\/elainkolarit\/","title":{"rendered":"El\u00e4inkolarit"},"content":{"rendered":"\n<h2 class=\"wp-block-heading\">Kolariin el\u00e4imen kanssa on varauduttava<\/h2>\n\n\n\n<p>Liikenteess\u00e4 loukkaantuneiden el\u00e4inten heitteillej\u00e4tt\u00f6 on vakava ongelma. Oma moraali ratkaisee t\u00e4ss\u00e4 asiassa. Ik\u00e4v\u00e4\u00e4n tilanteeseen jo etuk\u00e4teen varautumalla osaa toimia j\u00e4rkev\u00e4sti ja rauhallisesti. Laki m\u00e4\u00e4r\u00e4\u00e4, ett\u00e4 loukkaantunutta el\u00e4int\u00e4 on autettava. Avun tarpeessa olevan el\u00e4imen heitteillej\u00e4tt\u00f6 on rikos.<\/p>\n\n\n\n<p><strong>Autoilijan ohjeet el\u00e4inkolarin sattuessa<\/strong><\/p>\n\n\n\n<p>1. Pys\u00e4yt\u00e4 autosi, mutta varo muita autoja. Loukkaantunutta el\u00e4int\u00e4 on autettava, sanoo jo lakikin (ELS 14 \u00a7). Kuolleelta n\u00e4ytt\u00e4v\u00e4 el\u00e4in voi olla halvautunut tai liikuntakyvytt\u00f6m\u00e4ksi ruhjoutunut. Jos et auta sit\u00e4, se voi joutua odottamaan kuolemaa jopa useita p\u00e4ivi\u00e4.<br>2. L\u00e4hesty el\u00e4int\u00e4 rauhallisesti, v\u00e4lt\u00e4 \u00e4\u00e4nekkyytt\u00e4 ja \u00e4kkin\u00e4isi\u00e4 liikkeit\u00e4. Varaudu siihen, ett\u00e4 el\u00e4in voi puolustautua tai paeta vammautuneena, kun sit\u00e4 kosketaan.<br>3. Loukkaantunut el\u00e4in on p\u00e4\u00e4stett\u00e4v\u00e4 k\u00e4rsimyksist\u00e4\u00e4n tai toimitettava hoitoon. J\u00e4t\u00e4 hoitotoimenpiteet asiantuntijoille. El\u00e4imen hoitaminen vaatii osaamista.<br>4. Jos olet neuvoton, pys\u00e4yt\u00e4 ohiajava auto tai pyyd\u00e4 apua l\u00e4himm\u00e4st\u00e4 talosta.<br>5. Muista, ett\u00e4 el\u00e4imen heitteillej\u00e4tt\u00f6 on rikos.<\/p>\n\n\n\n<p>JOS EL\u00c4IN ON ISO<\/p>\n\n\n\n<p>1. Soita h\u00e4t\u00e4numeroon ja pyyd\u00e4 paikalle poliisi.<br>2. Loukkaantuneena pakenevaa el\u00e4int\u00e4 ei pid\u00e4 seurata. Se asettuu aloilleen l\u00e4hist\u00f6lle, ja se l\u00f6ydet\u00e4\u00e4n my\u00f6hemmin j\u00e4lkikoiran avulla.<br>3. \u00c4l\u00e4 yrit\u00e4 lopettaa isoa el\u00e4int\u00e4 lapiolla tai muulla ty\u00f6kalulla. Iso el\u00e4in on lopetettava ampumalla. Jos poliisi ei p\u00e4\u00e4se paikalle, kysy apua l\u00e4himm\u00e4st\u00e4 talosta.<\/p>\n\n\n\n<p>JOS EL\u00c4IN ON PIENI<\/p>\n\n\n\n<p>1. Lopeta pahasti vammautuneen el\u00e4imen k\u00e4rsimykset. K\u00e4yt\u00e4 kookasta kive\u00e4, vankkaa pulttiavainta, tunkkia tai tukevaa kalikkaa. Kohdista voimakas isku el\u00e4imen kallon leveimp\u00e4\u00e4n kohtaan. Varmista, ett\u00e4 el\u00e4in on kuollut.<br>2. Loukkaantunut kissa ja koira pit\u00e4\u00e4 toimittaa el\u00e4inl\u00e4\u00e4k\u00e4rin hoitoon. Kissasta ja koirasta pit\u00e4\u00e4 aina ilmoittaa poliisille.<br>3. Liev\u00e4sti loukkaantuneen luonnonvaraisen el\u00e4imen voi toimittaa hoitoon l\u00e4himp\u00e4\u00e4n el\u00e4inpuistoon, Pyht\u00e4\u00e4n lintutaloon tai joihinkin paikallisiin el\u00e4insuojeluyhdistyksiin. Kysy puhelinnumeroa poliisilta. Pakkaa el\u00e4in ilmavasti vahvaan pahvilaatikkoon. Muista kuitenkin, ett\u00e4 kuljetus voi joskus olla vain el\u00e4imen k\u00e4rsimysten pitkitt\u00e4mist\u00e4.<br>4. Kuollut el\u00e4in tulee siirt\u00e4\u00e4 tielt\u00e4 syrj\u00e4\u00e4n. Voit my\u00f6s auttaa tutkijoita l\u00e4hett\u00e4m\u00e4ll\u00e4 el\u00e4imen yliopiston k\u00e4ytt\u00f6\u00f6n.<\/p>\n","protected":false},"excerpt":{"rendered":"<p>Kolariin el\u00e4imen kanssa on varauduttava Liikenteess\u00e4 loukkaantuneiden el\u00e4inten heitteillej\u00e4tt\u00f6 on vakava ongelma. Oma moraali ratkaisee t\u00e4ss\u00e4 asiassa. Ik\u00e4v\u00e4\u00e4n tilanteeseen jo etuk\u00e4teen varautumalla osaa toimia j\u00e4rkev\u00e4sti ja rauhallisesti. Laki m\u00e4\u00e4r\u00e4\u00e4, ett\u00e4 loukkaantunutta el\u00e4int\u00e4 on autettava. Avun tarpeessa olevan el\u00e4imen heitteillej\u00e4tt\u00f6 on rikos. Autoilijan ohjeet el\u00e4inkolarin sattuessa 1. Pys\u00e4yt\u00e4 autosi, mutta varo muita autoja. Loukkaantunutta el\u00e4int\u00e4 on [&hellip;]<\/p>\n","protected":false},"author":8,"featured_media":0,"parent":34,"menu_order":0,"comment_status":"closed","ping_status":"closed","template":"","meta":{"_acf_changed":false,"footnotes":""},"class_list":["post-50","page","type-page","status-publish","hentry"],"acf":[],"yoast_head":"<!-- This site is optimized with the Yoast SEO plugin v27.1.1 - https:\/\/yoast.com\/product\/yoast-seo-wordpress\/ -->\n<title>El\u00e4inkolarit - P\u00e4\u00e4kaupunkiseudun el\u00e4insuojeluyhdistys<\/title>\n<meta name=\"robots\" content=\"index, follow, max-snippet:-1, max-image-preview:large, max-video-preview:-1\" \/>\n<link rel=\"canonical\" href=\"https:\/\/sey.fi\/paakaupunkiseudun-elainsuojeluyhdistys\/pk-esy\/elainsuojelu\/elainkolarit\/\" \/>\n<meta property=\"og:locale\" content=\"fi_FI\" \/>\n<meta property=\"og:type\" content=\"article\" \/>\n<meta property=\"og:title\" content=\"El\u00e4inkolarit - P\u00e4\u00e4kaupunkiseudun el\u00e4insuojeluyhdistys\" \/>\n<meta property=\"og:description\" content=\"Kolariin el\u00e4imen kanssa on varauduttava Liikenteess\u00e4 loukkaantuneiden el\u00e4inten heitteillej\u00e4tt\u00f6 on vakava ongelma. Oma moraali ratkaisee t\u00e4ss\u00e4 asiassa. Ik\u00e4v\u00e4\u00e4n tilanteeseen jo etuk\u00e4teen varautumalla osaa toimia j\u00e4rkev\u00e4sti ja rauhallisesti. Laki m\u00e4\u00e4r\u00e4\u00e4, ett\u00e4 loukkaantunutta el\u00e4int\u00e4 on autettava. Avun tarpeessa olevan el\u00e4imen heitteillej\u00e4tt\u00f6 on rikos. Autoilijan ohjeet el\u00e4inkolarin sattuessa 1. Pys\u00e4yt\u00e4 autosi, mutta varo muita autoja. Loukkaantunutta el\u00e4int\u00e4 on [&hellip;]\" \/>\n<meta property=\"og:url\" content=\"https:\/\/sey.fi\/paakaupunkiseudun-elainsuojeluyhdistys\/pk-esy\/elainsuojelu\/elainkolarit\/\" \/>\n<meta property=\"og:site_name\" content=\"P\u00e4\u00e4kaupunkiseudun el\u00e4insuojeluyhdistys\" \/>\n<meta property=\"article:modified_time\" content=\"2019-11-08T12:30:04+00:00\" \/>\n<meta name=\"twitter:card\" content=\"summary_large_image\" \/>\n<meta name=\"twitter:label1\" content=\"Arvioitu lukuaika\" \/>\n\t<meta name=\"twitter:data1\" content=\"2 minuuttia\" \/>\n<script type=\"application\/ld+json\" class=\"yoast-schema-graph\">{\"@context\":\"https:\/\/schema.org\",\"@graph\":[{\"@type\":\"WebPage\",\"@id\":\"https:\/\/sey.fi\/paakaupunkiseudun-elainsuojeluyhdistys\/pk-esy\/elainsuojelu\/elainkolarit\/\",\"url\":\"https:\/\/sey.fi\/paakaupunkiseudun-elainsuojeluyhdistys\/pk-esy\/elainsuojelu\/elainkolarit\/\",\"name\":\"El\u00e4inkolarit - P\u00e4\u00e4kaupunkiseudun el\u00e4insuojeluyhdistys\",\"isPartOf\":{\"@id\":\"https:\/\/sey.fi\/paakaupunkiseudun-elainsuojeluyhdistys\/#website\"},\"datePublished\":\"2019-11-08T12:30:02+00:00\",\"dateModified\":\"2019-11-08T12:30:04+00:00\",\"breadcrumb\":{\"@id\":\"https:\/\/sey.fi\/paakaupunkiseudun-elainsuojeluyhdistys\/pk-esy\/elainsuojelu\/elainkolarit\/#breadcrumb\"},\"inLanguage\":\"fi\",\"potentialAction\":[{\"@type\":\"ReadAction\",\"target\":[\"https:\/\/sey.fi\/paakaupunkiseudun-elainsuojeluyhdistys\/pk-esy\/elainsuojelu\/elainkolarit\/\"]}]},{\"@type\":\"BreadcrumbList\",\"@id\":\"https:\/\/sey.fi\/paakaupunkiseudun-elainsuojeluyhdistys\/pk-esy\/elainsuojelu\/elainkolarit\/#breadcrumb\",\"itemListElement\":[{\"@type\":\"ListItem\",\"position\":1,\"name\":\"Home\",\"item\":\"https:\/\/sey.fi\/paakaupunkiseudun-elainsuojeluyhdistys\/\"},{\"@type\":\"ListItem\",\"position\":2,\"name\":\"P\u00e4\u00e4kaupunkiseudun el\u00e4insuojeluyhdistys\",\"item\":\"https:\/\/sey.fi\/paakaupunkiseudun-elainsuojeluyhdistys\/\"},{\"@type\":\"ListItem\",\"position\":3,\"name\":\"El\u00e4insuojelu\",\"item\":\"https:\/\/sey.fi\/paakaupunkiseudun-elainsuojeluyhdistys\/pk-esy\/elainsuojelu\/\"},{\"@type\":\"ListItem\",\"position\":4,\"name\":\"El\u00e4inkolarit\"}]},{\"@type\":\"WebSite\",\"@id\":\"https:\/\/sey.fi\/paakaupunkiseudun-elainsuojeluyhdistys\/#website\",\"url\":\"https:\/\/sey.fi\/paakaupunkiseudun-elainsuojeluyhdistys\/\",\"name\":\"P\u00e4\u00e4kaupunkiseudun el\u00e4insuojeluyhdistys\",\"description\":\"Just another SEY J\u00e4senyhdistykset site\",\"potentialAction\":[{\"@type\":\"SearchAction\",\"target\":{\"@type\":\"EntryPoint\",\"urlTemplate\":\"https:\/\/sey.fi\/paakaupunkiseudun-elainsuojeluyhdistys\/?s={search_term_string}\"},\"query-input\":{\"@type\":\"PropertyValueSpecification\",\"valueRequired\":true,\"valueName\":\"search_term_string\"}}],\"inLanguage\":\"fi\"}]}<\/script>\n<!-- \/ Yoast SEO plugin. -->","yoast_head_json":{"title":"El\u00e4inkolarit - P\u00e4\u00e4kaupunkiseudun el\u00e4insuojeluyhdistys","robots":{"index":"index","follow":"follow","max-snippet":"max-snippet:-1","max-image-preview":"max-image-preview:large","max-video-preview":"max-video-preview:-1"},"canonical":"https:\/\/sey.fi\/paakaupunkiseudun-elainsuojeluyhdistys\/pk-esy\/elainsuojelu\/elainkolarit\/","og_locale":"fi_FI","og_type":"article","og_title":"El\u00e4inkolarit - P\u00e4\u00e4kaupunkiseudun el\u00e4insuojeluyhdistys","og_description":"Kolariin el\u00e4imen kanssa on varauduttava Liikenteess\u00e4 loukkaantuneiden el\u00e4inten heitteillej\u00e4tt\u00f6 on vakava ongelma. Oma moraali ratkaisee t\u00e4ss\u00e4 asiassa. Ik\u00e4v\u00e4\u00e4n tilanteeseen jo etuk\u00e4teen varautumalla osaa toimia j\u00e4rkev\u00e4sti ja rauhallisesti. Laki m\u00e4\u00e4r\u00e4\u00e4, ett\u00e4 loukkaantunutta el\u00e4int\u00e4 on autettava. Avun tarpeessa olevan el\u00e4imen heitteillej\u00e4tt\u00f6 on rikos. Autoilijan ohjeet el\u00e4inkolarin sattuessa 1. Pys\u00e4yt\u00e4 autosi, mutta varo muita autoja. Loukkaantunutta el\u00e4int\u00e4 on [&hellip;]","og_url":"https:\/\/sey.fi\/paakaupunkiseudun-elainsuojeluyhdistys\/pk-esy\/elainsuojelu\/elainkolarit\/","og_site_name":"P\u00e4\u00e4kaupunkiseudun el\u00e4insuojeluyhdistys","article_modified_time":"2019-11-08T12:30:04+00:00","twitter_card":"summary_large_image","twitter_misc":{"Arvioitu lukuaika":"2 minuuttia"},"schema":{"@context":"https:\/\/schema.org","@graph":[{"@type":"WebPage","@id":"https:\/\/sey.fi\/paakaupunkiseudun-elainsuojeluyhdistys\/pk-esy\/elainsuojelu\/elainkolarit\/","url":"https:\/\/sey.fi\/paakaupunkiseudun-elainsuojeluyhdistys\/pk-esy\/elainsuojelu\/elainkolarit\/","name":"El\u00e4inkolarit - P\u00e4\u00e4kaupunkiseudun el\u00e4insuojeluyhdistys","isPartOf":{"@id":"https:\/\/sey.fi\/paakaupunkiseudun-elainsuojeluyhdistys\/#website"},"datePublished":"2019-11-08T12:30:02+00:00","dateModified":"2019-11-08T12:30:04+00:00","breadcrumb":{"@id":"https:\/\/sey.fi\/paakaupunkiseudun-elainsuojeluyhdistys\/pk-esy\/elainsuojelu\/elainkolarit\/#breadcrumb"},"inLanguage":"fi","potentialAction":[{"@type":"ReadAction","target":["https:\/\/sey.fi\/paakaupunkiseudun-elainsuojeluyhdistys\/pk-esy\/elainsuojelu\/elainkolarit\/"]}]},{"@type":"BreadcrumbList","@id":"https:\/\/sey.fi\/paakaupunkiseudun-elainsuojeluyhdistys\/pk-esy\/elainsuojelu\/elainkolarit\/#breadcrumb","itemListElement":[{"@type":"ListItem","position":1,"name":"Home","item":"https:\/\/sey.fi\/paakaupunkiseudun-elainsuojeluyhdistys\/"},{"@type":"ListItem","position":2,"name":"P\u00e4\u00e4kaupunkiseudun el\u00e4insuojeluyhdistys","item":"https:\/\/sey.fi\/paakaupunkiseudun-elainsuojeluyhdistys\/"},{"@type":"ListItem","position":3,"name":"El\u00e4insuojelu","item":"https:\/\/sey.fi\/paakaupunkiseudun-elainsuojeluyhdistys\/pk-esy\/elainsuojelu\/"},{"@type":"ListItem","position":4,"name":"El\u00e4inkolarit"}]},{"@type":"WebSite","@id":"https:\/\/sey.fi\/paakaupunkiseudun-elainsuojeluyhdistys\/#website","url":"https:\/\/sey.fi\/paakaupunkiseudun-elainsuojeluyhdistys\/","name":"P\u00e4\u00e4kaupunkiseudun el\u00e4insuojeluyhdistys","description":"Just another SEY J\u00e4senyhdistykset site","potentialAction":[{"@type":"SearchAction","target":{"@type":"EntryPoint","urlTemplate":"https:\/\/sey.fi\/paakaupunkiseudun-elainsuojeluyhdistys\/?s={search_term_string}"},"query-input":{"@type":"PropertyValueSpecification","valueRequired":true,"valueName":"search_term_string"}}],"inLanguage":"fi"}]}},"_links":{"self":[{"href":"https:\/\/sey.fi\/paakaupunkiseudun-elainsuojeluyhdistys\/wp-json\/wp\/v2\/pages\/50","targetHints":{"allow":["GET"]}}],"collection":[{"href":"https:\/\/sey.fi\/paakaupunkiseudun-elainsuojeluyhdistys\/wp-json\/wp\/v2\/pages"}],"about":[{"href":"https:\/\/sey.fi\/paakaupunkiseudun-elainsuojeluyhdistys\/wp-json\/wp\/v2\/types\/page"}],"author":[{"embeddable":true,"href":"https:\/\/sey.fi\/paakaupunkiseudun-elainsuojeluyhdistys\/wp-json\/wp\/v2\/users\/8"}],"replies":[{"embeddable":true,"href":"https:\/\/sey.fi\/paakaupunkiseudun-elainsuojeluyhdistys\/wp-json\/wp\/v2\/comments?post=50"}],"version-history":[{"count":1,"href":"https:\/\/sey.fi\/paakaupunkiseudun-elainsuojeluyhdistys\/wp-json\/wp\/v2\/pages\/50\/revisions"}],"predecessor-version":[{"id":51,"href":"https:\/\/sey.fi\/paakaupunkiseudun-elainsuojeluyhdistys\/wp-json\/wp\/v2\/pages\/50\/revisions\/51"}],"up":[{"embeddable":true,"href":"https:\/\/sey.fi\/paakaupunkiseudun-elainsuojeluyhdistys\/wp-json\/wp\/v2\/pages\/34"}],"wp:attachment":[{"href":"https:\/\/sey.fi\/paakaupunkiseudun-elainsuojeluyhdistys\/wp-json\/wp\/v2\/media?parent=50"}],"curies":[{"name":"wp","href":"https:\/\/api.w.org\/{rel}","templated":true}]}}