{"id":58,"date":"2019-11-08T12:35:59","date_gmt":"2019-11-08T12:35:59","guid":{"rendered":"http:\/\/srvr10.xetpoint.com\/~seyfi\/paakaupunkiseudun-elainsuojeluyhdistys\/?page_id=58"},"modified":"2019-11-08T12:38:32","modified_gmt":"2019-11-08T12:38:32","slug":"haluatko-auttaa","status":"publish","type":"page","link":"https:\/\/sey.fi\/paakaupunkiseudun-elainsuojeluyhdistys\/pk-esy\/haluatko-auttaa\/","title":{"rendered":"Haluatko auttaa?"},"content":{"rendered":"\n<p>Tarvitsemme joukkoomme uusia ja innokkaita el\u00e4inten yst\u00e4vi\u00e4 erilaisiin teht\u00e4viin!<\/p>\n\n\n\n<p>Tarvetta on mm. el\u00e4inten hoitokodeille, kuljetusavulle, tapahtumap\u00e4ivyst\u00e4jille sek\u00e4 kannatustuotteiden tekij\u00f6ille ja suunnittelijoille.&nbsp;Voit auttaa my\u00f6s lahjoittamalla meille esimerkiksi el\u00e4inten ruokia ja tarvikkeita, k\u00e4sit\u00f6it\u00e4 tai kirpputoritavaraa.<\/p>\n\n\n\n<p>Ota yhteytt\u00e4 s\u00e4hk\u00f6postitse&nbsp;pk-esy(\u00e4t)pk-esy.fi&nbsp;jos haluat osallistua toimintaamme.<\/p>\n\n\n\n<p>Mik\u00e4li haluat tukea toimintaamme rahalahjoituksella, l\u00f6yd\u00e4t siihen tarvittavat tiedot\u00a0<a href=\"https:\/\/sey.fi\/paakaupunkiseudun-elainsuojeluyhdistys\/sample-page\/haluatko-auttaa\/lahjoittaminen\/\">t\u00e4\u00e4lt\u00e4<\/a>. Meille my\u00f6s jokainen j\u00e4sen on arvokas tukija. Mik\u00e4li haluat liitty\u00e4 yhdistyksemme j\u00e4seneksi, klikkaa\u00a0<a href=\"https:\/\/sey.fi\/paakaupunkiseudun-elainsuojeluyhdistys\/sample-page\/haluatko-auttaa\/liity-jaseneksi\/\">t\u00e4st\u00e4<\/a>.<\/p>\n\n\n\n<p>Kannatustuotteitamme voi tilata&nbsp;<a href=\"https:\/\/pkesynkauppa.wordpress.com\/\">nettikaupastamme<\/a>, niiden tuotto menee lyhent\u00e4m\u00e4tt\u00f6m\u00e4n\u00e4 yhdistyksen ty\u00f6h\u00f6n.<\/p>\n\n\n\n<p>Mik\u00e4li haluat k\u00e4yd\u00e4 ostoksilla kirpputorip\u00f6yd\u00e4ll\u00e4mme, l\u00f6yd\u00e4t sen Zirpparilta, osoitteesta Kolmas linja 28, Helsinki. P\u00f6yd\u00e4n numero on 51.<\/p>\n\n\n\n<figure class=\"wp-block-image\"><a href=\"https:\/\/pkesynkauppa.wordpress.com\/\"><img decoding=\"async\" src=\"http:\/\/pk-esy.sey.fi\/images\/img_6591.jpg\" alt=\"\" \/><\/a><\/figure>\n","protected":false},"excerpt":{"rendered":"<p>Tarvitsemme joukkoomme uusia ja innokkaita el\u00e4inten yst\u00e4vi\u00e4 erilaisiin teht\u00e4viin! Tarvetta on mm. el\u00e4inten hoitokodeille, kuljetusavulle, tapahtumap\u00e4ivyst\u00e4jille sek\u00e4 kannatustuotteiden tekij\u00f6ille ja suunnittelijoille.&nbsp;Voit auttaa my\u00f6s lahjoittamalla meille esimerkiksi el\u00e4inten ruokia ja tarvikkeita, k\u00e4sit\u00f6it\u00e4 tai kirpputoritavaraa. Ota yhteytt\u00e4 s\u00e4hk\u00f6postitse&nbsp;pk-esy(\u00e4t)pk-esy.fi&nbsp;jos haluat osallistua toimintaamme. Mik\u00e4li haluat tukea toimintaamme rahalahjoituksella, l\u00f6yd\u00e4t siihen tarvittavat tiedot\u00a0t\u00e4\u00e4lt\u00e4. Meille my\u00f6s jokainen j\u00e4sen on arvokas tukija. [&hellip;]<\/p>\n","protected":false},"author":8,"featured_media":0,"parent":2,"menu_order":0,"comment_status":"closed","ping_status":"closed","template":"","meta":{"_acf_changed":false,"footnotes":""},"class_list":["post-58","page","type-page","status-publish","hentry"],"acf":[],"yoast_head":"<!-- This site is optimized with the Yoast SEO plugin v27.1.1 - https:\/\/yoast.com\/product\/yoast-seo-wordpress\/ -->\n<title>Haluatko auttaa? - P\u00e4\u00e4kaupunkiseudun el\u00e4insuojeluyhdistys<\/title>\n<meta name=\"robots\" content=\"index, follow, max-snippet:-1, max-image-preview:large, max-video-preview:-1\" \/>\n<link rel=\"canonical\" href=\"https:\/\/sey.fi\/paakaupunkiseudun-elainsuojeluyhdistys\/pk-esy\/haluatko-auttaa\/\" \/>\n<meta property=\"og:locale\" content=\"fi_FI\" \/>\n<meta property=\"og:type\" content=\"article\" \/>\n<meta property=\"og:title\" content=\"Haluatko auttaa? - P\u00e4\u00e4kaupunkiseudun el\u00e4insuojeluyhdistys\" \/>\n<meta property=\"og:description\" content=\"Tarvitsemme joukkoomme uusia ja innokkaita el\u00e4inten yst\u00e4vi\u00e4 erilaisiin teht\u00e4viin! Tarvetta on mm. el\u00e4inten hoitokodeille, kuljetusavulle, tapahtumap\u00e4ivyst\u00e4jille sek\u00e4 kannatustuotteiden tekij\u00f6ille ja suunnittelijoille.&nbsp;Voit auttaa my\u00f6s lahjoittamalla meille esimerkiksi el\u00e4inten ruokia ja tarvikkeita, k\u00e4sit\u00f6it\u00e4 tai kirpputoritavaraa. Ota yhteytt\u00e4 s\u00e4hk\u00f6postitse&nbsp;pk-esy(\u00e4t)pk-esy.fi&nbsp;jos haluat osallistua toimintaamme. Mik\u00e4li haluat tukea toimintaamme rahalahjoituksella, l\u00f6yd\u00e4t siihen tarvittavat tiedot\u00a0t\u00e4\u00e4lt\u00e4. Meille my\u00f6s jokainen j\u00e4sen on arvokas tukija. [&hellip;]\" \/>\n<meta property=\"og:url\" content=\"https:\/\/sey.fi\/paakaupunkiseudun-elainsuojeluyhdistys\/pk-esy\/haluatko-auttaa\/\" \/>\n<meta property=\"og:site_name\" content=\"P\u00e4\u00e4kaupunkiseudun el\u00e4insuojeluyhdistys\" \/>\n<meta property=\"article:modified_time\" content=\"2019-11-08T12:38:32+00:00\" \/>\n<meta property=\"og:image\" content=\"http:\/\/pk-esy.sey.fi\/images\/img_6591.jpg\" \/>\n<meta name=\"twitter:card\" content=\"summary_large_image\" \/>\n<meta name=\"twitter:label1\" content=\"Arvioitu lukuaika\" \/>\n\t<meta name=\"twitter:data1\" content=\"1 minuutti\" \/>\n<script type=\"application\/ld+json\" class=\"yoast-schema-graph\">{\"@context\":\"https:\/\/schema.org\",\"@graph\":[{\"@type\":\"WebPage\",\"@id\":\"https:\/\/sey.fi\/paakaupunkiseudun-elainsuojeluyhdistys\/pk-esy\/haluatko-auttaa\/\",\"url\":\"https:\/\/sey.fi\/paakaupunkiseudun-elainsuojeluyhdistys\/pk-esy\/haluatko-auttaa\/\",\"name\":\"Haluatko auttaa? - P\u00e4\u00e4kaupunkiseudun el\u00e4insuojeluyhdistys\",\"isPartOf\":{\"@id\":\"https:\/\/sey.fi\/paakaupunkiseudun-elainsuojeluyhdistys\/#website\"},\"primaryImageOfPage\":{\"@id\":\"https:\/\/sey.fi\/paakaupunkiseudun-elainsuojeluyhdistys\/pk-esy\/haluatko-auttaa\/#primaryimage\"},\"image\":{\"@id\":\"https:\/\/sey.fi\/paakaupunkiseudun-elainsuojeluyhdistys\/pk-esy\/haluatko-auttaa\/#primaryimage\"},\"thumbnailUrl\":\"http:\/\/pk-esy.sey.fi\/images\/img_6591.jpg\",\"datePublished\":\"2019-11-08T12:35:59+00:00\",\"dateModified\":\"2019-11-08T12:38:32+00:00\",\"breadcrumb\":{\"@id\":\"https:\/\/sey.fi\/paakaupunkiseudun-elainsuojeluyhdistys\/pk-esy\/haluatko-auttaa\/#breadcrumb\"},\"inLanguage\":\"fi\",\"potentialAction\":[{\"@type\":\"ReadAction\",\"target\":[\"https:\/\/sey.fi\/paakaupunkiseudun-elainsuojeluyhdistys\/pk-esy\/haluatko-auttaa\/\"]}]},{\"@type\":\"ImageObject\",\"inLanguage\":\"fi\",\"@id\":\"https:\/\/sey.fi\/paakaupunkiseudun-elainsuojeluyhdistys\/pk-esy\/haluatko-auttaa\/#primaryimage\",\"url\":\"http:\/\/pk-esy.sey.fi\/images\/img_6591.jpg\",\"contentUrl\":\"http:\/\/pk-esy.sey.fi\/images\/img_6591.jpg\"},{\"@type\":\"BreadcrumbList\",\"@id\":\"https:\/\/sey.fi\/paakaupunkiseudun-elainsuojeluyhdistys\/pk-esy\/haluatko-auttaa\/#breadcrumb\",\"itemListElement\":[{\"@type\":\"ListItem\",\"position\":1,\"name\":\"Home\",\"item\":\"https:\/\/sey.fi\/paakaupunkiseudun-elainsuojeluyhdistys\/\"},{\"@type\":\"ListItem\",\"position\":2,\"name\":\"P\u00e4\u00e4kaupunkiseudun el\u00e4insuojeluyhdistys\",\"item\":\"https:\/\/sey.fi\/paakaupunkiseudun-elainsuojeluyhdistys\/\"},{\"@type\":\"ListItem\",\"position\":3,\"name\":\"Haluatko auttaa?\"}]},{\"@type\":\"WebSite\",\"@id\":\"https:\/\/sey.fi\/paakaupunkiseudun-elainsuojeluyhdistys\/#website\",\"url\":\"https:\/\/sey.fi\/paakaupunkiseudun-elainsuojeluyhdistys\/\",\"name\":\"P\u00e4\u00e4kaupunkiseudun el\u00e4insuojeluyhdistys\",\"description\":\"Just another SEY J\u00e4senyhdistykset site\",\"potentialAction\":[{\"@type\":\"SearchAction\",\"target\":{\"@type\":\"EntryPoint\",\"urlTemplate\":\"https:\/\/sey.fi\/paakaupunkiseudun-elainsuojeluyhdistys\/?s={search_term_string}\"},\"query-input\":{\"@type\":\"PropertyValueSpecification\",\"valueRequired\":true,\"valueName\":\"search_term_string\"}}],\"inLanguage\":\"fi\"}]}<\/script>\n<!-- \/ Yoast SEO plugin. -->","yoast_head_json":{"title":"Haluatko auttaa? - P\u00e4\u00e4kaupunkiseudun el\u00e4insuojeluyhdistys","robots":{"index":"index","follow":"follow","max-snippet":"max-snippet:-1","max-image-preview":"max-image-preview:large","max-video-preview":"max-video-preview:-1"},"canonical":"https:\/\/sey.fi\/paakaupunkiseudun-elainsuojeluyhdistys\/pk-esy\/haluatko-auttaa\/","og_locale":"fi_FI","og_type":"article","og_title":"Haluatko auttaa? - P\u00e4\u00e4kaupunkiseudun el\u00e4insuojeluyhdistys","og_description":"Tarvitsemme joukkoomme uusia ja innokkaita el\u00e4inten yst\u00e4vi\u00e4 erilaisiin teht\u00e4viin! Tarvetta on mm. el\u00e4inten hoitokodeille, kuljetusavulle, tapahtumap\u00e4ivyst\u00e4jille sek\u00e4 kannatustuotteiden tekij\u00f6ille ja suunnittelijoille.&nbsp;Voit auttaa my\u00f6s lahjoittamalla meille esimerkiksi el\u00e4inten ruokia ja tarvikkeita, k\u00e4sit\u00f6it\u00e4 tai kirpputoritavaraa. Ota yhteytt\u00e4 s\u00e4hk\u00f6postitse&nbsp;pk-esy(\u00e4t)pk-esy.fi&nbsp;jos haluat osallistua toimintaamme. Mik\u00e4li haluat tukea toimintaamme rahalahjoituksella, l\u00f6yd\u00e4t siihen tarvittavat tiedot\u00a0t\u00e4\u00e4lt\u00e4. Meille my\u00f6s jokainen j\u00e4sen on arvokas tukija. [&hellip;]","og_url":"https:\/\/sey.fi\/paakaupunkiseudun-elainsuojeluyhdistys\/pk-esy\/haluatko-auttaa\/","og_site_name":"P\u00e4\u00e4kaupunkiseudun el\u00e4insuojeluyhdistys","article_modified_time":"2019-11-08T12:38:32+00:00","og_image":[{"url":"http:\/\/pk-esy.sey.fi\/images\/img_6591.jpg","type":"","width":"","height":""}],"twitter_card":"summary_large_image","twitter_misc":{"Arvioitu lukuaika":"1 minuutti"},"schema":{"@context":"https:\/\/schema.org","@graph":[{"@type":"WebPage","@id":"https:\/\/sey.fi\/paakaupunkiseudun-elainsuojeluyhdistys\/pk-esy\/haluatko-auttaa\/","url":"https:\/\/sey.fi\/paakaupunkiseudun-elainsuojeluyhdistys\/pk-esy\/haluatko-auttaa\/","name":"Haluatko auttaa? - P\u00e4\u00e4kaupunkiseudun el\u00e4insuojeluyhdistys","isPartOf":{"@id":"https:\/\/sey.fi\/paakaupunkiseudun-elainsuojeluyhdistys\/#website"},"primaryImageOfPage":{"@id":"https:\/\/sey.fi\/paakaupunkiseudun-elainsuojeluyhdistys\/pk-esy\/haluatko-auttaa\/#primaryimage"},"image":{"@id":"https:\/\/sey.fi\/paakaupunkiseudun-elainsuojeluyhdistys\/pk-esy\/haluatko-auttaa\/#primaryimage"},"thumbnailUrl":"http:\/\/pk-esy.sey.fi\/images\/img_6591.jpg","datePublished":"2019-11-08T12:35:59+00:00","dateModified":"2019-11-08T12:38:32+00:00","breadcrumb":{"@id":"https:\/\/sey.fi\/paakaupunkiseudun-elainsuojeluyhdistys\/pk-esy\/haluatko-auttaa\/#breadcrumb"},"inLanguage":"fi","potentialAction":[{"@type":"ReadAction","target":["https:\/\/sey.fi\/paakaupunkiseudun-elainsuojeluyhdistys\/pk-esy\/haluatko-auttaa\/"]}]},{"@type":"ImageObject","inLanguage":"fi","@id":"https:\/\/sey.fi\/paakaupunkiseudun-elainsuojeluyhdistys\/pk-esy\/haluatko-auttaa\/#primaryimage","url":"http:\/\/pk-esy.sey.fi\/images\/img_6591.jpg","contentUrl":"http:\/\/pk-esy.sey.fi\/images\/img_6591.jpg"},{"@type":"BreadcrumbList","@id":"https:\/\/sey.fi\/paakaupunkiseudun-elainsuojeluyhdistys\/pk-esy\/haluatko-auttaa\/#breadcrumb","itemListElement":[{"@type":"ListItem","position":1,"name":"Home","item":"https:\/\/sey.fi\/paakaupunkiseudun-elainsuojeluyhdistys\/"},{"@type":"ListItem","position":2,"name":"P\u00e4\u00e4kaupunkiseudun el\u00e4insuojeluyhdistys","item":"https:\/\/sey.fi\/paakaupunkiseudun-elainsuojeluyhdistys\/"},{"@type":"ListItem","position":3,"name":"Haluatko auttaa?"}]},{"@type":"WebSite","@id":"https:\/\/sey.fi\/paakaupunkiseudun-elainsuojeluyhdistys\/#website","url":"https:\/\/sey.fi\/paakaupunkiseudun-elainsuojeluyhdistys\/","name":"P\u00e4\u00e4kaupunkiseudun el\u00e4insuojeluyhdistys","description":"Just another SEY J\u00e4senyhdistykset site","potentialAction":[{"@type":"SearchAction","target":{"@type":"EntryPoint","urlTemplate":"https:\/\/sey.fi\/paakaupunkiseudun-elainsuojeluyhdistys\/?s={search_term_string}"},"query-input":{"@type":"PropertyValueSpecification","valueRequired":true,"valueName":"search_term_string"}}],"inLanguage":"fi"}]}},"_links":{"self":[{"href":"https:\/\/sey.fi\/paakaupunkiseudun-elainsuojeluyhdistys\/wp-json\/wp\/v2\/pages\/58","targetHints":{"allow":["GET"]}}],"collection":[{"href":"https:\/\/sey.fi\/paakaupunkiseudun-elainsuojeluyhdistys\/wp-json\/wp\/v2\/pages"}],"about":[{"href":"https:\/\/sey.fi\/paakaupunkiseudun-elainsuojeluyhdistys\/wp-json\/wp\/v2\/types\/page"}],"author":[{"embeddable":true,"href":"https:\/\/sey.fi\/paakaupunkiseudun-elainsuojeluyhdistys\/wp-json\/wp\/v2\/users\/8"}],"replies":[{"embeddable":true,"href":"https:\/\/sey.fi\/paakaupunkiseudun-elainsuojeluyhdistys\/wp-json\/wp\/v2\/comments?post=58"}],"version-history":[{"count":2,"href":"https:\/\/sey.fi\/paakaupunkiseudun-elainsuojeluyhdistys\/wp-json\/wp\/v2\/pages\/58\/revisions"}],"predecessor-version":[{"id":64,"href":"https:\/\/sey.fi\/paakaupunkiseudun-elainsuojeluyhdistys\/wp-json\/wp\/v2\/pages\/58\/revisions\/64"}],"up":[{"embeddable":true,"href":"https:\/\/sey.fi\/paakaupunkiseudun-elainsuojeluyhdistys\/wp-json\/wp\/v2\/pages\/2"}],"wp:attachment":[{"href":"https:\/\/sey.fi\/paakaupunkiseudun-elainsuojeluyhdistys\/wp-json\/wp\/v2\/media?parent=58"}],"curies":[{"name":"wp","href":"https:\/\/api.w.org\/{rel}","templated":true}]}}