{"id":60,"date":"2019-11-08T12:36:35","date_gmt":"2019-11-08T12:36:35","guid":{"rendered":"http:\/\/srvr10.xetpoint.com\/~seyfi\/paakaupunkiseudun-elainsuojeluyhdistys\/?page_id=60"},"modified":"2021-05-18T14:02:37","modified_gmt":"2021-05-18T14:02:37","slug":"lahjoittaminen","status":"publish","type":"page","link":"https:\/\/sey.fi\/paakaupunkiseudun-elainsuojeluyhdistys\/pk-esy\/haluatko-auttaa\/lahjoittaminen\/","title":{"rendered":"Lahjoittaminen"},"content":{"rendered":"\n<p><br>Poliisihallitus on my\u00f6nt\u00e4nyt P\u00e4\u00e4kaupunkiseudun el\u00e4insuojeluyhdistykselle toistaiseksi voimassa olevan rahanker\u00e4ysluvan 18.5.2021. Lupa on voimassa koko maassa Ahvenanmaata lukuunottamatta. Lupanumero on RA\/2021\/646.<\/p>\n\n\n\n<p>Rahanker\u00e4ystilin numero:\u00a0<strong>FI97 5447 0620 0861 32<\/strong><br>Yleinen viitenumero:\u00a0<strong>5555\u00a0<\/strong><\/p>\n\n\n\n<p>Jos haluat kohdentaa lahjoituksen luonnonvaraisten el\u00e4inten auttamiseen, k\u00e4yt\u00e4 viitenumeroa&nbsp;<strong>4446<\/strong><\/p>\n\n\n\n<h3 class=\"wp-block-heading\">Erilliset hankintaviitteet<\/h3>\n\n\n\n<p>T\u00e4ll\u00e4 hetkell\u00e4 ker\u00e4\u00e4mme rahaa kahteen tarpeelliseen hankintaan omilla viitteill\u00e4\u00e4n:<\/p>\n\n\n\n<p><strong>4459<\/strong>&nbsp;Siiliker\u00e4ys (apua orvoksi j\u00e4\u00e4neille ja loukkaantuneille siileille)<\/p>\n\n\n\n<p><strong>4556<\/strong>&nbsp;Verkkopyssyn hankinta loukkaantuneiden el\u00e4inten kiinniottamiseen<\/p>\n\n\n\n<p><strong>4776<\/strong>&nbsp;Konttien hankinta hoitotarvikkeiden ja el\u00e4inten ruokien s\u00e4ilytykseen luonnonvaraisten el\u00e4inten hoitolaan.<\/p>\n\n\n\n<p>Yll\u00e4 mainittu tili on tarkoitettu vain lahjoituksia varten, muissa maksuasioissa otathan yhteytt\u00e4 pk-esy(at)pk-esy.fi<\/p>\n\n\n\n<p><strong>Meille voi tehd\u00e4 nyt lahjoituksia my\u00f6s MobilePayn kautta! Numero on 17090.<\/strong>\u00a0Voit lis\u00e4t\u00e4 t\u00e4ll\u00f6in kommenttikentt\u00e4\u00e4n jonkin t\u00e4ll\u00e4 sivulla mainitun viitenumeron ohjataksesi lahjoituksen tiettyyn tarkoitukseen.<\/p>\n\n\n\n<p><strong>Kiitos el\u00e4insuojeluty\u00f6n tukemisesta!<\/strong><\/p>\n\n\n\n<p>Rahanker\u00e4yksell\u00e4&nbsp;ker\u00e4tt\u00e4v\u00e4t varat k\u00e4ytet\u00e4\u00e4n luonnonvaraisten ja lemmikkiel\u00e4inten hyvinvoinnin edist\u00e4miseen. Varoilla hankitaan ruokaa, l\u00e4\u00e4kkeit\u00e4 ja hoitotarvikkeita el\u00e4imille. Lis\u00e4ksi varoja k\u00e4ytet\u00e4\u00e4n el\u00e4inl\u00e4\u00e4k\u00e4rikustannuksiin, muihin el\u00e4inten hoitokuluihin ja el\u00e4inten hoitoty\u00f6st\u00e4 aiheutuviin kuljetuksiin. Varoja k\u00e4ytet\u00e4\u00e4n my\u00f6s luonnonvaraisten el\u00e4inten hoitotiloihin ja ja niiden k\u00e4ytt\u00f6\u00f6n liittyviin kuluihin. Varoja k\u00e4ytet\u00e4\u00e4n sit\u00e4 mukaa kun niit\u00e4 kertyy ja edell\u00e4 mainittuja kuluja syntyy.<\/p>\n","protected":false},"excerpt":{"rendered":"<p>Poliisihallitus on my\u00f6nt\u00e4nyt P\u00e4\u00e4kaupunkiseudun el\u00e4insuojeluyhdistykselle toistaiseksi voimassa olevan rahanker\u00e4ysluvan 18.5.2021. Lupa on voimassa koko maassa Ahvenanmaata lukuunottamatta. Lupanumero on RA\/2021\/646. Rahanker\u00e4ystilin numero:\u00a0FI97 5447 0620 0861 32Yleinen viitenumero:\u00a05555\u00a0 Jos haluat kohdentaa lahjoituksen luonnonvaraisten el\u00e4inten auttamiseen, k\u00e4yt\u00e4 viitenumeroa&nbsp;4446 Erilliset hankintaviitteet T\u00e4ll\u00e4 hetkell\u00e4 ker\u00e4\u00e4mme rahaa kahteen tarpeelliseen hankintaan omilla viitteill\u00e4\u00e4n: 4459&nbsp;Siiliker\u00e4ys (apua orvoksi j\u00e4\u00e4neille ja loukkaantuneille siileille) 4556&nbsp;Verkkopyssyn [&hellip;]<\/p>\n","protected":false},"author":8,"featured_media":0,"parent":58,"menu_order":0,"comment_status":"closed","ping_status":"closed","template":"","meta":{"_acf_changed":false,"footnotes":""},"class_list":["post-60","page","type-page","status-publish","hentry"],"acf":[],"yoast_head":"<!-- This site is optimized with the Yoast SEO plugin v27.1.1 - https:\/\/yoast.com\/product\/yoast-seo-wordpress\/ -->\n<title>Lahjoittaminen - P\u00e4\u00e4kaupunkiseudun el\u00e4insuojeluyhdistys<\/title>\n<meta name=\"robots\" content=\"index, follow, max-snippet:-1, max-image-preview:large, max-video-preview:-1\" \/>\n<link rel=\"canonical\" href=\"https:\/\/sey.fi\/paakaupunkiseudun-elainsuojeluyhdistys\/pk-esy\/haluatko-auttaa\/lahjoittaminen\/\" \/>\n<meta property=\"og:locale\" content=\"fi_FI\" \/>\n<meta property=\"og:type\" content=\"article\" \/>\n<meta property=\"og:title\" content=\"Lahjoittaminen - P\u00e4\u00e4kaupunkiseudun el\u00e4insuojeluyhdistys\" \/>\n<meta property=\"og:description\" content=\"Poliisihallitus on my\u00f6nt\u00e4nyt P\u00e4\u00e4kaupunkiseudun el\u00e4insuojeluyhdistykselle toistaiseksi voimassa olevan rahanker\u00e4ysluvan 18.5.2021. Lupa on voimassa koko maassa Ahvenanmaata lukuunottamatta. Lupanumero on RA\/2021\/646. Rahanker\u00e4ystilin numero:\u00a0FI97 5447 0620 0861 32Yleinen viitenumero:\u00a05555\u00a0 Jos haluat kohdentaa lahjoituksen luonnonvaraisten el\u00e4inten auttamiseen, k\u00e4yt\u00e4 viitenumeroa&nbsp;4446 Erilliset hankintaviitteet T\u00e4ll\u00e4 hetkell\u00e4 ker\u00e4\u00e4mme rahaa kahteen tarpeelliseen hankintaan omilla viitteill\u00e4\u00e4n: 4459&nbsp;Siiliker\u00e4ys (apua orvoksi j\u00e4\u00e4neille ja loukkaantuneille siileille) 4556&nbsp;Verkkopyssyn [&hellip;]\" \/>\n<meta property=\"og:url\" content=\"https:\/\/sey.fi\/paakaupunkiseudun-elainsuojeluyhdistys\/pk-esy\/haluatko-auttaa\/lahjoittaminen\/\" \/>\n<meta property=\"og:site_name\" content=\"P\u00e4\u00e4kaupunkiseudun el\u00e4insuojeluyhdistys\" \/>\n<meta property=\"article:modified_time\" content=\"2021-05-18T14:02:37+00:00\" \/>\n<meta name=\"twitter:card\" content=\"summary_large_image\" \/>\n<meta name=\"twitter:label1\" content=\"Arvioitu lukuaika\" \/>\n\t<meta name=\"twitter:data1\" content=\"1 minuutti\" \/>\n<script type=\"application\/ld+json\" class=\"yoast-schema-graph\">{\"@context\":\"https:\/\/schema.org\",\"@graph\":[{\"@type\":\"WebPage\",\"@id\":\"https:\/\/sey.fi\/paakaupunkiseudun-elainsuojeluyhdistys\/pk-esy\/haluatko-auttaa\/lahjoittaminen\/\",\"url\":\"https:\/\/sey.fi\/paakaupunkiseudun-elainsuojeluyhdistys\/pk-esy\/haluatko-auttaa\/lahjoittaminen\/\",\"name\":\"Lahjoittaminen - P\u00e4\u00e4kaupunkiseudun el\u00e4insuojeluyhdistys\",\"isPartOf\":{\"@id\":\"https:\/\/sey.fi\/paakaupunkiseudun-elainsuojeluyhdistys\/#website\"},\"datePublished\":\"2019-11-08T12:36:35+00:00\",\"dateModified\":\"2021-05-18T14:02:37+00:00\",\"breadcrumb\":{\"@id\":\"https:\/\/sey.fi\/paakaupunkiseudun-elainsuojeluyhdistys\/pk-esy\/haluatko-auttaa\/lahjoittaminen\/#breadcrumb\"},\"inLanguage\":\"fi\",\"potentialAction\":[{\"@type\":\"ReadAction\",\"target\":[\"https:\/\/sey.fi\/paakaupunkiseudun-elainsuojeluyhdistys\/pk-esy\/haluatko-auttaa\/lahjoittaminen\/\"]}]},{\"@type\":\"BreadcrumbList\",\"@id\":\"https:\/\/sey.fi\/paakaupunkiseudun-elainsuojeluyhdistys\/pk-esy\/haluatko-auttaa\/lahjoittaminen\/#breadcrumb\",\"itemListElement\":[{\"@type\":\"ListItem\",\"position\":1,\"name\":\"Home\",\"item\":\"https:\/\/sey.fi\/paakaupunkiseudun-elainsuojeluyhdistys\/\"},{\"@type\":\"ListItem\",\"position\":2,\"name\":\"P\u00e4\u00e4kaupunkiseudun el\u00e4insuojeluyhdistys\",\"item\":\"https:\/\/sey.fi\/paakaupunkiseudun-elainsuojeluyhdistys\/\"},{\"@type\":\"ListItem\",\"position\":3,\"name\":\"Haluatko auttaa?\",\"item\":\"https:\/\/sey.fi\/paakaupunkiseudun-elainsuojeluyhdistys\/pk-esy\/haluatko-auttaa\/\"},{\"@type\":\"ListItem\",\"position\":4,\"name\":\"Lahjoittaminen\"}]},{\"@type\":\"WebSite\",\"@id\":\"https:\/\/sey.fi\/paakaupunkiseudun-elainsuojeluyhdistys\/#website\",\"url\":\"https:\/\/sey.fi\/paakaupunkiseudun-elainsuojeluyhdistys\/\",\"name\":\"P\u00e4\u00e4kaupunkiseudun el\u00e4insuojeluyhdistys\",\"description\":\"Just another SEY J\u00e4senyhdistykset site\",\"potentialAction\":[{\"@type\":\"SearchAction\",\"target\":{\"@type\":\"EntryPoint\",\"urlTemplate\":\"https:\/\/sey.fi\/paakaupunkiseudun-elainsuojeluyhdistys\/?s={search_term_string}\"},\"query-input\":{\"@type\":\"PropertyValueSpecification\",\"valueRequired\":true,\"valueName\":\"search_term_string\"}}],\"inLanguage\":\"fi\"}]}<\/script>\n<!-- \/ Yoast SEO plugin. -->","yoast_head_json":{"title":"Lahjoittaminen - P\u00e4\u00e4kaupunkiseudun el\u00e4insuojeluyhdistys","robots":{"index":"index","follow":"follow","max-snippet":"max-snippet:-1","max-image-preview":"max-image-preview:large","max-video-preview":"max-video-preview:-1"},"canonical":"https:\/\/sey.fi\/paakaupunkiseudun-elainsuojeluyhdistys\/pk-esy\/haluatko-auttaa\/lahjoittaminen\/","og_locale":"fi_FI","og_type":"article","og_title":"Lahjoittaminen - P\u00e4\u00e4kaupunkiseudun el\u00e4insuojeluyhdistys","og_description":"Poliisihallitus on my\u00f6nt\u00e4nyt P\u00e4\u00e4kaupunkiseudun el\u00e4insuojeluyhdistykselle toistaiseksi voimassa olevan rahanker\u00e4ysluvan 18.5.2021. Lupa on voimassa koko maassa Ahvenanmaata lukuunottamatta. Lupanumero on RA\/2021\/646. Rahanker\u00e4ystilin numero:\u00a0FI97 5447 0620 0861 32Yleinen viitenumero:\u00a05555\u00a0 Jos haluat kohdentaa lahjoituksen luonnonvaraisten el\u00e4inten auttamiseen, k\u00e4yt\u00e4 viitenumeroa&nbsp;4446 Erilliset hankintaviitteet T\u00e4ll\u00e4 hetkell\u00e4 ker\u00e4\u00e4mme rahaa kahteen tarpeelliseen hankintaan omilla viitteill\u00e4\u00e4n: 4459&nbsp;Siiliker\u00e4ys (apua orvoksi j\u00e4\u00e4neille ja loukkaantuneille siileille) 4556&nbsp;Verkkopyssyn [&hellip;]","og_url":"https:\/\/sey.fi\/paakaupunkiseudun-elainsuojeluyhdistys\/pk-esy\/haluatko-auttaa\/lahjoittaminen\/","og_site_name":"P\u00e4\u00e4kaupunkiseudun el\u00e4insuojeluyhdistys","article_modified_time":"2021-05-18T14:02:37+00:00","twitter_card":"summary_large_image","twitter_misc":{"Arvioitu lukuaika":"1 minuutti"},"schema":{"@context":"https:\/\/schema.org","@graph":[{"@type":"WebPage","@id":"https:\/\/sey.fi\/paakaupunkiseudun-elainsuojeluyhdistys\/pk-esy\/haluatko-auttaa\/lahjoittaminen\/","url":"https:\/\/sey.fi\/paakaupunkiseudun-elainsuojeluyhdistys\/pk-esy\/haluatko-auttaa\/lahjoittaminen\/","name":"Lahjoittaminen - P\u00e4\u00e4kaupunkiseudun el\u00e4insuojeluyhdistys","isPartOf":{"@id":"https:\/\/sey.fi\/paakaupunkiseudun-elainsuojeluyhdistys\/#website"},"datePublished":"2019-11-08T12:36:35+00:00","dateModified":"2021-05-18T14:02:37+00:00","breadcrumb":{"@id":"https:\/\/sey.fi\/paakaupunkiseudun-elainsuojeluyhdistys\/pk-esy\/haluatko-auttaa\/lahjoittaminen\/#breadcrumb"},"inLanguage":"fi","potentialAction":[{"@type":"ReadAction","target":["https:\/\/sey.fi\/paakaupunkiseudun-elainsuojeluyhdistys\/pk-esy\/haluatko-auttaa\/lahjoittaminen\/"]}]},{"@type":"BreadcrumbList","@id":"https:\/\/sey.fi\/paakaupunkiseudun-elainsuojeluyhdistys\/pk-esy\/haluatko-auttaa\/lahjoittaminen\/#breadcrumb","itemListElement":[{"@type":"ListItem","position":1,"name":"Home","item":"https:\/\/sey.fi\/paakaupunkiseudun-elainsuojeluyhdistys\/"},{"@type":"ListItem","position":2,"name":"P\u00e4\u00e4kaupunkiseudun el\u00e4insuojeluyhdistys","item":"https:\/\/sey.fi\/paakaupunkiseudun-elainsuojeluyhdistys\/"},{"@type":"ListItem","position":3,"name":"Haluatko auttaa?","item":"https:\/\/sey.fi\/paakaupunkiseudun-elainsuojeluyhdistys\/pk-esy\/haluatko-auttaa\/"},{"@type":"ListItem","position":4,"name":"Lahjoittaminen"}]},{"@type":"WebSite","@id":"https:\/\/sey.fi\/paakaupunkiseudun-elainsuojeluyhdistys\/#website","url":"https:\/\/sey.fi\/paakaupunkiseudun-elainsuojeluyhdistys\/","name":"P\u00e4\u00e4kaupunkiseudun el\u00e4insuojeluyhdistys","description":"Just another SEY J\u00e4senyhdistykset site","potentialAction":[{"@type":"SearchAction","target":{"@type":"EntryPoint","urlTemplate":"https:\/\/sey.fi\/paakaupunkiseudun-elainsuojeluyhdistys\/?s={search_term_string}"},"query-input":{"@type":"PropertyValueSpecification","valueRequired":true,"valueName":"search_term_string"}}],"inLanguage":"fi"}]}},"_links":{"self":[{"href":"https:\/\/sey.fi\/paakaupunkiseudun-elainsuojeluyhdistys\/wp-json\/wp\/v2\/pages\/60","targetHints":{"allow":["GET"]}}],"collection":[{"href":"https:\/\/sey.fi\/paakaupunkiseudun-elainsuojeluyhdistys\/wp-json\/wp\/v2\/pages"}],"about":[{"href":"https:\/\/sey.fi\/paakaupunkiseudun-elainsuojeluyhdistys\/wp-json\/wp\/v2\/types\/page"}],"author":[{"embeddable":true,"href":"https:\/\/sey.fi\/paakaupunkiseudun-elainsuojeluyhdistys\/wp-json\/wp\/v2\/users\/8"}],"replies":[{"embeddable":true,"href":"https:\/\/sey.fi\/paakaupunkiseudun-elainsuojeluyhdistys\/wp-json\/wp\/v2\/comments?post=60"}],"version-history":[{"count":3,"href":"https:\/\/sey.fi\/paakaupunkiseudun-elainsuojeluyhdistys\/wp-json\/wp\/v2\/pages\/60\/revisions"}],"predecessor-version":[{"id":105,"href":"https:\/\/sey.fi\/paakaupunkiseudun-elainsuojeluyhdistys\/wp-json\/wp\/v2\/pages\/60\/revisions\/105"}],"up":[{"embeddable":true,"href":"https:\/\/sey.fi\/paakaupunkiseudun-elainsuojeluyhdistys\/wp-json\/wp\/v2\/pages\/58"}],"wp:attachment":[{"href":"https:\/\/sey.fi\/paakaupunkiseudun-elainsuojeluyhdistys\/wp-json\/wp\/v2\/media?parent=60"}],"curies":[{"name":"wp","href":"https:\/\/api.w.org\/{rel}","templated":true}]}}