{"id":30,"date":"2019-11-04T15:42:27","date_gmt":"2019-11-04T13:42:27","guid":{"rendered":"http:\/\/srvr10.xetpoint.com\/~seyfi\/pernio\/?page_id=30"},"modified":"2019-11-04T15:42:28","modified_gmt":"2019-11-04T13:42:28","slug":"haluatko-auttaa","status":"publish","type":"page","link":"https:\/\/sey.fi\/pernio\/pernion-seudun-elainsuojeluyhdistys\/haluatko-auttaa\/","title":{"rendered":"Haluatko auttaa?"},"content":{"rendered":"\n<figure class=\"wp-block-image\"><img decoding=\"async\" src=\"http:\/\/pernio.sey.fi\/images\/pernio-banneri.jpg\" alt=\"\" \/><\/figure>\n\n\n\n<p>Jotta saisimme turvattua el\u00e4insuojeluty\u00f6n jatkumisen paikkakunnalla, tarvitsemme lis\u00e4\u00e4 vapaaehtoisia henkil\u00f6it\u00e4 tulemaan mukaan yhdistyksen toimintaan. Yhdess\u00e4 kehitt\u00e4m\u00e4ll\u00e4 yhdistyksen toimintaa, voimme saada paljon hyv\u00e4\u00e4 aikaan!<\/p>\n\n\n\n<p>Yhdistys on maksanut kulukorvauksia l\u00f6yt\u00f6el\u00e4inten ja muidenkin avun tarpeessa olevien el\u00e4inten kuljetuksista ja hoidoista. N\u00e4it\u00e4 rahoja on hankittu yhdistykselle myyj\u00e4isist\u00e4 ja tapahtumista.<\/p>\n\n\n\n<p>Jos haluatte mukaan toimintaan, niin ilmoittautukaa puhelimitse 050-339 6557&nbsp; tai&nbsp; 045 212 1151 tai s\u00e4hk\u00f6postitse&nbsp;<a href=\"mailto:leena.aho@gmail.com\">leena.aho@gmail.com<\/a>&nbsp; tai&nbsp;<a href=\"mailto:sanna.timonen7@gmail.com\">pernion.esy@gmail.com<\/a><\/p>\n","protected":false},"excerpt":{"rendered":"<p>Jotta saisimme turvattua el\u00e4insuojeluty\u00f6n jatkumisen paikkakunnalla, tarvitsemme lis\u00e4\u00e4 vapaaehtoisia henkil\u00f6it\u00e4 tulemaan mukaan yhdistyksen toimintaan. Yhdess\u00e4 kehitt\u00e4m\u00e4ll\u00e4 yhdistyksen toimintaa, voimme saada paljon hyv\u00e4\u00e4 aikaan! Yhdistys on maksanut kulukorvauksia l\u00f6yt\u00f6el\u00e4inten ja muidenkin avun tarpeessa olevien el\u00e4inten kuljetuksista ja hoidoista. N\u00e4it\u00e4 rahoja on hankittu yhdistykselle myyj\u00e4isist\u00e4 ja tapahtumista. Jos haluatte mukaan toimintaan, niin ilmoittautukaa puhelimitse 050-339 6557&nbsp; tai&nbsp; [&hellip;]<\/p>\n","protected":false},"author":8,"featured_media":0,"parent":2,"menu_order":0,"comment_status":"closed","ping_status":"closed","template":"","meta":{"_acf_changed":false,"footnotes":""},"class_list":["post-30","page","type-page","status-publish","hentry"],"acf":[],"yoast_head":"<!-- This site is optimized with the Yoast SEO plugin v27.1.1 - https:\/\/yoast.com\/product\/yoast-seo-wordpress\/ -->\n<title>Haluatko auttaa? - Perni\u00f6n seudun el\u00e4insuojeluyhdistys<\/title>\n<meta name=\"robots\" content=\"index, follow, max-snippet:-1, max-image-preview:large, max-video-preview:-1\" \/>\n<link rel=\"canonical\" href=\"https:\/\/sey.fi\/pernio\/pernion-seudun-elainsuojeluyhdistys\/haluatko-auttaa\/\" \/>\n<meta property=\"og:locale\" content=\"fi_FI\" \/>\n<meta property=\"og:type\" content=\"article\" \/>\n<meta property=\"og:title\" content=\"Haluatko auttaa? - Perni\u00f6n seudun el\u00e4insuojeluyhdistys\" \/>\n<meta property=\"og:description\" content=\"Jotta saisimme turvattua el\u00e4insuojeluty\u00f6n jatkumisen paikkakunnalla, tarvitsemme lis\u00e4\u00e4 vapaaehtoisia henkil\u00f6it\u00e4 tulemaan mukaan yhdistyksen toimintaan. Yhdess\u00e4 kehitt\u00e4m\u00e4ll\u00e4 yhdistyksen toimintaa, voimme saada paljon hyv\u00e4\u00e4 aikaan! Yhdistys on maksanut kulukorvauksia l\u00f6yt\u00f6el\u00e4inten ja muidenkin avun tarpeessa olevien el\u00e4inten kuljetuksista ja hoidoista. N\u00e4it\u00e4 rahoja on hankittu yhdistykselle myyj\u00e4isist\u00e4 ja tapahtumista. Jos haluatte mukaan toimintaan, niin ilmoittautukaa puhelimitse 050-339 6557&nbsp; tai&nbsp; [&hellip;]\" \/>\n<meta property=\"og:url\" content=\"https:\/\/sey.fi\/pernio\/pernion-seudun-elainsuojeluyhdistys\/haluatko-auttaa\/\" \/>\n<meta property=\"og:site_name\" content=\"Perni\u00f6n seudun el\u00e4insuojeluyhdistys\" \/>\n<meta property=\"article:modified_time\" content=\"2019-11-04T13:42:28+00:00\" \/>\n<meta property=\"og:image\" content=\"http:\/\/pernio.sey.fi\/images\/pernio-banneri.jpg\" \/>\n<meta name=\"twitter:card\" content=\"summary_large_image\" \/>\n<script type=\"application\/ld+json\" class=\"yoast-schema-graph\">{\"@context\":\"https:\/\/schema.org\",\"@graph\":[{\"@type\":\"WebPage\",\"@id\":\"https:\/\/sey.fi\/pernio\/pernion-seudun-elainsuojeluyhdistys\/haluatko-auttaa\/\",\"url\":\"https:\/\/sey.fi\/pernio\/pernion-seudun-elainsuojeluyhdistys\/haluatko-auttaa\/\",\"name\":\"Haluatko auttaa? - Perni\u00f6n seudun el\u00e4insuojeluyhdistys\",\"isPartOf\":{\"@id\":\"https:\/\/sey.fi\/pernio\/#website\"},\"primaryImageOfPage\":{\"@id\":\"https:\/\/sey.fi\/pernio\/pernion-seudun-elainsuojeluyhdistys\/haluatko-auttaa\/#primaryimage\"},\"image\":{\"@id\":\"https:\/\/sey.fi\/pernio\/pernion-seudun-elainsuojeluyhdistys\/haluatko-auttaa\/#primaryimage\"},\"thumbnailUrl\":\"http:\/\/pernio.sey.fi\/images\/pernio-banneri.jpg\",\"datePublished\":\"2019-11-04T13:42:27+00:00\",\"dateModified\":\"2019-11-04T13:42:28+00:00\",\"breadcrumb\":{\"@id\":\"https:\/\/sey.fi\/pernio\/pernion-seudun-elainsuojeluyhdistys\/haluatko-auttaa\/#breadcrumb\"},\"inLanguage\":\"fi\",\"potentialAction\":[{\"@type\":\"ReadAction\",\"target\":[\"https:\/\/sey.fi\/pernio\/pernion-seudun-elainsuojeluyhdistys\/haluatko-auttaa\/\"]}]},{\"@type\":\"ImageObject\",\"inLanguage\":\"fi\",\"@id\":\"https:\/\/sey.fi\/pernio\/pernion-seudun-elainsuojeluyhdistys\/haluatko-auttaa\/#primaryimage\",\"url\":\"http:\/\/pernio.sey.fi\/images\/pernio-banneri.jpg\",\"contentUrl\":\"http:\/\/pernio.sey.fi\/images\/pernio-banneri.jpg\"},{\"@type\":\"BreadcrumbList\",\"@id\":\"https:\/\/sey.fi\/pernio\/pernion-seudun-elainsuojeluyhdistys\/haluatko-auttaa\/#breadcrumb\",\"itemListElement\":[{\"@type\":\"ListItem\",\"position\":1,\"name\":\"Home\",\"item\":\"https:\/\/sey.fi\/pernio\/\"},{\"@type\":\"ListItem\",\"position\":2,\"name\":\"Perni\u00f6n seudun el\u00e4insuojeluyhdistys\",\"item\":\"https:\/\/sey.fi\/pernio\/\"},{\"@type\":\"ListItem\",\"position\":3,\"name\":\"Haluatko auttaa?\"}]},{\"@type\":\"WebSite\",\"@id\":\"https:\/\/sey.fi\/pernio\/#website\",\"url\":\"https:\/\/sey.fi\/pernio\/\",\"name\":\"Perni\u00f6n seudun el\u00e4insuojeluyhdistys\",\"description\":\"Uusi SEY J\u00e4senyhdistykset -sivusto\",\"potentialAction\":[{\"@type\":\"SearchAction\",\"target\":{\"@type\":\"EntryPoint\",\"urlTemplate\":\"https:\/\/sey.fi\/pernio\/?s={search_term_string}\"},\"query-input\":{\"@type\":\"PropertyValueSpecification\",\"valueRequired\":true,\"valueName\":\"search_term_string\"}}],\"inLanguage\":\"fi\"}]}<\/script>\n<!-- \/ Yoast SEO plugin. -->","yoast_head_json":{"title":"Haluatko auttaa? - Perni\u00f6n seudun el\u00e4insuojeluyhdistys","robots":{"index":"index","follow":"follow","max-snippet":"max-snippet:-1","max-image-preview":"max-image-preview:large","max-video-preview":"max-video-preview:-1"},"canonical":"https:\/\/sey.fi\/pernio\/pernion-seudun-elainsuojeluyhdistys\/haluatko-auttaa\/","og_locale":"fi_FI","og_type":"article","og_title":"Haluatko auttaa? - Perni\u00f6n seudun el\u00e4insuojeluyhdistys","og_description":"Jotta saisimme turvattua el\u00e4insuojeluty\u00f6n jatkumisen paikkakunnalla, tarvitsemme lis\u00e4\u00e4 vapaaehtoisia henkil\u00f6it\u00e4 tulemaan mukaan yhdistyksen toimintaan. Yhdess\u00e4 kehitt\u00e4m\u00e4ll\u00e4 yhdistyksen toimintaa, voimme saada paljon hyv\u00e4\u00e4 aikaan! Yhdistys on maksanut kulukorvauksia l\u00f6yt\u00f6el\u00e4inten ja muidenkin avun tarpeessa olevien el\u00e4inten kuljetuksista ja hoidoista. N\u00e4it\u00e4 rahoja on hankittu yhdistykselle myyj\u00e4isist\u00e4 ja tapahtumista. Jos haluatte mukaan toimintaan, niin ilmoittautukaa puhelimitse 050-339 6557&nbsp; tai&nbsp; [&hellip;]","og_url":"https:\/\/sey.fi\/pernio\/pernion-seudun-elainsuojeluyhdistys\/haluatko-auttaa\/","og_site_name":"Perni\u00f6n seudun el\u00e4insuojeluyhdistys","article_modified_time":"2019-11-04T13:42:28+00:00","og_image":[{"url":"http:\/\/pernio.sey.fi\/images\/pernio-banneri.jpg","type":"","width":"","height":""}],"twitter_card":"summary_large_image","schema":{"@context":"https:\/\/schema.org","@graph":[{"@type":"WebPage","@id":"https:\/\/sey.fi\/pernio\/pernion-seudun-elainsuojeluyhdistys\/haluatko-auttaa\/","url":"https:\/\/sey.fi\/pernio\/pernion-seudun-elainsuojeluyhdistys\/haluatko-auttaa\/","name":"Haluatko auttaa? - Perni\u00f6n seudun el\u00e4insuojeluyhdistys","isPartOf":{"@id":"https:\/\/sey.fi\/pernio\/#website"},"primaryImageOfPage":{"@id":"https:\/\/sey.fi\/pernio\/pernion-seudun-elainsuojeluyhdistys\/haluatko-auttaa\/#primaryimage"},"image":{"@id":"https:\/\/sey.fi\/pernio\/pernion-seudun-elainsuojeluyhdistys\/haluatko-auttaa\/#primaryimage"},"thumbnailUrl":"http:\/\/pernio.sey.fi\/images\/pernio-banneri.jpg","datePublished":"2019-11-04T13:42:27+00:00","dateModified":"2019-11-04T13:42:28+00:00","breadcrumb":{"@id":"https:\/\/sey.fi\/pernio\/pernion-seudun-elainsuojeluyhdistys\/haluatko-auttaa\/#breadcrumb"},"inLanguage":"fi","potentialAction":[{"@type":"ReadAction","target":["https:\/\/sey.fi\/pernio\/pernion-seudun-elainsuojeluyhdistys\/haluatko-auttaa\/"]}]},{"@type":"ImageObject","inLanguage":"fi","@id":"https:\/\/sey.fi\/pernio\/pernion-seudun-elainsuojeluyhdistys\/haluatko-auttaa\/#primaryimage","url":"http:\/\/pernio.sey.fi\/images\/pernio-banneri.jpg","contentUrl":"http:\/\/pernio.sey.fi\/images\/pernio-banneri.jpg"},{"@type":"BreadcrumbList","@id":"https:\/\/sey.fi\/pernio\/pernion-seudun-elainsuojeluyhdistys\/haluatko-auttaa\/#breadcrumb","itemListElement":[{"@type":"ListItem","position":1,"name":"Home","item":"https:\/\/sey.fi\/pernio\/"},{"@type":"ListItem","position":2,"name":"Perni\u00f6n seudun el\u00e4insuojeluyhdistys","item":"https:\/\/sey.fi\/pernio\/"},{"@type":"ListItem","position":3,"name":"Haluatko auttaa?"}]},{"@type":"WebSite","@id":"https:\/\/sey.fi\/pernio\/#website","url":"https:\/\/sey.fi\/pernio\/","name":"Perni\u00f6n seudun el\u00e4insuojeluyhdistys","description":"Uusi SEY J\u00e4senyhdistykset -sivusto","potentialAction":[{"@type":"SearchAction","target":{"@type":"EntryPoint","urlTemplate":"https:\/\/sey.fi\/pernio\/?s={search_term_string}"},"query-input":{"@type":"PropertyValueSpecification","valueRequired":true,"valueName":"search_term_string"}}],"inLanguage":"fi"}]}},"_links":{"self":[{"href":"https:\/\/sey.fi\/pernio\/wp-json\/wp\/v2\/pages\/30","targetHints":{"allow":["GET"]}}],"collection":[{"href":"https:\/\/sey.fi\/pernio\/wp-json\/wp\/v2\/pages"}],"about":[{"href":"https:\/\/sey.fi\/pernio\/wp-json\/wp\/v2\/types\/page"}],"author":[{"embeddable":true,"href":"https:\/\/sey.fi\/pernio\/wp-json\/wp\/v2\/users\/8"}],"replies":[{"embeddable":true,"href":"https:\/\/sey.fi\/pernio\/wp-json\/wp\/v2\/comments?post=30"}],"version-history":[{"count":1,"href":"https:\/\/sey.fi\/pernio\/wp-json\/wp\/v2\/pages\/30\/revisions"}],"predecessor-version":[{"id":31,"href":"https:\/\/sey.fi\/pernio\/wp-json\/wp\/v2\/pages\/30\/revisions\/31"}],"up":[{"embeddable":true,"href":"https:\/\/sey.fi\/pernio\/wp-json\/wp\/v2\/pages\/2"}],"wp:attachment":[{"href":"https:\/\/sey.fi\/pernio\/wp-json\/wp\/v2\/media?parent=30"}],"curies":[{"name":"wp","href":"https:\/\/api.w.org\/{rel}","templated":true}]}}