{"id":47,"date":"2019-11-04T15:54:14","date_gmt":"2019-11-04T13:54:14","guid":{"rendered":"http:\/\/srvr10.xetpoint.com\/~seyfi\/pernio\/?page_id=47"},"modified":"2019-11-04T15:54:15","modified_gmt":"2019-11-04T13:54:15","slug":"kissan-etsiminen","status":"publish","type":"page","link":"https:\/\/sey.fi\/pernio\/pernion-seudun-elainsuojeluyhdistys\/loytoelaimet\/kissan-etsiminen\/","title":{"rendered":"Kissan etsiminen"},"content":{"rendered":"\n<p>Kadonneen kissan&nbsp;<strong>etsiminen aloitetaan heti.<\/strong><br>Karkaamispaikalle j\u00e4tet\u00e4\u00e4n omistajan vaate tai reppu ellei sinne saada p\u00e4ivyst\u00e4j\u00e4\u00e4. Aluksi paikalla on hyv\u00e4 k\u00e4yd\u00e4 1-1,5 tunnin v\u00e4lein. Heti ensitilassa karkaamispaikalle vied\u00e4\u00e4n ruokaa ja kadonneen kissan petivaate.<\/p>\n\n\n\n<p>Jos valjaissa oleva kissa pel\u00e4styy ja karkaa,&nbsp;<strong>\u00e4l\u00e4 juokse sen per\u00e4\u00e4n.<\/strong>&nbsp;Per\u00e4\u00e4n juokseminen saa kissan vaistomaisen pakoreaktion k\u00e4ynnistym\u00e4\u00e4n. Kyykisty maahan ja houkuttele kissaa luoksesi puhelemalla rauhallisesti. \u00c4l\u00e4 tuijota kissaa herke\u00e4m\u00e4tt\u00e4 silmiin, vaan sulje v\u00e4lill\u00e4 silm\u00e4si hitaasti,&nbsp;<strong>siristele silmi\u00e4si tai k\u00e4\u00e4nn\u00e4 katseesi sivuun<\/strong>. Suoraan kohti tuijottaminen on kissojen kielell\u00e4 uhkaus, katseen sivuun k\u00e4\u00e4nt\u00e4minen tai silmien sulkeminen taas rauhoittava ja yst\u00e4v\u00e4llinen ele. Jos kissa tulee kosketuset\u00e4isyydelle, anna sen ensin haistella ojennettua k\u00e4tt\u00e4si. Rapsuta sit\u00e4 varovasti poskesta, silit\u00e4 selk\u00e4\u00e4 ja juttele edelleen. Nosta sitten kissa syliin varmalla ja lujalla otteella. Voit my\u00f6s&nbsp;<strong>houkutella kissaa luoksesi my\u00f6s leikin varjolla<\/strong>: heiluttele maassa talutushihnaa, pitk\u00e4\u00e4 hein\u00e4nkortta tai notkeaa ohutta oksaa tai rapistele kuivia lehti\u00e4 k\u00e4dell\u00e4si. Jos kissa innostuu leikist\u00e4, anna sen ensin pari kertaa hy\u00f6k\u00e4t\u00e4 ja paeta kauemmas. Innostuessaan kissa unohtaa varovaisuutensa ja sen saa kiinni.<\/p>\n\n\n\n<p>Jos kissa kaikesta huolimatta pakenee,&nbsp;<strong>yrit\u00e4 seurata sit\u00e4 rauhallisesti<\/strong>. Tarkoitus on saada selville, minne kissan herkkuruokaa vied\u00e4\u00e4n sen esille houkuttelemiseksi. Houkuttelussa saattaa olla apua kuljetuskopasta. Jotkut kissat kuitenkin pelk\u00e4\u00e4v\u00e4t kuljetuskoppaa &#8211; ne houkutellaan l\u00e4hiet\u00e4isyydelle ruokalautasen avulla ja otetaan kiinni k\u00e4sin. Kuljetuskoppa pidet\u00e4\u00e4n piilossa kissan kiinni saamiseen asti. Turvallisinta on laittaa kuljetuslaatikkoa pelk\u00e4\u00e4v\u00e4 kissa koppaan suljetussa tilassa, esimerkiksi autossa.<\/p>\n\n\n\n<p>Jotkut kissat rient\u00e4v\u00e4t luokse heti, kun kuulevat ruokapurkin avaamisen \u00e4\u00e4nen. Jos kissa ei uskalla tulla esille, laita pieni lusikallinen ruokaa lautaselle tuulen yl\u00e4puolelle ja per\u00e4\u00e4nny kauemmaksi odottamaan. Jos kissa sy\u00f6 ruuan, laita seuraava pieni annos kuljetuskopan suulle ja per\u00e4\u00e4nny v\u00e4h\u00e4n v\u00e4hemm\u00e4n kuin edelliskerralla. Seuraava annos laitetaan kuljetuskoppaan sis\u00e4lle. Per\u00e4\u00e4ntymismatkaa pienennet\u00e4\u00e4n kerta kerralta niin, ett\u00e4 lopulta saat olla vieress\u00e4 kissan sy\u00f6dess\u00e4. Lopuksi laitetaan reilu ruoka-annos kuljetuskoppaan sis\u00e4lle. Kun kissa istuu rauhassa sy\u00f6m\u00e4\u00e4n, koppa suljetaan nopeasti ja v\u00e4h\u00e4eleisesti. Jos kissaa on ruokittu lautaselle, j\u00e4\u00e4d\u00e4\u00e4n lopuksi seuraamaan sy\u00f6mist\u00e4 kosketuset\u00e4isyydelle. Kissaa rapsutetaan varovasti poskesta, silitet\u00e4\u00e4n sel\u00e4st\u00e4 ja lopuksi se nostetaan varmalla ja lujalla otteella syliin.<\/p>\n\n\n\n<p>Kissa ei yleens\u00e4 vieraallakaan paikkakunnalla mene et\u00e4\u00e4lle karkaamispaikasta, ellei toinen kissa tai joku muu el\u00e4in karkota sit\u00e4. Kissa voi tulla kutsumallakin esille.&nbsp;<strong>Useimmat karanneet kissat eiv\u00e4t l\u00e4hde kovin et\u00e4\u00e4lle l\u00e4ht\u00f6paikasta.<\/strong>&nbsp;Etenkin sis\u00e4kissat j\u00e4\u00e4v\u00e4t katoamispaikan l\u00e4helle. Er\u00e4s sis\u00e4kissa l\u00f6ytyi kuukauden p\u00e4\u00e4st\u00e4 katoamispaikan kivijalasta, toinen 10 p\u00e4iv\u00e4n p\u00e4\u00e4st\u00e4 100\u2013300 metrin p\u00e4\u00e4st\u00e4 katoamispaikasta. Mutta poikkeuksiakin toki l\u00f6ytyy ja mm. utelias kissa saattaa livahtaa avoimesta auton ovesta sis\u00e4lle ja joutua matkojen p\u00e4\u00e4h\u00e4n.<\/p>\n\n\n\n<p>Kun kissa on karannut hoitopaikasta, m\u00f6kilt\u00e4, uudesta kodista tms. sit\u00e4 varten pidet\u00e4\u00e4n ulkona ruokaa. J\u00e4tet\u00e4\u00e4n my\u00f6s laatikko, kuljetuskoppa yms., jossa on tutuntuoksuinen vaate. Onpa joku pit\u00e4nyt ruokaa eteisess\u00e4kin, ja kun kissa on tullut avoimesta ovesta sy\u00f6m\u00e4\u00e4n, on ovi suljettu ja saatu kissa kiinni. Kun katoamisesta on kulunut aikaa, niin otetaan k\u00e4ytt\u00f6\u00f6n loukku. Er\u00e4s kissa h\u00e4visi m\u00f6kilt\u00e4 1,5 kuukaudeksi. Kaksi tuntia loukun viritt\u00e4misen j\u00e4lkeen se meni loukkuun vaikka siit\u00e4 ei ollut n\u00e4kynyt vilaustakaan koko aikana.<\/p>\n\n\n\n<p>Kun kissa on kateissa,&nbsp;<strong>tutki katoamisalueen ja ymp\u00e4rist\u00f6n piilopaikat<\/strong>, kerrostalossa kellaritilat, ladot, kojut (lukitutkin; kissa p\u00e4\u00e4see pienest\u00e4 rei\u00e4st\u00e4 sis\u00e4\u00e4n, mutta ei ehk\u00e4 en\u00e4\u00e4 ulos), teiden alla kulkevat ojarummut, puunoksat ym. Jos kissa on tottunut koiriin, ota koira mukaan etsim\u00e4\u00e4n. Voit my\u00f6s k\u00e4ytt\u00e4\u00e4 toista kissaa etsimisen apuna. Etsinn\u00e4ss\u00e4 k\u00e4ytett\u00e4v\u00e4\u00e4 koiraa\/kissaa pidet\u00e4\u00e4n pitk\u00e4ss\u00e4 hihnassa, ettei sekin katoa. Etsij\u00e4kissa yritet\u00e4\u00e4n saada maukumaan, jotta karkulainen kuulee kaverinsa olevan maisemissa.<\/p>\n\n\n\n<p>Monista&nbsp;<strong>kissoista tulee karkumatkalla h\u00e4m\u00e4r\u00e4ss\u00e4 liikkujia<\/strong>. Yleens\u00e4 on suurempi mahdollisuus l\u00f6yt\u00e4\u00e4 kissa, kun alkaa h\u00e4m\u00e4rt\u00e4\u00e4 ja ymp\u00e4rist\u00f6 hiljenee. T\u00e4ll\u00f6in ne my\u00f6s menev\u00e4t paremmin loukkuun. Kissa voi my\u00f6s olla niin arka tai peloissaan, ett\u00e4 se piilottelee vaikka kuulee tutun \u00e4\u00e4nen.<\/p>\n\n\n\n<h3 class=\"wp-block-heading\"><strong>Ohjeita aran kissan kiinni saamiseksi<\/strong><\/h3>\n\n\n\n<p>Hyvin arkaa tai paniikkiin joutunutta kissaa ei saa kiinni maanitellen, leikitt\u00e4en tai laittamalla ruokaa kuljetuskoppaan. Se on parasta totuttaa saamaan ruokaa joka p\u00e4iv\u00e4 tietyss\u00e4 paikassa tiettyyn aikaan. Ruoka j\u00e4tet\u00e4\u00e4n esille p\u00e4\u00e4st\u00e4 auki leikatun pahvilaatikon per\u00e4lle h\u00e4m\u00e4r\u00e4n tultua ja korjataan aamulla aikaisin pois. P\u00e4iv\u00e4ll\u00e4 esill\u00e4 oleva ruoka houkuttelee paikalle \u00e4\u00e4nekk\u00e4\u00e4n lintuparven. Siilit pysyv\u00e4t poissa ruokintalaatikosta, kun se nostetaan reilun 10 sentin korkeudelle maasta. S\u00e4\u00e4nn\u00f6llisesti sy\u00f6m\u00e4ss\u00e4 k\u00e4yv\u00e4n kissan saa turvallisesti kiinni pyydyslaatikolla tai loukulla, joita voi tiedustella lainaksi el\u00e4insuojeluyhdistyksist\u00e4, l\u00f6yt\u00f6el\u00e4inten talteenottopaikoista, el\u00e4insuojeluneuvojilta, terveystarkastajilta, mets\u00e4st\u00e4jilt\u00e4, koiraetsij\u00f6ilt\u00e4 jne. Pyydyslaatikon\/loukun k\u00e4ytt\u00e4minen vaatii aina maanomistajan luvan.<\/p>\n\n\n\n<h3 class=\"wp-block-heading\"><strong>Kissan loukuttaminen<\/strong><\/h3>\n\n\n\n<p>Loukku (tai pyydyslaatikko) tulee olla suojassa ohikulkijoiden katseilta ja n\u00e4in my\u00f6s ilkivallalta. Loukku kannattaa viritt\u00e4\u00e4 etenkin y\u00f6n ajaksi jolloin kissat mieluummin liikkuvat. Loukku tarkastetaan joka aamu varhain. Loukkua voi pit\u00e4\u00e4 viritettyn\u00e4 my\u00f6s p\u00e4ivisin. Ruokaa laitetaan hieman loukun suulle houkuttimeksi.<\/p>\n\n\n\n<p>Kissanloukun per\u00e4lle sijoitetaan voimakastuoksuista kissanruokaa; esim. Shebaa, savusilakoita tms. tai muuta ruokaa, johon kissa on tottunut ja ehk\u00e4 my\u00f6s karanneen kissan petivaate tai omistajan vaate. Loukku viritet\u00e4\u00e4n heti laukaisuvalmiiksi. Kun virit\u00e4t loukun, tarkista viel\u00e4, ett\u00e4 se varmasti toimii. Tyynell\u00e4 s\u00e4\u00e4ll\u00e4 loukun voi viritt\u00e4\u00e4 hyvin herk\u00e4lle, tuulisella s\u00e4\u00e4ll\u00e4 siten ettei tuulenpuuska laukaise loukkua. N\u00e4lk\u00e4inen kissa voi menn\u00e4 loukkuun jo ensimm\u00e4isen\u00e4 p\u00e4iv\u00e4n\u00e4. Ellei, niin ruoka vaihdetaan p\u00e4ivitt\u00e4in. Kes\u00e4ll\u00e4 se pilaantuu ja talvella j\u00e4\u00e4tyy.<\/p>\n\n\n\n<p>Muista tarkastaa loukku tarpeeksi usein, kes\u00e4ll\u00e4 v\u00e4hint\u00e4\u00e4n kahdesti p\u00e4iv\u00e4ss\u00e4, talvella tai kuumalla s\u00e4\u00e4ll\u00e4 joka toinen tunti. Aina parempi mit\u00e4 useimmin loukun p\u00e4\u00e4see tarkastamaan. Pyydyslaatikko toimii itsess\u00e4\u00e4n my\u00f6s s\u00e4\u00e4nsuojana.<\/p>\n\n\n\n<p>Usein loukkuun menee vieraita kissoja. Ne toimitetaan omistajalle tai ellei omistajaa tiedet\u00e4, kiinniottoalueen talteenottopaikkaan, jos kissa on huonokuntoinen. Kissan voi p\u00e4\u00e4st\u00e4\u00e4 vapaaksikin, jos se on hyv\u00e4kuntoinen. L\u00f6yt\u00f6el\u00e4intaloon toimitetusta kissasta kannattaa ilmoittaa lehdiss\u00e4, laittaa ilmoituksia loukutuspaikan l\u00e4helle ja puhella ihmisille.<br><br>Tekstin kokosi &amp; muokkasi Ulla R\u00e4s\u00e4nen\/Leena Aho seuraavista l\u00e4hteist\u00e4, joissa tekstit kokonaisuudessaan:<\/p>\n\n\n\n<h4 class=\"wp-block-heading\"><a href=\"http:\/\/www.hesy.fi\/\">www.hesy.fi<\/a><\/h4>\n\n\n\n<h4 class=\"wp-block-heading\"><a href=\"http:\/\/www.karkurit.fi\/\">www.karkurit.fi<\/a><\/h4>\n\n\n\n<p>Jotkut etsij\u00e4koirat etsiv\u00e4t my\u00f6s kissoja. Koiraetsij\u00e4t ry:n p\u00e4ivystysnumero: 040\u2013724 8614&nbsp;<a href=\"http:\/\/www.etsijakoiraliitto.fi\/\">http:\/\/www.etsijakoiraliitto.fi\/<\/a><\/p>\n\n\n\n<p>Kissan kadotessa neuvoa voi kysy\u00e4 my\u00f6s Hesylt\u00e4, p. 09\u2013777 4225 (ma-pe klo 10\u201317)<\/p>\n\n\n\n<h4 class=\"wp-block-heading\"><a href=\"http:\/\/www.hesy.fi\/\">www.hesy.fi<\/a><\/h4>\n","protected":false},"excerpt":{"rendered":"<p>Kadonneen kissan&nbsp;etsiminen aloitetaan heti.Karkaamispaikalle j\u00e4tet\u00e4\u00e4n omistajan vaate tai reppu ellei sinne saada p\u00e4ivyst\u00e4j\u00e4\u00e4. Aluksi paikalla on hyv\u00e4 k\u00e4yd\u00e4 1-1,5 tunnin v\u00e4lein. Heti ensitilassa karkaamispaikalle vied\u00e4\u00e4n ruokaa ja kadonneen kissan petivaate. Jos valjaissa oleva kissa pel\u00e4styy ja karkaa,&nbsp;\u00e4l\u00e4 juokse sen per\u00e4\u00e4n.&nbsp;Per\u00e4\u00e4n juokseminen saa kissan vaistomaisen pakoreaktion k\u00e4ynnistym\u00e4\u00e4n. Kyykisty maahan ja houkuttele kissaa luoksesi puhelemalla rauhallisesti. \u00c4l\u00e4 [&hellip;]<\/p>\n","protected":false},"author":8,"featured_media":0,"parent":34,"menu_order":0,"comment_status":"closed","ping_status":"closed","template":"","meta":{"_acf_changed":false,"footnotes":""},"class_list":["post-47","page","type-page","status-publish","hentry"],"acf":[],"yoast_head":"<!-- This site is optimized with the Yoast SEO plugin v27.1.1 - https:\/\/yoast.com\/product\/yoast-seo-wordpress\/ -->\n<title>Kissan etsiminen - Perni\u00f6n seudun el\u00e4insuojeluyhdistys<\/title>\n<meta name=\"robots\" content=\"index, follow, max-snippet:-1, max-image-preview:large, max-video-preview:-1\" \/>\n<link rel=\"canonical\" href=\"https:\/\/sey.fi\/pernio\/pernion-seudun-elainsuojeluyhdistys\/loytoelaimet\/kissan-etsiminen\/\" \/>\n<meta property=\"og:locale\" content=\"fi_FI\" \/>\n<meta property=\"og:type\" content=\"article\" \/>\n<meta property=\"og:title\" content=\"Kissan etsiminen - Perni\u00f6n seudun el\u00e4insuojeluyhdistys\" \/>\n<meta property=\"og:description\" content=\"Kadonneen kissan&nbsp;etsiminen aloitetaan heti.Karkaamispaikalle j\u00e4tet\u00e4\u00e4n omistajan vaate tai reppu ellei sinne saada p\u00e4ivyst\u00e4j\u00e4\u00e4. Aluksi paikalla on hyv\u00e4 k\u00e4yd\u00e4 1-1,5 tunnin v\u00e4lein. Heti ensitilassa karkaamispaikalle vied\u00e4\u00e4n ruokaa ja kadonneen kissan petivaate. Jos valjaissa oleva kissa pel\u00e4styy ja karkaa,&nbsp;\u00e4l\u00e4 juokse sen per\u00e4\u00e4n.&nbsp;Per\u00e4\u00e4n juokseminen saa kissan vaistomaisen pakoreaktion k\u00e4ynnistym\u00e4\u00e4n. Kyykisty maahan ja houkuttele kissaa luoksesi puhelemalla rauhallisesti. \u00c4l\u00e4 [&hellip;]\" \/>\n<meta property=\"og:url\" content=\"https:\/\/sey.fi\/pernio\/pernion-seudun-elainsuojeluyhdistys\/loytoelaimet\/kissan-etsiminen\/\" \/>\n<meta property=\"og:site_name\" content=\"Perni\u00f6n seudun el\u00e4insuojeluyhdistys\" \/>\n<meta property=\"article:modified_time\" content=\"2019-11-04T13:54:15+00:00\" \/>\n<meta name=\"twitter:card\" content=\"summary_large_image\" \/>\n<meta name=\"twitter:label1\" content=\"Arvioitu lukuaika\" \/>\n\t<meta name=\"twitter:data1\" content=\"6 minuuttia\" \/>\n<script type=\"application\/ld+json\" class=\"yoast-schema-graph\">{\"@context\":\"https:\/\/schema.org\",\"@graph\":[{\"@type\":\"WebPage\",\"@id\":\"https:\/\/sey.fi\/pernio\/pernion-seudun-elainsuojeluyhdistys\/loytoelaimet\/kissan-etsiminen\/\",\"url\":\"https:\/\/sey.fi\/pernio\/pernion-seudun-elainsuojeluyhdistys\/loytoelaimet\/kissan-etsiminen\/\",\"name\":\"Kissan etsiminen - Perni\u00f6n seudun el\u00e4insuojeluyhdistys\",\"isPartOf\":{\"@id\":\"https:\/\/sey.fi\/pernio\/#website\"},\"datePublished\":\"2019-11-04T13:54:14+00:00\",\"dateModified\":\"2019-11-04T13:54:15+00:00\",\"breadcrumb\":{\"@id\":\"https:\/\/sey.fi\/pernio\/pernion-seudun-elainsuojeluyhdistys\/loytoelaimet\/kissan-etsiminen\/#breadcrumb\"},\"inLanguage\":\"fi\",\"potentialAction\":[{\"@type\":\"ReadAction\",\"target\":[\"https:\/\/sey.fi\/pernio\/pernion-seudun-elainsuojeluyhdistys\/loytoelaimet\/kissan-etsiminen\/\"]}]},{\"@type\":\"BreadcrumbList\",\"@id\":\"https:\/\/sey.fi\/pernio\/pernion-seudun-elainsuojeluyhdistys\/loytoelaimet\/kissan-etsiminen\/#breadcrumb\",\"itemListElement\":[{\"@type\":\"ListItem\",\"position\":1,\"name\":\"Home\",\"item\":\"https:\/\/sey.fi\/pernio\/\"},{\"@type\":\"ListItem\",\"position\":2,\"name\":\"Perni\u00f6n seudun el\u00e4insuojeluyhdistys\",\"item\":\"https:\/\/sey.fi\/pernio\/\"},{\"@type\":\"ListItem\",\"position\":3,\"name\":\"L\u00f6yt\u00f6el\u00e4imet\",\"item\":\"https:\/\/sey.fi\/pernio\/pernion-seudun-elainsuojeluyhdistys\/loytoelaimet\/\"},{\"@type\":\"ListItem\",\"position\":4,\"name\":\"Kissan etsiminen\"}]},{\"@type\":\"WebSite\",\"@id\":\"https:\/\/sey.fi\/pernio\/#website\",\"url\":\"https:\/\/sey.fi\/pernio\/\",\"name\":\"Perni\u00f6n seudun el\u00e4insuojeluyhdistys\",\"description\":\"Uusi SEY J\u00e4senyhdistykset -sivusto\",\"potentialAction\":[{\"@type\":\"SearchAction\",\"target\":{\"@type\":\"EntryPoint\",\"urlTemplate\":\"https:\/\/sey.fi\/pernio\/?s={search_term_string}\"},\"query-input\":{\"@type\":\"PropertyValueSpecification\",\"valueRequired\":true,\"valueName\":\"search_term_string\"}}],\"inLanguage\":\"fi\"}]}<\/script>\n<!-- \/ Yoast SEO plugin. -->","yoast_head_json":{"title":"Kissan etsiminen - Perni\u00f6n seudun el\u00e4insuojeluyhdistys","robots":{"index":"index","follow":"follow","max-snippet":"max-snippet:-1","max-image-preview":"max-image-preview:large","max-video-preview":"max-video-preview:-1"},"canonical":"https:\/\/sey.fi\/pernio\/pernion-seudun-elainsuojeluyhdistys\/loytoelaimet\/kissan-etsiminen\/","og_locale":"fi_FI","og_type":"article","og_title":"Kissan etsiminen - Perni\u00f6n seudun el\u00e4insuojeluyhdistys","og_description":"Kadonneen kissan&nbsp;etsiminen aloitetaan heti.Karkaamispaikalle j\u00e4tet\u00e4\u00e4n omistajan vaate tai reppu ellei sinne saada p\u00e4ivyst\u00e4j\u00e4\u00e4. Aluksi paikalla on hyv\u00e4 k\u00e4yd\u00e4 1-1,5 tunnin v\u00e4lein. Heti ensitilassa karkaamispaikalle vied\u00e4\u00e4n ruokaa ja kadonneen kissan petivaate. Jos valjaissa oleva kissa pel\u00e4styy ja karkaa,&nbsp;\u00e4l\u00e4 juokse sen per\u00e4\u00e4n.&nbsp;Per\u00e4\u00e4n juokseminen saa kissan vaistomaisen pakoreaktion k\u00e4ynnistym\u00e4\u00e4n. Kyykisty maahan ja houkuttele kissaa luoksesi puhelemalla rauhallisesti. \u00c4l\u00e4 [&hellip;]","og_url":"https:\/\/sey.fi\/pernio\/pernion-seudun-elainsuojeluyhdistys\/loytoelaimet\/kissan-etsiminen\/","og_site_name":"Perni\u00f6n seudun el\u00e4insuojeluyhdistys","article_modified_time":"2019-11-04T13:54:15+00:00","twitter_card":"summary_large_image","twitter_misc":{"Arvioitu lukuaika":"6 minuuttia"},"schema":{"@context":"https:\/\/schema.org","@graph":[{"@type":"WebPage","@id":"https:\/\/sey.fi\/pernio\/pernion-seudun-elainsuojeluyhdistys\/loytoelaimet\/kissan-etsiminen\/","url":"https:\/\/sey.fi\/pernio\/pernion-seudun-elainsuojeluyhdistys\/loytoelaimet\/kissan-etsiminen\/","name":"Kissan etsiminen - Perni\u00f6n seudun el\u00e4insuojeluyhdistys","isPartOf":{"@id":"https:\/\/sey.fi\/pernio\/#website"},"datePublished":"2019-11-04T13:54:14+00:00","dateModified":"2019-11-04T13:54:15+00:00","breadcrumb":{"@id":"https:\/\/sey.fi\/pernio\/pernion-seudun-elainsuojeluyhdistys\/loytoelaimet\/kissan-etsiminen\/#breadcrumb"},"inLanguage":"fi","potentialAction":[{"@type":"ReadAction","target":["https:\/\/sey.fi\/pernio\/pernion-seudun-elainsuojeluyhdistys\/loytoelaimet\/kissan-etsiminen\/"]}]},{"@type":"BreadcrumbList","@id":"https:\/\/sey.fi\/pernio\/pernion-seudun-elainsuojeluyhdistys\/loytoelaimet\/kissan-etsiminen\/#breadcrumb","itemListElement":[{"@type":"ListItem","position":1,"name":"Home","item":"https:\/\/sey.fi\/pernio\/"},{"@type":"ListItem","position":2,"name":"Perni\u00f6n seudun el\u00e4insuojeluyhdistys","item":"https:\/\/sey.fi\/pernio\/"},{"@type":"ListItem","position":3,"name":"L\u00f6yt\u00f6el\u00e4imet","item":"https:\/\/sey.fi\/pernio\/pernion-seudun-elainsuojeluyhdistys\/loytoelaimet\/"},{"@type":"ListItem","position":4,"name":"Kissan etsiminen"}]},{"@type":"WebSite","@id":"https:\/\/sey.fi\/pernio\/#website","url":"https:\/\/sey.fi\/pernio\/","name":"Perni\u00f6n seudun el\u00e4insuojeluyhdistys","description":"Uusi SEY J\u00e4senyhdistykset -sivusto","potentialAction":[{"@type":"SearchAction","target":{"@type":"EntryPoint","urlTemplate":"https:\/\/sey.fi\/pernio\/?s={search_term_string}"},"query-input":{"@type":"PropertyValueSpecification","valueRequired":true,"valueName":"search_term_string"}}],"inLanguage":"fi"}]}},"_links":{"self":[{"href":"https:\/\/sey.fi\/pernio\/wp-json\/wp\/v2\/pages\/47","targetHints":{"allow":["GET"]}}],"collection":[{"href":"https:\/\/sey.fi\/pernio\/wp-json\/wp\/v2\/pages"}],"about":[{"href":"https:\/\/sey.fi\/pernio\/wp-json\/wp\/v2\/types\/page"}],"author":[{"embeddable":true,"href":"https:\/\/sey.fi\/pernio\/wp-json\/wp\/v2\/users\/8"}],"replies":[{"embeddable":true,"href":"https:\/\/sey.fi\/pernio\/wp-json\/wp\/v2\/comments?post=47"}],"version-history":[{"count":1,"href":"https:\/\/sey.fi\/pernio\/wp-json\/wp\/v2\/pages\/47\/revisions"}],"predecessor-version":[{"id":48,"href":"https:\/\/sey.fi\/pernio\/wp-json\/wp\/v2\/pages\/47\/revisions\/48"}],"up":[{"embeddable":true,"href":"https:\/\/sey.fi\/pernio\/wp-json\/wp\/v2\/pages\/34"}],"wp:attachment":[{"href":"https:\/\/sey.fi\/pernio\/wp-json\/wp\/v2\/media?parent=47"}],"curies":[{"name":"wp","href":"https:\/\/api.w.org\/{rel}","templated":true}]}}