{"id":49,"date":"2019-11-04T15:56:10","date_gmt":"2019-11-04T13:56:10","guid":{"rendered":"http:\/\/srvr10.xetpoint.com\/~seyfi\/pernio\/?page_id=49"},"modified":"2019-11-04T15:56:11","modified_gmt":"2019-11-04T13:56:11","slug":"koiran-etsiminen","status":"publish","type":"page","link":"https:\/\/sey.fi\/pernio\/pernion-seudun-elainsuojeluyhdistys\/loytoelaimet\/koiran-etsiminen\/","title":{"rendered":"Koiran etsiminen"},"content":{"rendered":"\n<h4 class=\"wp-block-heading\"><strong>Kadonneen etsiminen aloitetaan heti.<\/strong><\/h4>\n\n\n\n<p>Karkaamispaikalle j\u00e4tet\u00e4\u00e4n omistajan vaate tai reppu ellei sinne saada p\u00e4ivyst\u00e4j\u00e4\u00e4. Aluksi paikalla on hyv\u00e4 k\u00e4yd\u00e4 1-1,5 tunnin v\u00e4lein. Heti ensitilassa karkaamispaikalle vied\u00e4\u00e4n ruokaa ja kadonneen petivaate.<\/p>\n\n\n\n<p>Ellei koira ole kaukana, kutsu ja vihell\u00e4 ja usuta mahdollinen kaverikoira haukkumaan. Koiralla on tapana pyrki\u00e4 takaisin, ellei se l\u00e4htenyt pel\u00e4stymisen takia.&nbsp;<strong>Jos koira on karannut aitauksen kolosta, ei koloa saa tukkia ennen kuin koira on l\u00f6ytynyt, koska se saattaa pyrki\u00e4 samasta aukosta takaisin.<\/strong>&nbsp;Aitaukseen j\u00e4tet\u00e4\u00e4n tuttu tuoksu ja ruokaa. Jos kadonnut koira on hoitokoirasi, ilmoita katoamisesta koiran omistajalle. Pitk\u00e4\u00e4n kateissa olleeseen koiraan ei kutsu tehoa eik\u00e4 sit\u00e4 kannatakaan huudella. Kutsu ei tehoa pentuunkaan, jos se on p\u00e4\u00e4tt\u00e4nyt piileskell\u00e4.<\/p>\n\n\n\n<p><strong>Etsi pienell\u00e4 porukalla, jotta koira ei pel\u00e4sty.<\/strong>&nbsp;Karkuria etsit\u00e4\u00e4n rauhallisesti ja metel\u00f6im\u00e4tt\u00e4. K\u00e4yt\u00e4 apuna perheen toista koiraa tai kaverikoiraa. Koira on parempi etsim\u00e4\u00e4n kuin ihminen. Pennun kadottua kannattaa kysy\u00e4 heti etsij\u00e4koiraa, ellei kaverikoiraa ole. Joskus alle juoksuik\u00e4isen pentu l\u00f6ytyy sen em\u00e4n avulla. Auton t\u00f6yt\u00e4isem\u00e4ksi joutunut koira todenn\u00e4k\u00f6isesti piiloutuu. Sit\u00e4 voi olla vaikea l\u00f6yt\u00e4\u00e4 ilman koiraa. Jos karannut koira on uros, juoksuaikainen narttu saattaa houkutella sen paikalle. Muulloinkin mielenkiintoinen koira voi her\u00e4tt\u00e4\u00e4 irrallaan olevan koiran mielenkiinnon niin, ett\u00e4 se tulee l\u00e4hemm\u00e4ksi. Jos koiralle on j\u00e4tetty ruokaa jonnekin, ei ruokintapaikan l\u00e4helle kannata menn\u00e4 vieraan koiran kanssa. Etsitt\u00e4v\u00e4 koira voi t\u00e4ll\u00f6in kokea, ett\u00e4 sen reviirille on tunkeuduttu ja vaihtaa maisemaa.<\/p>\n\n\n\n<p>K\u00e4ytt\u00e4ydy rauhallisesti ja&nbsp;<strong>v\u00e4lt\u00e4 kova\u00e4\u00e4nist\u00e4 huutelua<\/strong>. Jos k\u00e4ytet\u00e4\u00e4n vierasta koiraa, etsit\u00e4\u00e4n vain yhden koiran kanssa kerrallaan. Iso lauma todenn\u00e4k\u00f6isesti pel\u00e4stytt\u00e4\u00e4 karkurin ja karkottaa sen muualle. Etsiv\u00e4lle koiralle annetaan etsitt\u00e4v\u00e4n haju esim. petivaatteen palasesta, kaulapannasta tms. Ne s\u00e4ilytet\u00e4\u00e4n puhtaassa muovipussissa tai lasipurkissa. Etsiminen perustuu etsitt\u00e4v\u00e4n yksil\u00f6lliseen ominaistuoksuun. Koiran hajuaisti on 1,5 miljoonaa kertaa voimakkaampi kuin ihmisen. Etsij\u00e4 pidet\u00e4\u00e4n liinassa, ettei sekin katoa tai joudu esim. heikoille j\u00e4ille tai liikenteen jalkoihin.<\/p>\n\n\n\n<h4 class=\"wp-block-heading\"><strong>Ilmoittelu kannattaa aloittaa heti.<\/strong><\/h4>\n\n\n\n<p>Koiran kadotessa kannattaa ottaa yhteytt\u00e4 koiraetsij\u00f6ihin:<\/p>\n\n\n\n<h4 class=\"wp-block-heading\"><a href=\"http:\/\/www.etsijakoiraliitto.fi\/\">http:\/\/www.etsijakoiraliitto.fi\/<\/a><\/h4>\n\n\n\n<p>p\u00e4ivystysnumero: 040\u2013724 8614<\/p>\n\n\n\n<p>s\u00e4hk\u00f6postiosoite:&nbsp;<a href=\"mailto:info@etsijakoiraliitto.fi\">info@etsijakoiraliitto.fi<\/a><\/p>\n\n\n\n<p>Pirkanmaan Etsij\u00e4koirien Valtakunnallinen p\u00e4ivystysnumero 040 9685 985.<\/p>\n\n\n\n<p>Yhdistyksen s\u00e4hk\u00f6postiosoite on&nbsp;<a href=\"mailto:info@pirkanmaanetsijakoirat.fi\">info@pirkanmaanetsijakoirat.fi<\/a><\/p>\n\n\n\n<p>Heilt\u00e4 saa suullisia neuvoja ja heill\u00e4 on my\u00f6s etsij\u00e4koiria. Jotkut etsij\u00e4koirat etsiv\u00e4t my\u00f6s kissoja. Muitakin el\u00e4imi\u00e4 on mahdollista etsi\u00e4, kuten kilpikonnia.<\/p>\n\n\n\n<p>Alle juoksuik\u00e4inen pentu saattaa hakeutua turvaa etsiess\u00e4\u00e4n ihmisen luo, mutta se voi my\u00f6s piiloutua peloissaan. Juoksui\u00e4n saavuttanut pentu saattaa menn\u00e4 viettien viem\u00e4n\u00e4 pitk\u00e4llekin.<\/p>\n\n\n\n<p>Maaseudulla tutkitaan koiran kanssa omat ja l\u00e4hinaapureiden kaivot, ladot, viljasiilot, perunakellarit (kellariin voi p\u00e4\u00e4st\u00e4 tuuletusaukosta), kuivurikuopat ja muut loukut, joihin karkulainen on voinut pudota saaliin per\u00e4ss\u00e4 ja joista se ei p\u00e4\u00e4se pois. Tutuille naapureille kannattaa soittaa ja pyyt\u00e4\u00e4 palvelusta, eli tarkastamaan alueensa siilot, kellarit, kuopat yms. Kerro ohjeet my\u00f6s perheen ja naapuruston lapsille. Talvikelill\u00e4 huomioidaan my\u00f6s heikot j\u00e4\u00e4t. Kadonnut koira yleens\u00e4 pakenee etsij\u00f6it\u00e4\u00e4n. Se siis yritet\u00e4\u00e4n houkutella luokse tai sille j\u00e4tet\u00e4\u00e4n tuttu haju (esim. peitto, lakana omistajan s\u00e4ngyst\u00e4 tms.) ja ruokaa. Koiraa ei siis l\u00e4hestyt\u00e4, eik\u00e4 l\u00e4hdet\u00e4 porukalla tarkistamaan l\u00e4hiymp\u00e4rist\u00f6\u00e4 kohta kohdalta. T\u00e4llainen etsint\u00e4 vain pel\u00e4stytt\u00e4\u00e4 koiran kauemmas. Avuliaat yst\u00e4v\u00e4t voi valjastaa ilmoituksia jakamaan. Harvaan asutulla alueella kannattaa soittaa ovikelloa, kertoa kadonneesta koirasta ja j\u00e4tt\u00e4\u00e4 katoamisilmoitus joka kotiin. Niihin taloihin, miss\u00e4 is\u00e4nt\u00e4v\u00e4ki ei ole kotona, j\u00e4tet\u00e4\u00e4n lappu karkulaisesta postilaatikkoon.<\/p>\n\n\n\n<p>Hyv\u00e4 n\u00e4lk\u00e4isen koiran houkuttelukeino on makkaran, broilerin (huom. ei broilerinluita koiralle!) tms. grillaaminen alueella, jossa koirasta on saata useita havaintoja. Grillatun ruuan tuoksu levi\u00e4\u00e4 laajalle. Mm. huoltoasemilla myyd\u00e4\u00e4n alumiinifoliossa olevaa kertak\u00e4ytt\u00f6grilli\u00e4. Jotta koira saataisiin asettumaan, grillaamispaikalle vied\u00e4\u00e4n tuttu haju ja ruokaa. Vain tuttujen ihmisten kannattaa houkutella koiraa siell\u00e4.<\/p>\n\n\n\n<p>Etsimist\u00e4 ei kannata lopettaa vaikka se tuntuisi toivottomalta. Useimmat karanneet l\u00f6ytyv\u00e4t ensimm\u00e4isten katoamisen j\u00e4lkeisten p\u00e4ivien aikana tehokkaan ilmoittelun ansioista. Jotkut lemmikkins\u00e4 kadottaneet ovat ottaneet jopa t\u00f6ist\u00e4 lomaa, jottei etsiminen keskeytyisi.<\/p>\n\n\n\n<p>Ellei karkuria l\u00f6ydet\u00e4, karkaamispaikalle vied\u00e4\u00e4n ruokaa ja koiran oma peti ennen kuin l\u00e4hdet\u00e4\u00e4n kotiin huilaamaan. Etsint\u00e4\u00e4 ei lopeteta siihen vaan sit\u00e4 jatketaan seuraavana p\u00e4iv\u00e4n\u00e4. Jotkut etsiv\u00e4t l\u00e4pi y\u00f6nkin. Omistajan kannattaa mieluummin j\u00e4\u00e4d\u00e4 paikoilleen istumaan ja grillata jotain hyv\u00e4n tuoksuista kuin k\u00e4vell\u00e4 mets\u00e4\u00e4 ristiin rastiin ja huudella \u00e4\u00e4nens\u00e4 k\u00e4he\u00e4ksi. Koira pel\u00e4styy helposti paniikissa olevaa omistajaansa. Yrit\u00e4 siis rauhoittua, vaikka se onkin vaikeaa, istua aloillasi ja tuoksua tutulta.<\/p>\n\n\n\n<p>Kannattaa my\u00f6s j\u00e4tt\u00e4\u00e4 koiranruokaa ja tuttu haju niihin paikkoihin, joissa koira on n\u00e4hty. K\u00e4y tarkistamassa ruokintapaikat.&nbsp;<strong>Merkkaa kartalle havaintopaikat ja tutki onko niiss\u00e4 toistuvuutta. Koira kulkee usein samoja reittej\u00e4.<\/strong><\/p>\n\n\n\n<p>Kun koira on paikallistettu, alkaa kiinniottaminen. Suurin osa kadonneista koirista \u201dvilliintyy\u201d eiv\u00e4tk\u00e4 ne v\u00e4ltt\u00e4m\u00e4tt\u00e4 tunnista omistajaansa tai tule luokse kutsuttaessa. On hyv\u00e4 valmistautua siihen, ett\u00e4 n\u00e4in saattaa k\u00e4yd\u00e4.<\/p>\n\n\n\n<p><strong>Jos p\u00e4\u00e4set n\u00e4k\u00f6et\u00e4isyydelle koirasta, istu paikallasi ja pysyttele rauhallisena.<\/strong>&nbsp;T\u00e4rkeint\u00e4 on, ettet pel\u00e4styt\u00e4 koiraa. \u00c4l\u00e4 katso koiraa suoraan silmiin, koska koira tulkitsee sen uhkaukseksi. Muita koiraa rauhoittavia eleit\u00e4 ovat haukottelu, p\u00e4\u00e4n pois k\u00e4\u00e4nt\u00e4minen ja maanpinnan tutkiminen. Sit\u00e4 voi my\u00f6s houkutella luokse kyykistym\u00e4ll\u00e4 maahan &#8221;tutkimaan&#8221; herkkupalaa. Etenkin pentuja houkuteltaessa kannattaa leikki\u00e4 sen lempilelulla. Yrit\u00e4 vaikuttaa v\u00e4linpit\u00e4m\u00e4tt\u00f6m\u00e4lt\u00e4, niin koira ei koe sinua uhkaavana.<\/p>\n\n\n\n<p>Jos koira ei heti uskalla tulla luokse, sen l\u00e4helle voi heitell\u00e4 herkkupaloja. Herkkupaloja heitet\u00e4\u00e4n kerta kerralta l\u00e4hemm\u00e4s ihmist\u00e4, niin ett\u00e4 koira lopulta uskaltaa tulla kosketuset\u00e4isyydelle. Houkutteluun voi k\u00e4ytt\u00e4\u00e4 my\u00f6s leikkikaluja, joiden avulla koira saadaan innostumaan leikkimisest\u00e4 niin, ett\u00e4 se unohtaa varovaisuutensa.<\/p>\n\n\n\n<p>Kun koira on kosketuset\u00e4isyydell\u00e4, sen annetaan haistella k\u00e4tt\u00e4. Koiralle voi my\u00f6s tarjota makupalan ja ottaa samalla toisella k\u00e4dell\u00e4 tukevasti kiinni kaulapannasta. Koiralle puhellaan kaiken aikaa rauhallisesti.&nbsp;<strong>Tuntemattoman koiran p\u00e4\u00e4t\u00e4 tai selk\u00e4\u00e4 ei pid\u00e4 taputtaa tai silitt\u00e4\u00e4.<\/strong>&nbsp;Koiralla pit\u00e4\u00e4 olla mahdollisuus v\u00e4ist\u00e4\u00e4 l\u00e4hestyv\u00e4\u00e4 ihmist\u00e4 &#8211; nurkkaan ahdistettu koira saattaa k\u00e4ytt\u00e4yty\u00e4 aggressiivisesti.<\/p>\n\n\n\n<p>Jos koira ei tule l\u00e4helle niin j\u00e4t\u00e4 sille ruokaa sek\u00e4 tuttuja hajuja ja palaa illalla tai seuraavana p\u00e4iv\u00e4n\u00e4 takaisin ja yrit\u00e4 uudestaan.<\/p>\n\n\n\n<p>Jos karkuteill\u00e4 olevan on \u00e4skett\u00e4in kotia vaihtanut t\u00e4ysikasvuinen koira ja kasvattaja tai koiran edellinen omistaja l\u00e4hestyy koiran valitsemaa reviiri\u00e4, on mahdollista ett\u00e4 pakoilija \u201dantautuu.\u201d<\/p>\n\n\n\n<p>Jos karkulainen pysyttelee m\u00e4\u00e4r\u00e4tyll\u00e4 alueella eik\u00e4 tule luo, se kannattaa loukuttaa mahdollisimman pian.<\/p>\n\n\n\n<h4 class=\"wp-block-heading\"><strong>Pyydyst\u00e4 villiintynyt koira ruokintapaikalta loukun avulla<\/strong><\/h4>\n\n\n\n<p>Loukuttaminen on turvallinen tapa saada vapauden makuun p\u00e4\u00e4ssyt koira kiinni. Koirat villiintyv\u00e4t yll\u00e4tt\u00e4v\u00e4n nopeasti, mutta ne toipuvat yleens\u00e4 hyvin kokemuksistaan. Tosin jotkut karkulaiset eiv\u00e4t mene loukkuun. Loukkuja voi tiedustella lainaksi el\u00e4insuojeluyhdistyksist\u00e4, l\u00f6yt\u00f6el\u00e4inten talteenottopaikoista, el\u00e4insuojeluneuvojilta, terveystarkastajilta, mets\u00e4st\u00e4jilt\u00e4, koiraetsij\u00f6ilt\u00e4 jne. Koiraetsij\u00f6ill\u00e4 on isoillekin koirille tarkoitettuja loukkuja. Loukkua ei saa viritt\u00e4\u00e4 vieraalle maalle ilman maanomistajan lupaa.<\/p>\n\n\n\n<p>Kun saat ruokittua koiraa tiettyyn paikkaan, tuo ruokintapaikan l\u00e4heisyyteen loukku. Loukkua ei tule sijoittaa liian l\u00e4helle (vaan n. 100 m p\u00e4\u00e4h\u00e4n) ruokintapaikkaa ettei koira pel\u00e4sty sit\u00e4. Loukun pohjalle laitetaan hiekkaa ja loukku yritet\u00e4\u00e4n naamioida muutenkin mets\u00e4\u00e4n sopivaksi. Hiekan p\u00e4\u00e4lle loukun pohjalle laitetaan koiran oma peitto tmv. Ensin loukkua ei pidet\u00e4 laukaisuvalmiina. Sinne tehd\u00e4\u00e4n ruokavana. Voidaan k\u00e4ytt\u00e4\u00e4 esimerkiksi makkaravanaa, broilerinlihaa tai jotain muuta koiran herkkua. Pelkk\u00e4 kuivamuona ei ole riitt\u00e4v\u00e4n houkuttelevaa. Ruokaa on siis my\u00f6s loukun ulkopuolella, jotta arka koira vahingossa k\u00e4velisi loukkuun asti ruokavanaa seuraten. Kun koira on uskaltanut sy\u00f6d\u00e4 loukustakin, viritet\u00e4\u00e4n loukku. Loukku tulee tarkistaa usein oman koiran ja muidenkin el\u00e4inten vuoksi. Loukku on tarkistettava v\u00e4hint\u00e4\u00e4n kerran p\u00e4iv\u00e4ss\u00e4 kes\u00e4ll\u00e4 ja kahdesti talvella. Jos loukulla k\u00e4yd\u00e4\u00e4n liian usein, karkulainen saattaa kokea, ett\u00e4 sen reviirille on tunkeuduttu, jolloin se saattaa vaihtaa maisemaa. Pid\u00e4 loukun sijainti salassa, ettei sinne tule uteliaita ihmisi\u00e4. On parasta, ett\u00e4 loukulla k\u00e4y vain koiran omistaja.<\/p>\n\n\n\n<p>Tekstin kokosi &amp; muokkasi Ulla R\u00e4s\u00e4nen seuraavista l\u00e4hteist\u00e4, joissa tekstit kokonaisuudessaan:<\/p>\n\n\n\n<h4 class=\"wp-block-heading\"><a href=\"http:\/\/www.karkurit.fi\/\">http:\/\/www.karkurit.fi\/<\/a><\/h4>\n\n\n\n<h4 class=\"wp-block-heading\"><a href=\"http:\/\/www.koiraetsijat.fi\/\">http:\/\/www.koiraetsijat.fi\/<\/a><\/h4>\n\n\n\n<h4 class=\"wp-block-heading\"><a href=\"http:\/\/www.hesy.fi\/\">http:\/\/www.hesy.fi\/<\/a><\/h4>\n\n\n\n<p>Teksti\u00e4 on muokattu Marja Huovilan antamien lis\u00e4vinkkien mukaan.<\/p>\n","protected":false},"excerpt":{"rendered":"<p>Kadonneen etsiminen aloitetaan heti. Karkaamispaikalle j\u00e4tet\u00e4\u00e4n omistajan vaate tai reppu ellei sinne saada p\u00e4ivyst\u00e4j\u00e4\u00e4. Aluksi paikalla on hyv\u00e4 k\u00e4yd\u00e4 1-1,5 tunnin v\u00e4lein. Heti ensitilassa karkaamispaikalle vied\u00e4\u00e4n ruokaa ja kadonneen petivaate. Ellei koira ole kaukana, kutsu ja vihell\u00e4 ja usuta mahdollinen kaverikoira haukkumaan. Koiralla on tapana pyrki\u00e4 takaisin, ellei se l\u00e4htenyt pel\u00e4stymisen takia.&nbsp;Jos koira on karannut [&hellip;]<\/p>\n","protected":false},"author":8,"featured_media":0,"parent":34,"menu_order":0,"comment_status":"closed","ping_status":"closed","template":"","meta":{"_acf_changed":false,"footnotes":""},"class_list":["post-49","page","type-page","status-publish","hentry"],"acf":[],"yoast_head":"<!-- This site is optimized with the Yoast SEO plugin v27.1.1 - https:\/\/yoast.com\/product\/yoast-seo-wordpress\/ -->\n<title>Koiran etsiminen - Perni\u00f6n seudun el\u00e4insuojeluyhdistys<\/title>\n<meta name=\"robots\" content=\"index, follow, max-snippet:-1, max-image-preview:large, max-video-preview:-1\" \/>\n<link rel=\"canonical\" href=\"https:\/\/sey.fi\/pernio\/pernion-seudun-elainsuojeluyhdistys\/loytoelaimet\/koiran-etsiminen\/\" \/>\n<meta property=\"og:locale\" content=\"fi_FI\" \/>\n<meta property=\"og:type\" content=\"article\" \/>\n<meta property=\"og:title\" content=\"Koiran etsiminen - Perni\u00f6n seudun el\u00e4insuojeluyhdistys\" \/>\n<meta property=\"og:description\" content=\"Kadonneen etsiminen aloitetaan heti. Karkaamispaikalle j\u00e4tet\u00e4\u00e4n omistajan vaate tai reppu ellei sinne saada p\u00e4ivyst\u00e4j\u00e4\u00e4. Aluksi paikalla on hyv\u00e4 k\u00e4yd\u00e4 1-1,5 tunnin v\u00e4lein. Heti ensitilassa karkaamispaikalle vied\u00e4\u00e4n ruokaa ja kadonneen petivaate. Ellei koira ole kaukana, kutsu ja vihell\u00e4 ja usuta mahdollinen kaverikoira haukkumaan. Koiralla on tapana pyrki\u00e4 takaisin, ellei se l\u00e4htenyt pel\u00e4stymisen takia.&nbsp;Jos koira on karannut [&hellip;]\" \/>\n<meta property=\"og:url\" content=\"https:\/\/sey.fi\/pernio\/pernion-seudun-elainsuojeluyhdistys\/loytoelaimet\/koiran-etsiminen\/\" \/>\n<meta property=\"og:site_name\" content=\"Perni\u00f6n seudun el\u00e4insuojeluyhdistys\" \/>\n<meta property=\"article:modified_time\" content=\"2019-11-04T13:56:11+00:00\" \/>\n<meta name=\"twitter:card\" content=\"summary_large_image\" \/>\n<meta name=\"twitter:label1\" content=\"Arvioitu lukuaika\" \/>\n\t<meta name=\"twitter:data1\" content=\"7 minuuttia\" \/>\n<script type=\"application\/ld+json\" class=\"yoast-schema-graph\">{\"@context\":\"https:\/\/schema.org\",\"@graph\":[{\"@type\":\"WebPage\",\"@id\":\"https:\/\/sey.fi\/pernio\/pernion-seudun-elainsuojeluyhdistys\/loytoelaimet\/koiran-etsiminen\/\",\"url\":\"https:\/\/sey.fi\/pernio\/pernion-seudun-elainsuojeluyhdistys\/loytoelaimet\/koiran-etsiminen\/\",\"name\":\"Koiran etsiminen - Perni\u00f6n seudun el\u00e4insuojeluyhdistys\",\"isPartOf\":{\"@id\":\"https:\/\/sey.fi\/pernio\/#website\"},\"datePublished\":\"2019-11-04T13:56:10+00:00\",\"dateModified\":\"2019-11-04T13:56:11+00:00\",\"breadcrumb\":{\"@id\":\"https:\/\/sey.fi\/pernio\/pernion-seudun-elainsuojeluyhdistys\/loytoelaimet\/koiran-etsiminen\/#breadcrumb\"},\"inLanguage\":\"fi\",\"potentialAction\":[{\"@type\":\"ReadAction\",\"target\":[\"https:\/\/sey.fi\/pernio\/pernion-seudun-elainsuojeluyhdistys\/loytoelaimet\/koiran-etsiminen\/\"]}]},{\"@type\":\"BreadcrumbList\",\"@id\":\"https:\/\/sey.fi\/pernio\/pernion-seudun-elainsuojeluyhdistys\/loytoelaimet\/koiran-etsiminen\/#breadcrumb\",\"itemListElement\":[{\"@type\":\"ListItem\",\"position\":1,\"name\":\"Home\",\"item\":\"https:\/\/sey.fi\/pernio\/\"},{\"@type\":\"ListItem\",\"position\":2,\"name\":\"Perni\u00f6n seudun el\u00e4insuojeluyhdistys\",\"item\":\"https:\/\/sey.fi\/pernio\/\"},{\"@type\":\"ListItem\",\"position\":3,\"name\":\"L\u00f6yt\u00f6el\u00e4imet\",\"item\":\"https:\/\/sey.fi\/pernio\/pernion-seudun-elainsuojeluyhdistys\/loytoelaimet\/\"},{\"@type\":\"ListItem\",\"position\":4,\"name\":\"Koiran etsiminen\"}]},{\"@type\":\"WebSite\",\"@id\":\"https:\/\/sey.fi\/pernio\/#website\",\"url\":\"https:\/\/sey.fi\/pernio\/\",\"name\":\"Perni\u00f6n seudun el\u00e4insuojeluyhdistys\",\"description\":\"Uusi SEY J\u00e4senyhdistykset -sivusto\",\"potentialAction\":[{\"@type\":\"SearchAction\",\"target\":{\"@type\":\"EntryPoint\",\"urlTemplate\":\"https:\/\/sey.fi\/pernio\/?s={search_term_string}\"},\"query-input\":{\"@type\":\"PropertyValueSpecification\",\"valueRequired\":true,\"valueName\":\"search_term_string\"}}],\"inLanguage\":\"fi\"}]}<\/script>\n<!-- \/ Yoast SEO plugin. -->","yoast_head_json":{"title":"Koiran etsiminen - Perni\u00f6n seudun el\u00e4insuojeluyhdistys","robots":{"index":"index","follow":"follow","max-snippet":"max-snippet:-1","max-image-preview":"max-image-preview:large","max-video-preview":"max-video-preview:-1"},"canonical":"https:\/\/sey.fi\/pernio\/pernion-seudun-elainsuojeluyhdistys\/loytoelaimet\/koiran-etsiminen\/","og_locale":"fi_FI","og_type":"article","og_title":"Koiran etsiminen - Perni\u00f6n seudun el\u00e4insuojeluyhdistys","og_description":"Kadonneen etsiminen aloitetaan heti. Karkaamispaikalle j\u00e4tet\u00e4\u00e4n omistajan vaate tai reppu ellei sinne saada p\u00e4ivyst\u00e4j\u00e4\u00e4. Aluksi paikalla on hyv\u00e4 k\u00e4yd\u00e4 1-1,5 tunnin v\u00e4lein. Heti ensitilassa karkaamispaikalle vied\u00e4\u00e4n ruokaa ja kadonneen petivaate. Ellei koira ole kaukana, kutsu ja vihell\u00e4 ja usuta mahdollinen kaverikoira haukkumaan. Koiralla on tapana pyrki\u00e4 takaisin, ellei se l\u00e4htenyt pel\u00e4stymisen takia.&nbsp;Jos koira on karannut [&hellip;]","og_url":"https:\/\/sey.fi\/pernio\/pernion-seudun-elainsuojeluyhdistys\/loytoelaimet\/koiran-etsiminen\/","og_site_name":"Perni\u00f6n seudun el\u00e4insuojeluyhdistys","article_modified_time":"2019-11-04T13:56:11+00:00","twitter_card":"summary_large_image","twitter_misc":{"Arvioitu lukuaika":"7 minuuttia"},"schema":{"@context":"https:\/\/schema.org","@graph":[{"@type":"WebPage","@id":"https:\/\/sey.fi\/pernio\/pernion-seudun-elainsuojeluyhdistys\/loytoelaimet\/koiran-etsiminen\/","url":"https:\/\/sey.fi\/pernio\/pernion-seudun-elainsuojeluyhdistys\/loytoelaimet\/koiran-etsiminen\/","name":"Koiran etsiminen - Perni\u00f6n seudun el\u00e4insuojeluyhdistys","isPartOf":{"@id":"https:\/\/sey.fi\/pernio\/#website"},"datePublished":"2019-11-04T13:56:10+00:00","dateModified":"2019-11-04T13:56:11+00:00","breadcrumb":{"@id":"https:\/\/sey.fi\/pernio\/pernion-seudun-elainsuojeluyhdistys\/loytoelaimet\/koiran-etsiminen\/#breadcrumb"},"inLanguage":"fi","potentialAction":[{"@type":"ReadAction","target":["https:\/\/sey.fi\/pernio\/pernion-seudun-elainsuojeluyhdistys\/loytoelaimet\/koiran-etsiminen\/"]}]},{"@type":"BreadcrumbList","@id":"https:\/\/sey.fi\/pernio\/pernion-seudun-elainsuojeluyhdistys\/loytoelaimet\/koiran-etsiminen\/#breadcrumb","itemListElement":[{"@type":"ListItem","position":1,"name":"Home","item":"https:\/\/sey.fi\/pernio\/"},{"@type":"ListItem","position":2,"name":"Perni\u00f6n seudun el\u00e4insuojeluyhdistys","item":"https:\/\/sey.fi\/pernio\/"},{"@type":"ListItem","position":3,"name":"L\u00f6yt\u00f6el\u00e4imet","item":"https:\/\/sey.fi\/pernio\/pernion-seudun-elainsuojeluyhdistys\/loytoelaimet\/"},{"@type":"ListItem","position":4,"name":"Koiran etsiminen"}]},{"@type":"WebSite","@id":"https:\/\/sey.fi\/pernio\/#website","url":"https:\/\/sey.fi\/pernio\/","name":"Perni\u00f6n seudun el\u00e4insuojeluyhdistys","description":"Uusi SEY J\u00e4senyhdistykset -sivusto","potentialAction":[{"@type":"SearchAction","target":{"@type":"EntryPoint","urlTemplate":"https:\/\/sey.fi\/pernio\/?s={search_term_string}"},"query-input":{"@type":"PropertyValueSpecification","valueRequired":true,"valueName":"search_term_string"}}],"inLanguage":"fi"}]}},"_links":{"self":[{"href":"https:\/\/sey.fi\/pernio\/wp-json\/wp\/v2\/pages\/49","targetHints":{"allow":["GET"]}}],"collection":[{"href":"https:\/\/sey.fi\/pernio\/wp-json\/wp\/v2\/pages"}],"about":[{"href":"https:\/\/sey.fi\/pernio\/wp-json\/wp\/v2\/types\/page"}],"author":[{"embeddable":true,"href":"https:\/\/sey.fi\/pernio\/wp-json\/wp\/v2\/users\/8"}],"replies":[{"embeddable":true,"href":"https:\/\/sey.fi\/pernio\/wp-json\/wp\/v2\/comments?post=49"}],"version-history":[{"count":1,"href":"https:\/\/sey.fi\/pernio\/wp-json\/wp\/v2\/pages\/49\/revisions"}],"predecessor-version":[{"id":50,"href":"https:\/\/sey.fi\/pernio\/wp-json\/wp\/v2\/pages\/49\/revisions\/50"}],"up":[{"embeddable":true,"href":"https:\/\/sey.fi\/pernio\/wp-json\/wp\/v2\/pages\/34"}],"wp:attachment":[{"href":"https:\/\/sey.fi\/pernio\/wp-json\/wp\/v2\/media?parent=49"}],"curies":[{"name":"wp","href":"https:\/\/api.w.org\/{rel}","templated":true}]}}