{"id":51,"date":"2019-11-04T15:57:58","date_gmt":"2019-11-04T13:57:58","guid":{"rendered":"http:\/\/srvr10.xetpoint.com\/~seyfi\/pernio\/?page_id=51"},"modified":"2021-01-18T19:25:31","modified_gmt":"2021-01-18T17:25:31","slug":"tarkeat-yhteystiedot","status":"publish","type":"page","link":"https:\/\/sey.fi\/pernio\/pernion-seudun-elainsuojeluyhdistys\/loytoelaimet\/tarkeat-yhteystiedot\/","title":{"rendered":"T\u00e4rke\u00e4t yhteystiedot"},"content":{"rendered":"\n<h4 class=\"wp-block-heading\">1.1.2011 Salon kaupungin pienel\u00e4inten p\u00e4ivystys siirtyy Turkuun<\/h4>\n\n\n\n<h4 class=\"wp-block-heading\">Pienel\u00e4inp\u00e4ivystyksen puhelinnumero on 0600 12 444 (0,5 \u20ac\/min +ppm).<\/h4>\n\n\n\n<h4 class=\"wp-block-heading\"><strong>Kaupunginel\u00e4inl\u00e4\u00e4k\u00e4rit:<\/strong><\/h4>\n\n\n\n<p>Dragsfj\u00e4rd 0500 110 660<br>Halikko 044 778 4603<br>Kemi\u00f6 0500 110 660<br>Paimio 0500 228 095<br>Perni\u00f6 044 778 4602<br>Salo 044 778 4603<br>Sauvo 0500 228 095<br>Somero 044 779 1295<br>S\u00e4rkisalo 044 778 4602<br>V\u00e4stanfj\u00e4rd 0500 110 660<\/p>\n\n\n\n<h4 class=\"wp-block-heading\"><strong>El\u00e4inl\u00e4\u00e4k\u00e4riasemia:<\/strong><\/h4>\n\n\n\n<p>El\u00e4inklinikka Ehyt, Halikko 02 722 1221<br>Salovet, Salo 0201 750 140,\u00a002 733 3677<br>Hirnu ja Haukku, Perni\u00f6\u00a0050 3132998<br>El\u00e4insairaala Aisti, Vantaa 010 42 32 142<br>Vesiterapiaa Turku\u00a0<a rel=\"noreferrer noopener\" href=\"http:\/\/www.turunkoirafysio.fi\/\" target=\"_blank\">www.turunkoirafysio.fi<\/a><br>Osteopaatti\u00a0<a rel=\"noreferrer noopener\" href=\"http:\/\/www.leenapiira.fi\/\" target=\"_blank\">www.leenapiira.fi<\/a><br>K\u00e4yt\u00f6sterapiaa\u00a0<a rel=\"noreferrer noopener\" href=\"http:\/\/www.abklinikka.com\/\" target=\"_blank\">www.abklinikka.com<\/a><\/p>\n\n\n\n<p><br>Poliisi h\u00e4lytys 112<br>H\u00e4t\u00e4keskus 112<br>elainetsijakoirat.fi 041 805 9423<br>etsijakoiraliitto.fi 040 724 8614<br>suomenetsijakoirat.fi  040 96 85 985 <\/p>\n\n\n\n<p><\/p>\n\n\n\n<h4 class=\"wp-block-heading\">Tietoa kadonneista ja l\u00f6ytyneist\u00e4 el\u00e4imist\u00e4<\/h4>\n\n\n\n<p><a href=\"http:\/\/www.karkurit.fi\/\" target=\"_blank\" rel=\"noreferrer noopener\">www.karkurit.fi<\/a><\/p>\n\n\n\n<p><a href=\"http:\/\/turvasiru.fi\/\" target=\"_blank\" rel=\"noreferrer noopener\">www.turvasiru.fi<\/a><\/p>\n\n\n\n<h4 class=\"wp-block-heading\">El\u00e4insuojeluneuvojat:<\/h4>\n\n\n\n<p><a href=\"http:\/\/www.sey.fi\/seytoimii\/elainsuojeluneuvonta\" target=\"_blank\" rel=\"noreferrer noopener\">www.sey.fi\/seytoimii\/elainsuojeluneuvonta<\/a><\/p>\n\n\n\n<h4 class=\"wp-block-heading\"><strong>L\u00f6yt\u00f6el\u00e4inkodit<\/strong><\/h4>\n\n\n\n<p>Axxell Brusaby<br>Brusabyntie Kemi\u00f6<br>044 7397 118 arkisin klo 8.00-16.00<\/p>\n\n\n\n<p><a href=\"http:\/\/www.axxell.fi\/sv\/hittedjursmottagning\" target=\"_blank\" rel=\"noreferrer noopener\">www.axxell.fi\/sv\/hittedjursmottagning<\/a><\/p>\n\n\n\n<h4 class=\"wp-block-heading\">Koirahoitola Aaltonen&nbsp;<\/h4>\n\n\n\n<p>Kokkilantie 692 Salo (Halikko)<br>040 518 3860<\/p>\n\n\n\n<h4 class=\"wp-block-heading\">Lemmikkihotelli Nella&nbsp;<\/h4>\n\n\n\n<p>Toukolantie 30<br>25370 Pertteli<br>044 574 9870<\/p>\n\n\n\n<h4 class=\"wp-block-heading\">Turun el\u00e4inhoitola<br>050 554 6394<\/h4>\n\n\n\n<h4 class=\"wp-block-heading\">Suomen muut l\u00f6yt\u00f6el\u00e4inkodit l\u00f6yd\u00e4t osoitteesta<br><a rel=\"noreferrer noopener\" href=\"http:\/\/www.karkurit.fi\/\" target=\"_blank\">www.karkurit.fi<\/a><\/h4>\n\n\n\n<h4 class=\"wp-block-heading\"><strong>El\u00e4intarvikekauppoja:<\/strong><\/h4>\n\n\n\n<p>Akvaarioliike Pet Mart, Salo 02\u2013731 6950<\/p>\n\n\n\n<p>Salon Voimael\u00e4in044 242 9194 <br>Musti ja Mirri, Salo 044 775 8491<\/p>\n\n\n\n<p><br>Ehyt Outlet Halikko 02 722 1221 <\/p>\n\n\n\n<p><\/p>\n\n\n\n<h4 class=\"wp-block-heading\"><strong>El\u00e4inhoitoloita:<\/strong><\/h4>\n\n\n\n<p>Paula Aaltonen 02\u2013736 7225 Angelniemi<br>Kissahotelli Lipetti 050\u2013363 7263 Somero<br>Bokstaff-kennel 0500\u2013611 183 Somero<br>Koirahotelli Dingo 0400\u2013592 063 Kisko<br>Mortinm\u00e4en Mukava 045 850 7006<\/p>\n","protected":false},"excerpt":{"rendered":"<p>1.1.2011 Salon kaupungin pienel\u00e4inten p\u00e4ivystys siirtyy Turkuun Pienel\u00e4inp\u00e4ivystyksen puhelinnumero on 0600 12 444 (0,5 \u20ac\/min +ppm). Kaupunginel\u00e4inl\u00e4\u00e4k\u00e4rit: Dragsfj\u00e4rd 0500 110 660Halikko 044 778 4603Kemi\u00f6 0500 110 660Paimio 0500 228 095Perni\u00f6 044 778 4602Salo 044 778 4603Sauvo 0500 228 095Somero 044 779 1295S\u00e4rkisalo 044 778 4602V\u00e4stanfj\u00e4rd 0500 110 660 El\u00e4inl\u00e4\u00e4k\u00e4riasemia: El\u00e4inklinikka Ehyt, Halikko 02 722 1221Salovet, [&hellip;]<\/p>\n","protected":false},"author":8,"featured_media":0,"parent":34,"menu_order":0,"comment_status":"closed","ping_status":"closed","template":"","meta":{"_acf_changed":false,"footnotes":""},"class_list":["post-51","page","type-page","status-publish","hentry"],"acf":[],"yoast_head":"<!-- This site is optimized with the Yoast SEO plugin v27.1.1 - https:\/\/yoast.com\/product\/yoast-seo-wordpress\/ -->\n<title>T\u00e4rke\u00e4t yhteystiedot - Perni\u00f6n seudun el\u00e4insuojeluyhdistys<\/title>\n<meta name=\"robots\" content=\"index, follow, max-snippet:-1, max-image-preview:large, max-video-preview:-1\" \/>\n<link rel=\"canonical\" href=\"https:\/\/sey.fi\/pernio\/pernion-seudun-elainsuojeluyhdistys\/loytoelaimet\/tarkeat-yhteystiedot\/\" \/>\n<meta property=\"og:locale\" content=\"fi_FI\" \/>\n<meta property=\"og:type\" content=\"article\" \/>\n<meta property=\"og:title\" content=\"T\u00e4rke\u00e4t yhteystiedot - Perni\u00f6n seudun el\u00e4insuojeluyhdistys\" \/>\n<meta property=\"og:description\" content=\"1.1.2011 Salon kaupungin pienel\u00e4inten p\u00e4ivystys siirtyy Turkuun Pienel\u00e4inp\u00e4ivystyksen puhelinnumero on 0600 12 444 (0,5 \u20ac\/min +ppm). Kaupunginel\u00e4inl\u00e4\u00e4k\u00e4rit: Dragsfj\u00e4rd 0500 110 660Halikko 044 778 4603Kemi\u00f6 0500 110 660Paimio 0500 228 095Perni\u00f6 044 778 4602Salo 044 778 4603Sauvo 0500 228 095Somero 044 779 1295S\u00e4rkisalo 044 778 4602V\u00e4stanfj\u00e4rd 0500 110 660 El\u00e4inl\u00e4\u00e4k\u00e4riasemia: El\u00e4inklinikka Ehyt, Halikko 02 722 1221Salovet, [&hellip;]\" \/>\n<meta property=\"og:url\" content=\"https:\/\/sey.fi\/pernio\/pernion-seudun-elainsuojeluyhdistys\/loytoelaimet\/tarkeat-yhteystiedot\/\" \/>\n<meta property=\"og:site_name\" content=\"Perni\u00f6n seudun el\u00e4insuojeluyhdistys\" \/>\n<meta property=\"article:modified_time\" content=\"2021-01-18T17:25:31+00:00\" \/>\n<meta name=\"twitter:card\" content=\"summary_large_image\" \/>\n<meta name=\"twitter:label1\" content=\"Arvioitu lukuaika\" \/>\n\t<meta name=\"twitter:data1\" content=\"1 minuutti\" \/>\n<script type=\"application\/ld+json\" class=\"yoast-schema-graph\">{\"@context\":\"https:\/\/schema.org\",\"@graph\":[{\"@type\":\"WebPage\",\"@id\":\"https:\/\/sey.fi\/pernio\/pernion-seudun-elainsuojeluyhdistys\/loytoelaimet\/tarkeat-yhteystiedot\/\",\"url\":\"https:\/\/sey.fi\/pernio\/pernion-seudun-elainsuojeluyhdistys\/loytoelaimet\/tarkeat-yhteystiedot\/\",\"name\":\"T\u00e4rke\u00e4t yhteystiedot - Perni\u00f6n seudun el\u00e4insuojeluyhdistys\",\"isPartOf\":{\"@id\":\"https:\/\/sey.fi\/pernio\/#website\"},\"datePublished\":\"2019-11-04T13:57:58+00:00\",\"dateModified\":\"2021-01-18T17:25:31+00:00\",\"breadcrumb\":{\"@id\":\"https:\/\/sey.fi\/pernio\/pernion-seudun-elainsuojeluyhdistys\/loytoelaimet\/tarkeat-yhteystiedot\/#breadcrumb\"},\"inLanguage\":\"fi\",\"potentialAction\":[{\"@type\":\"ReadAction\",\"target\":[\"https:\/\/sey.fi\/pernio\/pernion-seudun-elainsuojeluyhdistys\/loytoelaimet\/tarkeat-yhteystiedot\/\"]}]},{\"@type\":\"BreadcrumbList\",\"@id\":\"https:\/\/sey.fi\/pernio\/pernion-seudun-elainsuojeluyhdistys\/loytoelaimet\/tarkeat-yhteystiedot\/#breadcrumb\",\"itemListElement\":[{\"@type\":\"ListItem\",\"position\":1,\"name\":\"Home\",\"item\":\"https:\/\/sey.fi\/pernio\/\"},{\"@type\":\"ListItem\",\"position\":2,\"name\":\"Perni\u00f6n seudun el\u00e4insuojeluyhdistys\",\"item\":\"https:\/\/sey.fi\/pernio\/\"},{\"@type\":\"ListItem\",\"position\":3,\"name\":\"L\u00f6yt\u00f6el\u00e4imet\",\"item\":\"https:\/\/sey.fi\/pernio\/pernion-seudun-elainsuojeluyhdistys\/loytoelaimet\/\"},{\"@type\":\"ListItem\",\"position\":4,\"name\":\"T\u00e4rke\u00e4t yhteystiedot\"}]},{\"@type\":\"WebSite\",\"@id\":\"https:\/\/sey.fi\/pernio\/#website\",\"url\":\"https:\/\/sey.fi\/pernio\/\",\"name\":\"Perni\u00f6n seudun el\u00e4insuojeluyhdistys\",\"description\":\"Uusi SEY J\u00e4senyhdistykset -sivusto\",\"potentialAction\":[{\"@type\":\"SearchAction\",\"target\":{\"@type\":\"EntryPoint\",\"urlTemplate\":\"https:\/\/sey.fi\/pernio\/?s={search_term_string}\"},\"query-input\":{\"@type\":\"PropertyValueSpecification\",\"valueRequired\":true,\"valueName\":\"search_term_string\"}}],\"inLanguage\":\"fi\"}]}<\/script>\n<!-- \/ Yoast SEO plugin. -->","yoast_head_json":{"title":"T\u00e4rke\u00e4t yhteystiedot - Perni\u00f6n seudun el\u00e4insuojeluyhdistys","robots":{"index":"index","follow":"follow","max-snippet":"max-snippet:-1","max-image-preview":"max-image-preview:large","max-video-preview":"max-video-preview:-1"},"canonical":"https:\/\/sey.fi\/pernio\/pernion-seudun-elainsuojeluyhdistys\/loytoelaimet\/tarkeat-yhteystiedot\/","og_locale":"fi_FI","og_type":"article","og_title":"T\u00e4rke\u00e4t yhteystiedot - Perni\u00f6n seudun el\u00e4insuojeluyhdistys","og_description":"1.1.2011 Salon kaupungin pienel\u00e4inten p\u00e4ivystys siirtyy Turkuun Pienel\u00e4inp\u00e4ivystyksen puhelinnumero on 0600 12 444 (0,5 \u20ac\/min +ppm). Kaupunginel\u00e4inl\u00e4\u00e4k\u00e4rit: Dragsfj\u00e4rd 0500 110 660Halikko 044 778 4603Kemi\u00f6 0500 110 660Paimio 0500 228 095Perni\u00f6 044 778 4602Salo 044 778 4603Sauvo 0500 228 095Somero 044 779 1295S\u00e4rkisalo 044 778 4602V\u00e4stanfj\u00e4rd 0500 110 660 El\u00e4inl\u00e4\u00e4k\u00e4riasemia: El\u00e4inklinikka Ehyt, Halikko 02 722 1221Salovet, [&hellip;]","og_url":"https:\/\/sey.fi\/pernio\/pernion-seudun-elainsuojeluyhdistys\/loytoelaimet\/tarkeat-yhteystiedot\/","og_site_name":"Perni\u00f6n seudun el\u00e4insuojeluyhdistys","article_modified_time":"2021-01-18T17:25:31+00:00","twitter_card":"summary_large_image","twitter_misc":{"Arvioitu lukuaika":"1 minuutti"},"schema":{"@context":"https:\/\/schema.org","@graph":[{"@type":"WebPage","@id":"https:\/\/sey.fi\/pernio\/pernion-seudun-elainsuojeluyhdistys\/loytoelaimet\/tarkeat-yhteystiedot\/","url":"https:\/\/sey.fi\/pernio\/pernion-seudun-elainsuojeluyhdistys\/loytoelaimet\/tarkeat-yhteystiedot\/","name":"T\u00e4rke\u00e4t yhteystiedot - Perni\u00f6n seudun el\u00e4insuojeluyhdistys","isPartOf":{"@id":"https:\/\/sey.fi\/pernio\/#website"},"datePublished":"2019-11-04T13:57:58+00:00","dateModified":"2021-01-18T17:25:31+00:00","breadcrumb":{"@id":"https:\/\/sey.fi\/pernio\/pernion-seudun-elainsuojeluyhdistys\/loytoelaimet\/tarkeat-yhteystiedot\/#breadcrumb"},"inLanguage":"fi","potentialAction":[{"@type":"ReadAction","target":["https:\/\/sey.fi\/pernio\/pernion-seudun-elainsuojeluyhdistys\/loytoelaimet\/tarkeat-yhteystiedot\/"]}]},{"@type":"BreadcrumbList","@id":"https:\/\/sey.fi\/pernio\/pernion-seudun-elainsuojeluyhdistys\/loytoelaimet\/tarkeat-yhteystiedot\/#breadcrumb","itemListElement":[{"@type":"ListItem","position":1,"name":"Home","item":"https:\/\/sey.fi\/pernio\/"},{"@type":"ListItem","position":2,"name":"Perni\u00f6n seudun el\u00e4insuojeluyhdistys","item":"https:\/\/sey.fi\/pernio\/"},{"@type":"ListItem","position":3,"name":"L\u00f6yt\u00f6el\u00e4imet","item":"https:\/\/sey.fi\/pernio\/pernion-seudun-elainsuojeluyhdistys\/loytoelaimet\/"},{"@type":"ListItem","position":4,"name":"T\u00e4rke\u00e4t yhteystiedot"}]},{"@type":"WebSite","@id":"https:\/\/sey.fi\/pernio\/#website","url":"https:\/\/sey.fi\/pernio\/","name":"Perni\u00f6n seudun el\u00e4insuojeluyhdistys","description":"Uusi SEY J\u00e4senyhdistykset -sivusto","potentialAction":[{"@type":"SearchAction","target":{"@type":"EntryPoint","urlTemplate":"https:\/\/sey.fi\/pernio\/?s={search_term_string}"},"query-input":{"@type":"PropertyValueSpecification","valueRequired":true,"valueName":"search_term_string"}}],"inLanguage":"fi"}]}},"_links":{"self":[{"href":"https:\/\/sey.fi\/pernio\/wp-json\/wp\/v2\/pages\/51","targetHints":{"allow":["GET"]}}],"collection":[{"href":"https:\/\/sey.fi\/pernio\/wp-json\/wp\/v2\/pages"}],"about":[{"href":"https:\/\/sey.fi\/pernio\/wp-json\/wp\/v2\/types\/page"}],"author":[{"embeddable":true,"href":"https:\/\/sey.fi\/pernio\/wp-json\/wp\/v2\/users\/8"}],"replies":[{"embeddable":true,"href":"https:\/\/sey.fi\/pernio\/wp-json\/wp\/v2\/comments?post=51"}],"version-history":[{"count":2,"href":"https:\/\/sey.fi\/pernio\/wp-json\/wp\/v2\/pages\/51\/revisions"}],"predecessor-version":[{"id":110,"href":"https:\/\/sey.fi\/pernio\/wp-json\/wp\/v2\/pages\/51\/revisions\/110"}],"up":[{"embeddable":true,"href":"https:\/\/sey.fi\/pernio\/wp-json\/wp\/v2\/pages\/34"}],"wp:attachment":[{"href":"https:\/\/sey.fi\/pernio\/wp-json\/wp\/v2\/media?parent=51"}],"curies":[{"name":"wp","href":"https:\/\/api.w.org\/{rel}","templated":true}]}}