{"id":43,"date":"2019-11-08T14:08:34","date_gmt":"2019-11-08T12:08:34","guid":{"rendered":"http:\/\/srvr10.xetpoint.com\/~seyfi\/pietarsaari\/?page_id=43"},"modified":"2025-10-17T16:16:15","modified_gmt":"2025-10-17T13:16:15","slug":"elainsuojeluneuvojat-djurskyddsradgivarna","status":"publish","type":"page","link":"https:\/\/sey.fi\/pietarsaari\/pietarsaaren-elainsuojelu\/elainsuojeluneuvojat-djurskyddsradgivarna\/","title":{"rendered":"El\u00e4insuojeluneuvojat &#8211; Djurskyddsr\u00e5dgivarna"},"content":{"rendered":"\n<p>Pietarsaaren, Larsmon, Uusikaarlepyyn ja Peders\u00f6ren alue:<\/p>\n\n\n\n<p><br>SEY:n vapaaehtoiset el\u00e4insuojeluneuvojat ovat:<br>\u00a0<br><strong>Teija L\u00f6fholm,\u00a0puh. 045 -804 3843<\/strong><\/p>\n\n\n\n<p>(soitot mielell\u00e4\u00e4n klo 08-20 v\u00e4lill\u00e4, jos numero ei vastaa,&nbsp;voit l\u00e4hett\u00e4\u00e4 tekstiviestin ja&nbsp;sinulle soitetaan takaisin mahdollisimman pian)<\/p>\n\n\n\n<p>S\u00e4hk\u00f6posti:&nbsp;<a href=\"mailto:Teija.Lofholm@sey.fi\">Teija.Lofholm@sey.fi<\/a>&nbsp;<\/p>\n\n\n\n<p><strong>Janette Tiala, puh.&nbsp; 040-637 7053<br><br><\/strong>(soitot mielell\u00e4\u00e4n klo 08-20 v\u00e4lill\u00e4, jos numero ei vastaa, voit l\u00e4hett\u00e4\u00e4 tekstiviestin ja sinulle soitetaan takaisin mahdollisimman pian)<\/p>\n\n\n\n<p>S\u00e4hk\u00f6posti:&nbsp;<a href=\"mailto:Janette.Tiala@sey.fi\">Janette.<\/a><a href=\"mailto:Janette.Peltosaari@sey.fi\">Peltosaari<\/a><a href=\"mailto:Janette.Tiala@sey.fi\">@sey.fi<\/a>&nbsp;<\/p>\n\n\n\n<p>Jakobstad, Larsmo, Nykarleby och Peders\u00f6re omr\u00e5de:<\/p>\n\n\n\n<p>\u00a0SEY:s frivilliga djurskyddsr\u00e5dgivarna \u00e4r<br><br><strong>Teija L\u00f6fholm, tel. 045 &#8211; 804 3843<\/strong><\/p>\n\n\n\n<p>(Ring g\u00e4rna mellan 08-20, om numret inte svarar, skicka textmeddelande s\u00e5 blir du uppringd s\u00e5 snabbt som m\u00f6jligt)<\/p>\n\n\n\n<p>E-post:&nbsp;<a href=\"mailto:Teija.Lofholm@sey.fi\">Teija.Lofholm@sey.fi<\/a>&nbsp;<\/p>\n\n\n\n<p><strong>Janette Tiala, tel.&nbsp; 040-637 7053<br><br><\/strong>(soitot mielell\u00e4\u00e4n klo 08-20 v\u00e4lill\u00e4, jos numero ei vastaa, voit l\u00e4hett\u00e4\u00e4 tekstiviestin ja sinulle soitetaan takaisin mahdollisimman pian)<\/p>\n\n\n\n<p>E-post:&nbsp;<a href=\"mailto:Janette.Peltosaari@sey.fi\">Janette.Peltosaari@sey.fi<\/a>&nbsp;<\/p>\n\n\n\n<figure class=\"wp-block-image\"><img decoding=\"async\" src=\"http:\/\/pietarsaari.sey.fi\/images\/hae_apua_ajoissa_kissa_facebook_ja_instagram.png\" alt=\"\" \/><\/figure>\n\n\n\n<figure class=\"wp-block-image\"><img decoding=\"async\" src=\"http:\/\/pietarsaari.sey.fi\/templates\/seyry\/images\/bg-text-gallery.png\" alt=\"\" \/><\/figure>\n\n\n\n<figure class=\"wp-block-image\"><img decoding=\"async\" src=\"http:\/\/pietarsaari.sey.fi\/images\/hae_apua_ajoissa_koira_facebook-550x500epng.jpg\" alt=\"\" \/><\/figure>\n\n\n\n<figure class=\"wp-block-image\"><img decoding=\"async\" src=\"http:\/\/pietarsaari.sey.fi\/templates\/seyry\/images\/bg-text-gallery.png\" alt=\"\" \/><\/figure>\n\n\n\n<figure class=\"wp-block-image\"><img decoding=\"async\" src=\"http:\/\/pietarsaari.sey.fi\/images\/siili.jpg\" alt=\"\" \/><\/figure>\n\n\n\n<p><\/p>\n","protected":false},"excerpt":{"rendered":"<p>Pietarsaaren, Larsmon, Uusikaarlepyyn ja Peders\u00f6ren alue: SEY:n vapaaehtoiset el\u00e4insuojeluneuvojat ovat:\u00a0Teija L\u00f6fholm,\u00a0puh. 045 -804 3843 (soitot mielell\u00e4\u00e4n klo 08-20 v\u00e4lill\u00e4, jos numero ei vastaa,&nbsp;voit l\u00e4hett\u00e4\u00e4 tekstiviestin ja&nbsp;sinulle soitetaan takaisin mahdollisimman pian) S\u00e4hk\u00f6posti:&nbsp;Teija.Lofholm@sey.fi&nbsp; Janette Tiala, puh.&nbsp; 040-637 7053 (soitot mielell\u00e4\u00e4n klo 08-20 v\u00e4lill\u00e4, jos numero ei vastaa, voit l\u00e4hett\u00e4\u00e4 tekstiviestin ja sinulle soitetaan takaisin mahdollisimman pian) S\u00e4hk\u00f6posti:&nbsp;Janette.Peltosaari@sey.fi&nbsp; [&hellip;]<\/p>\n","protected":false},"author":8,"featured_media":0,"parent":2,"menu_order":0,"comment_status":"closed","ping_status":"closed","template":"","meta":{"_acf_changed":false,"footnotes":""},"class_list":["post-43","page","type-page","status-publish","hentry"],"acf":[],"yoast_head":"<!-- This site is optimized with the Yoast SEO plugin v27.1.1 - https:\/\/yoast.com\/product\/yoast-seo-wordpress\/ -->\n<title>El\u00e4insuojeluneuvojat - Djurskyddsr\u00e5dgivarna - SEY Pietarsaari ry. \/ Jakobstad rf.<\/title>\n<meta name=\"robots\" content=\"index, follow, max-snippet:-1, max-image-preview:large, max-video-preview:-1\" \/>\n<link rel=\"canonical\" href=\"https:\/\/sey.fi\/pietarsaari\/pietarsaaren-elainsuojelu\/elainsuojeluneuvojat-djurskyddsradgivarna\/\" \/>\n<meta property=\"og:locale\" content=\"fi_FI\" \/>\n<meta property=\"og:type\" content=\"article\" \/>\n<meta property=\"og:title\" content=\"El\u00e4insuojeluneuvojat - Djurskyddsr\u00e5dgivarna - SEY Pietarsaari ry. \/ Jakobstad rf.\" \/>\n<meta property=\"og:description\" content=\"Pietarsaaren, Larsmon, Uusikaarlepyyn ja Peders\u00f6ren alue: SEY:n vapaaehtoiset el\u00e4insuojeluneuvojat ovat:\u00a0Teija L\u00f6fholm,\u00a0puh. 045 -804 3843 (soitot mielell\u00e4\u00e4n klo 08-20 v\u00e4lill\u00e4, jos numero ei vastaa,&nbsp;voit l\u00e4hett\u00e4\u00e4 tekstiviestin ja&nbsp;sinulle soitetaan takaisin mahdollisimman pian) S\u00e4hk\u00f6posti:&nbsp;Teija.Lofholm@sey.fi&nbsp; Janette Tiala, puh.&nbsp; 040-637 7053 (soitot mielell\u00e4\u00e4n klo 08-20 v\u00e4lill\u00e4, jos numero ei vastaa, voit l\u00e4hett\u00e4\u00e4 tekstiviestin ja sinulle soitetaan takaisin mahdollisimman pian) S\u00e4hk\u00f6posti:&nbsp;Janette.Peltosaari@sey.fi&nbsp; [&hellip;]\" \/>\n<meta property=\"og:url\" content=\"https:\/\/sey.fi\/pietarsaari\/pietarsaaren-elainsuojelu\/elainsuojeluneuvojat-djurskyddsradgivarna\/\" \/>\n<meta property=\"og:site_name\" content=\"SEY Pietarsaari ry. \/ Jakobstad rf.\" \/>\n<meta property=\"article:modified_time\" content=\"2025-10-17T13:16:15+00:00\" \/>\n<meta property=\"og:image\" content=\"http:\/\/pietarsaari.sey.fi\/images\/hae_apua_ajoissa_kissa_facebook_ja_instagram.png\" \/>\n<meta name=\"twitter:card\" content=\"summary_large_image\" \/>\n<meta name=\"twitter:label1\" content=\"Arvioitu lukuaika\" \/>\n\t<meta name=\"twitter:data1\" content=\"2 minuuttia\" \/>\n<script type=\"application\/ld+json\" class=\"yoast-schema-graph\">{\"@context\":\"https:\/\/schema.org\",\"@graph\":[{\"@type\":\"WebPage\",\"@id\":\"https:\/\/sey.fi\/pietarsaari\/pietarsaaren-elainsuojelu\/elainsuojeluneuvojat-djurskyddsradgivarna\/\",\"url\":\"https:\/\/sey.fi\/pietarsaari\/pietarsaaren-elainsuojelu\/elainsuojeluneuvojat-djurskyddsradgivarna\/\",\"name\":\"El\u00e4insuojeluneuvojat - Djurskyddsr\u00e5dgivarna - SEY Pietarsaari ry. \/ Jakobstad rf.\",\"isPartOf\":{\"@id\":\"https:\/\/sey.fi\/pietarsaari\/#website\"},\"primaryImageOfPage\":{\"@id\":\"https:\/\/sey.fi\/pietarsaari\/pietarsaaren-elainsuojelu\/elainsuojeluneuvojat-djurskyddsradgivarna\/#primaryimage\"},\"image\":{\"@id\":\"https:\/\/sey.fi\/pietarsaari\/pietarsaaren-elainsuojelu\/elainsuojeluneuvojat-djurskyddsradgivarna\/#primaryimage\"},\"thumbnailUrl\":\"http:\/\/pietarsaari.sey.fi\/images\/hae_apua_ajoissa_kissa_facebook_ja_instagram.png\",\"datePublished\":\"2019-11-08T12:08:34+00:00\",\"dateModified\":\"2025-10-17T13:16:15+00:00\",\"breadcrumb\":{\"@id\":\"https:\/\/sey.fi\/pietarsaari\/pietarsaaren-elainsuojelu\/elainsuojeluneuvojat-djurskyddsradgivarna\/#breadcrumb\"},\"inLanguage\":\"fi\",\"potentialAction\":[{\"@type\":\"ReadAction\",\"target\":[\"https:\/\/sey.fi\/pietarsaari\/pietarsaaren-elainsuojelu\/elainsuojeluneuvojat-djurskyddsradgivarna\/\"]}]},{\"@type\":\"ImageObject\",\"inLanguage\":\"fi\",\"@id\":\"https:\/\/sey.fi\/pietarsaari\/pietarsaaren-elainsuojelu\/elainsuojeluneuvojat-djurskyddsradgivarna\/#primaryimage\",\"url\":\"http:\/\/pietarsaari.sey.fi\/images\/hae_apua_ajoissa_kissa_facebook_ja_instagram.png\",\"contentUrl\":\"http:\/\/pietarsaari.sey.fi\/images\/hae_apua_ajoissa_kissa_facebook_ja_instagram.png\"},{\"@type\":\"BreadcrumbList\",\"@id\":\"https:\/\/sey.fi\/pietarsaari\/pietarsaaren-elainsuojelu\/elainsuojeluneuvojat-djurskyddsradgivarna\/#breadcrumb\",\"itemListElement\":[{\"@type\":\"ListItem\",\"position\":1,\"name\":\"Home\",\"item\":\"https:\/\/sey.fi\/pietarsaari\/\"},{\"@type\":\"ListItem\",\"position\":2,\"name\":\"SEY Pietarsaari ry. \/ Jakobstad rf.\",\"item\":\"https:\/\/sey.fi\/pietarsaari\/\"},{\"@type\":\"ListItem\",\"position\":3,\"name\":\"El\u00e4insuojeluneuvojat &#8211; Djurskyddsr\u00e5dgivarna\"}]},{\"@type\":\"WebSite\",\"@id\":\"https:\/\/sey.fi\/pietarsaari\/#website\",\"url\":\"https:\/\/sey.fi\/pietarsaari\/\",\"name\":\"SEY Pietarsaari ry. \/ Jakobstad rf.\",\"description\":\"Uusi SEY J\u00e4senyhdistykset -sivusto\",\"potentialAction\":[{\"@type\":\"SearchAction\",\"target\":{\"@type\":\"EntryPoint\",\"urlTemplate\":\"https:\/\/sey.fi\/pietarsaari\/?s={search_term_string}\"},\"query-input\":{\"@type\":\"PropertyValueSpecification\",\"valueRequired\":true,\"valueName\":\"search_term_string\"}}],\"inLanguage\":\"fi\"}]}<\/script>\n<!-- \/ Yoast SEO plugin. -->","yoast_head_json":{"title":"El\u00e4insuojeluneuvojat - Djurskyddsr\u00e5dgivarna - SEY Pietarsaari ry. \/ Jakobstad rf.","robots":{"index":"index","follow":"follow","max-snippet":"max-snippet:-1","max-image-preview":"max-image-preview:large","max-video-preview":"max-video-preview:-1"},"canonical":"https:\/\/sey.fi\/pietarsaari\/pietarsaaren-elainsuojelu\/elainsuojeluneuvojat-djurskyddsradgivarna\/","og_locale":"fi_FI","og_type":"article","og_title":"El\u00e4insuojeluneuvojat - Djurskyddsr\u00e5dgivarna - SEY Pietarsaari ry. \/ Jakobstad rf.","og_description":"Pietarsaaren, Larsmon, Uusikaarlepyyn ja Peders\u00f6ren alue: SEY:n vapaaehtoiset el\u00e4insuojeluneuvojat ovat:\u00a0Teija L\u00f6fholm,\u00a0puh. 045 -804 3843 (soitot mielell\u00e4\u00e4n klo 08-20 v\u00e4lill\u00e4, jos numero ei vastaa,&nbsp;voit l\u00e4hett\u00e4\u00e4 tekstiviestin ja&nbsp;sinulle soitetaan takaisin mahdollisimman pian) S\u00e4hk\u00f6posti:&nbsp;Teija.Lofholm@sey.fi&nbsp; Janette Tiala, puh.&nbsp; 040-637 7053 (soitot mielell\u00e4\u00e4n klo 08-20 v\u00e4lill\u00e4, jos numero ei vastaa, voit l\u00e4hett\u00e4\u00e4 tekstiviestin ja sinulle soitetaan takaisin mahdollisimman pian) S\u00e4hk\u00f6posti:&nbsp;Janette.Peltosaari@sey.fi&nbsp; [&hellip;]","og_url":"https:\/\/sey.fi\/pietarsaari\/pietarsaaren-elainsuojelu\/elainsuojeluneuvojat-djurskyddsradgivarna\/","og_site_name":"SEY Pietarsaari ry. \/ Jakobstad rf.","article_modified_time":"2025-10-17T13:16:15+00:00","og_image":[{"url":"http:\/\/pietarsaari.sey.fi\/images\/hae_apua_ajoissa_kissa_facebook_ja_instagram.png","type":"","width":"","height":""}],"twitter_card":"summary_large_image","twitter_misc":{"Arvioitu lukuaika":"2 minuuttia"},"schema":{"@context":"https:\/\/schema.org","@graph":[{"@type":"WebPage","@id":"https:\/\/sey.fi\/pietarsaari\/pietarsaaren-elainsuojelu\/elainsuojeluneuvojat-djurskyddsradgivarna\/","url":"https:\/\/sey.fi\/pietarsaari\/pietarsaaren-elainsuojelu\/elainsuojeluneuvojat-djurskyddsradgivarna\/","name":"El\u00e4insuojeluneuvojat - Djurskyddsr\u00e5dgivarna - SEY Pietarsaari ry. \/ Jakobstad rf.","isPartOf":{"@id":"https:\/\/sey.fi\/pietarsaari\/#website"},"primaryImageOfPage":{"@id":"https:\/\/sey.fi\/pietarsaari\/pietarsaaren-elainsuojelu\/elainsuojeluneuvojat-djurskyddsradgivarna\/#primaryimage"},"image":{"@id":"https:\/\/sey.fi\/pietarsaari\/pietarsaaren-elainsuojelu\/elainsuojeluneuvojat-djurskyddsradgivarna\/#primaryimage"},"thumbnailUrl":"http:\/\/pietarsaari.sey.fi\/images\/hae_apua_ajoissa_kissa_facebook_ja_instagram.png","datePublished":"2019-11-08T12:08:34+00:00","dateModified":"2025-10-17T13:16:15+00:00","breadcrumb":{"@id":"https:\/\/sey.fi\/pietarsaari\/pietarsaaren-elainsuojelu\/elainsuojeluneuvojat-djurskyddsradgivarna\/#breadcrumb"},"inLanguage":"fi","potentialAction":[{"@type":"ReadAction","target":["https:\/\/sey.fi\/pietarsaari\/pietarsaaren-elainsuojelu\/elainsuojeluneuvojat-djurskyddsradgivarna\/"]}]},{"@type":"ImageObject","inLanguage":"fi","@id":"https:\/\/sey.fi\/pietarsaari\/pietarsaaren-elainsuojelu\/elainsuojeluneuvojat-djurskyddsradgivarna\/#primaryimage","url":"http:\/\/pietarsaari.sey.fi\/images\/hae_apua_ajoissa_kissa_facebook_ja_instagram.png","contentUrl":"http:\/\/pietarsaari.sey.fi\/images\/hae_apua_ajoissa_kissa_facebook_ja_instagram.png"},{"@type":"BreadcrumbList","@id":"https:\/\/sey.fi\/pietarsaari\/pietarsaaren-elainsuojelu\/elainsuojeluneuvojat-djurskyddsradgivarna\/#breadcrumb","itemListElement":[{"@type":"ListItem","position":1,"name":"Home","item":"https:\/\/sey.fi\/pietarsaari\/"},{"@type":"ListItem","position":2,"name":"SEY Pietarsaari ry. \/ Jakobstad rf.","item":"https:\/\/sey.fi\/pietarsaari\/"},{"@type":"ListItem","position":3,"name":"El\u00e4insuojeluneuvojat &#8211; Djurskyddsr\u00e5dgivarna"}]},{"@type":"WebSite","@id":"https:\/\/sey.fi\/pietarsaari\/#website","url":"https:\/\/sey.fi\/pietarsaari\/","name":"SEY Pietarsaari ry. \/ Jakobstad rf.","description":"Uusi SEY J\u00e4senyhdistykset -sivusto","potentialAction":[{"@type":"SearchAction","target":{"@type":"EntryPoint","urlTemplate":"https:\/\/sey.fi\/pietarsaari\/?s={search_term_string}"},"query-input":{"@type":"PropertyValueSpecification","valueRequired":true,"valueName":"search_term_string"}}],"inLanguage":"fi"}]}},"_links":{"self":[{"href":"https:\/\/sey.fi\/pietarsaari\/wp-json\/wp\/v2\/pages\/43","targetHints":{"allow":["GET"]}}],"collection":[{"href":"https:\/\/sey.fi\/pietarsaari\/wp-json\/wp\/v2\/pages"}],"about":[{"href":"https:\/\/sey.fi\/pietarsaari\/wp-json\/wp\/v2\/types\/page"}],"author":[{"embeddable":true,"href":"https:\/\/sey.fi\/pietarsaari\/wp-json\/wp\/v2\/users\/8"}],"replies":[{"embeddable":true,"href":"https:\/\/sey.fi\/pietarsaari\/wp-json\/wp\/v2\/comments?post=43"}],"version-history":[{"count":6,"href":"https:\/\/sey.fi\/pietarsaari\/wp-json\/wp\/v2\/pages\/43\/revisions"}],"predecessor-version":[{"id":108,"href":"https:\/\/sey.fi\/pietarsaari\/wp-json\/wp\/v2\/pages\/43\/revisions\/108"}],"up":[{"embeddable":true,"href":"https:\/\/sey.fi\/pietarsaari\/wp-json\/wp\/v2\/pages\/2"}],"wp:attachment":[{"href":"https:\/\/sey.fi\/pietarsaari\/wp-json\/wp\/v2\/media?parent=43"}],"curies":[{"name":"wp","href":"https:\/\/api.w.org\/{rel}","templated":true}]}}