{"id":2,"date":"2019-10-18T14:16:30","date_gmt":"2019-10-18T11:16:30","guid":{"rendered":"http:\/\/srvr10.xetpoint.com\/~seyfi\/raahe\/?page_id=2"},"modified":"2026-01-10T17:11:10","modified_gmt":"2026-01-10T15:11:10","slug":"sey-raahe","status":"publish","type":"page","link":"https:\/\/sey.fi\/raahe\/","title":{"rendered":"SEY Raahe"},"content":{"rendered":"","protected":false},"excerpt":{"rendered":"","protected":false},"author":8,"featured_media":0,"parent":0,"menu_order":0,"comment_status":"closed","ping_status":"open","template":"TemplateHome.php","meta":{"_acf_changed":false,"footnotes":""},"class_list":["post-2","page","type-page","status-publish","hentry"],"acf":[],"yoast_head":"<!-- This site is optimized with the Yoast SEO plugin v27.1.1 - https:\/\/yoast.com\/product\/yoast-seo-wordpress\/ -->\n<title>SEY Raahe<\/title>\n<meta name=\"description\" content=\"Yhdistyksen tavoite on el\u00e4inten hyvinvoinnin edist\u00e4minen Raahen seutukunnan alueella. T\u00e4h\u00e4n pyrimme muun muassa jakamalla tietoa el\u00e4inten oikeasta, lain vaatimasta ja asianmukaisesta kohtelusta.\" \/>\n<meta name=\"robots\" content=\"index, follow, max-snippet:-1, max-image-preview:large, max-video-preview:-1\" \/>\n<link rel=\"canonical\" href=\"https:\/\/sey.fi\/raahe\/\" \/>\n<meta property=\"og:locale\" content=\"fi_FI\" \/>\n<meta property=\"og:type\" content=\"article\" \/>\n<meta property=\"og:title\" content=\"SEY Raahe\" \/>\n<meta property=\"og:description\" content=\"Yhdistyksen tavoite on el\u00e4inten hyvinvoinnin edist\u00e4minen Raahen seutukunnan alueella. T\u00e4h\u00e4n pyrimme muun muassa jakamalla tietoa el\u00e4inten oikeasta, lain vaatimasta ja asianmukaisesta kohtelusta.\" \/>\n<meta property=\"og:url\" content=\"https:\/\/sey.fi\/raahe\/\" \/>\n<meta property=\"og:site_name\" content=\"SEY Raahe\" \/>\n<meta property=\"article:modified_time\" content=\"2026-01-10T15:11:10+00:00\" \/>\n<meta name=\"twitter:card\" content=\"summary_large_image\" \/>\n<meta name=\"twitter:label1\" content=\"Arvioitu lukuaika\" \/>\n\t<meta name=\"twitter:data1\" content=\"2 minuuttia\" \/>\n<script type=\"application\/ld+json\" class=\"yoast-schema-graph\">{\"@context\":\"https:\/\/schema.org\",\"@graph\":[{\"@type\":\"WebPage\",\"@id\":\"https:\/\/sey.fi\/raahe\/\",\"url\":\"https:\/\/sey.fi\/raahe\/\",\"name\":\"SEY Raahe\",\"isPartOf\":{\"@id\":\"https:\/\/sey.fi\/raahe\/#website\"},\"datePublished\":\"2019-10-18T11:16:30+00:00\",\"dateModified\":\"2026-01-10T15:11:10+00:00\",\"description\":\"Yhdistyksen tavoite on el\u00e4inten hyvinvoinnin edist\u00e4minen Raahen seutukunnan alueella. T\u00e4h\u00e4n pyrimme muun muassa jakamalla tietoa el\u00e4inten oikeasta, lain vaatimasta ja asianmukaisesta kohtelusta.\",\"breadcrumb\":{\"@id\":\"https:\/\/sey.fi\/raahe\/#breadcrumb\"},\"inLanguage\":\"fi\",\"potentialAction\":[{\"@type\":\"ReadAction\",\"target\":[\"https:\/\/sey.fi\/raahe\/\"]}]},{\"@type\":\"BreadcrumbList\",\"@id\":\"https:\/\/sey.fi\/raahe\/#breadcrumb\",\"itemListElement\":[{\"@type\":\"ListItem\",\"position\":1,\"name\":\"Home\",\"item\":\"https:\/\/sey.fi\/raahe\/\"},{\"@type\":\"ListItem\",\"position\":2,\"name\":\"SEY Raahe\"}]},{\"@type\":\"WebSite\",\"@id\":\"https:\/\/sey.fi\/raahe\/#website\",\"url\":\"https:\/\/sey.fi\/raahe\/\",\"name\":\"SEY Raahe\",\"description\":\"Uusi SEY J\u00e4senyhdistykset -sivusto\",\"potentialAction\":[{\"@type\":\"SearchAction\",\"target\":{\"@type\":\"EntryPoint\",\"urlTemplate\":\"https:\/\/sey.fi\/raahe\/?s={search_term_string}\"},\"query-input\":{\"@type\":\"PropertyValueSpecification\",\"valueRequired\":true,\"valueName\":\"search_term_string\"}}],\"inLanguage\":\"fi\"}]}<\/script>\n<!-- \/ Yoast SEO plugin. -->","yoast_head_json":{"title":"SEY Raahe","description":"Yhdistyksen tavoite on el\u00e4inten hyvinvoinnin edist\u00e4minen Raahen seutukunnan alueella. T\u00e4h\u00e4n pyrimme muun muassa jakamalla tietoa el\u00e4inten oikeasta, lain vaatimasta ja asianmukaisesta kohtelusta.","robots":{"index":"index","follow":"follow","max-snippet":"max-snippet:-1","max-image-preview":"max-image-preview:large","max-video-preview":"max-video-preview:-1"},"canonical":"https:\/\/sey.fi\/raahe\/","og_locale":"fi_FI","og_type":"article","og_title":"SEY Raahe","og_description":"Yhdistyksen tavoite on el\u00e4inten hyvinvoinnin edist\u00e4minen Raahen seutukunnan alueella. T\u00e4h\u00e4n pyrimme muun muassa jakamalla tietoa el\u00e4inten oikeasta, lain vaatimasta ja asianmukaisesta kohtelusta.","og_url":"https:\/\/sey.fi\/raahe\/","og_site_name":"SEY Raahe","article_modified_time":"2026-01-10T15:11:10+00:00","twitter_card":"summary_large_image","twitter_misc":{"Arvioitu lukuaika":"2 minuuttia"},"schema":{"@context":"https:\/\/schema.org","@graph":[{"@type":"WebPage","@id":"https:\/\/sey.fi\/raahe\/","url":"https:\/\/sey.fi\/raahe\/","name":"SEY Raahe","isPartOf":{"@id":"https:\/\/sey.fi\/raahe\/#website"},"datePublished":"2019-10-18T11:16:30+00:00","dateModified":"2026-01-10T15:11:10+00:00","description":"Yhdistyksen tavoite on el\u00e4inten hyvinvoinnin edist\u00e4minen Raahen seutukunnan alueella. T\u00e4h\u00e4n pyrimme muun muassa jakamalla tietoa el\u00e4inten oikeasta, lain vaatimasta ja asianmukaisesta kohtelusta.","breadcrumb":{"@id":"https:\/\/sey.fi\/raahe\/#breadcrumb"},"inLanguage":"fi","potentialAction":[{"@type":"ReadAction","target":["https:\/\/sey.fi\/raahe\/"]}]},{"@type":"BreadcrumbList","@id":"https:\/\/sey.fi\/raahe\/#breadcrumb","itemListElement":[{"@type":"ListItem","position":1,"name":"Home","item":"https:\/\/sey.fi\/raahe\/"},{"@type":"ListItem","position":2,"name":"SEY Raahe"}]},{"@type":"WebSite","@id":"https:\/\/sey.fi\/raahe\/#website","url":"https:\/\/sey.fi\/raahe\/","name":"SEY Raahe","description":"Uusi SEY J\u00e4senyhdistykset -sivusto","potentialAction":[{"@type":"SearchAction","target":{"@type":"EntryPoint","urlTemplate":"https:\/\/sey.fi\/raahe\/?s={search_term_string}"},"query-input":{"@type":"PropertyValueSpecification","valueRequired":true,"valueName":"search_term_string"}}],"inLanguage":"fi"}]}},"_links":{"self":[{"href":"https:\/\/sey.fi\/raahe\/wp-json\/wp\/v2\/pages\/2","targetHints":{"allow":["GET"]}}],"collection":[{"href":"https:\/\/sey.fi\/raahe\/wp-json\/wp\/v2\/pages"}],"about":[{"href":"https:\/\/sey.fi\/raahe\/wp-json\/wp\/v2\/types\/page"}],"author":[{"embeddable":true,"href":"https:\/\/sey.fi\/raahe\/wp-json\/wp\/v2\/users\/8"}],"replies":[{"embeddable":true,"href":"https:\/\/sey.fi\/raahe\/wp-json\/wp\/v2\/comments?post=2"}],"version-history":[{"count":25,"href":"https:\/\/sey.fi\/raahe\/wp-json\/wp\/v2\/pages\/2\/revisions"}],"predecessor-version":[{"id":224,"href":"https:\/\/sey.fi\/raahe\/wp-json\/wp\/v2\/pages\/2\/revisions\/224"}],"wp:attachment":[{"href":"https:\/\/sey.fi\/raahe\/wp-json\/wp\/v2\/media?parent=2"}],"curies":[{"name":"wp","href":"https:\/\/api.w.org\/{rel}","templated":true}]}}