{"id":29,"date":"2019-11-08T15:03:20","date_gmt":"2019-11-08T13:03:20","guid":{"rendered":"http:\/\/srvr10.xetpoint.com\/~seyfi\/raahe\/?page_id=29"},"modified":"2022-05-29T13:39:27","modified_gmt":"2022-05-29T10:39:27","slug":"tule-mukaan-toimintaan","status":"publish","type":"page","link":"https:\/\/sey.fi\/raahe\/sey-raahe\/tue-toimintaa\/tule-mukaan-toimintaan\/","title":{"rendered":"Tule mukaan toimintaan"},"content":{"rendered":"\n<h2 class=\"wp-block-heading\">Olet tervetullut mukaan toimintaan!<\/h2>\n\n\n\n<p>Tarvitsemme joukkoomme el\u00e4insuojelusta ja el\u00e4imist\u00e4 kiinnostuneita ihmisi\u00e4.<\/p>\n\n\n\n<p>Jokainen voi omalta osaltaan tehd\u00e4 el\u00e4insuojelutekoja esimerkiksi pit\u00e4m\u00e4ll\u00e4 hyv\u00e4\u00e4 huolta omista el\u00e4imist\u00e4, niin lemmikeist\u00e4 kuin tuotantoel\u00e4imist\u00e4kin. Auttaa voi my\u00f6s liittym\u00e4ll\u00e4 el\u00e4insuojeluyhdistykseen ja l\u00e4htem\u00e4ll\u00e4 mukaan toimintaan.<\/p>\n\n\n\n<p>SEY Raahe ry:n j\u00e4senet saavat nelj\u00e4 kertaa vuodessa ilmestyv\u00e4n Suomen El\u00e4insuojeluyhdistyksen El\u00e4inten yst\u00e4v\u00e4 -lehden. Lis\u00e4ksi pyrimme l\u00e4hett\u00e4m\u00e4\u00e4n sinulle yhdistyksemme j\u00e4sentiedotteen muutaman kerran vuodessa.<\/p>\n\n\n\n<p>Liity j\u00e4seneksemme&nbsp;<a href=\"https:\/\/www.sey.fi\/tue-toimintaa\/jasenyys\" target=\"_blank\" rel=\"noreferrer noopener\">SEY Suomen el\u00e4insuojelun sivulla<\/a>&nbsp;tai ota yhteytt\u00e4 s\u00e4hk\u00f6postitse pj.seyraahe (a) gmail.com, niin kerromme lis\u00e4\u00e4.<\/p>\n\n\n\n<p><strong>J\u00e4senmaksut vuonna 2022:<\/strong><\/p>\n\n\n\n<ul class=\"wp-block-list\"><li>varsinainen j\u00e4sen 33 \u20ac \/ vuosi<\/li><li>nuorisoj\u00e4sen (alle 15 v.) 23&nbsp; \u20ac \/ vuosi<\/li><li>perhej\u00e4sen 23 \u20ac \/ vuosi<\/li><li>kannatusj\u00e4sen 230 \u20ac \/ vuosi<\/li><li>ainaisj\u00e4sen 330 \u20ac<\/li><\/ul>\n","protected":false},"excerpt":{"rendered":"<p>Olet tervetullut mukaan toimintaan! Tarvitsemme joukkoomme el\u00e4insuojelusta ja el\u00e4imist\u00e4 kiinnostuneita ihmisi\u00e4. Jokainen voi omalta osaltaan tehd\u00e4 el\u00e4insuojelutekoja esimerkiksi pit\u00e4m\u00e4ll\u00e4 hyv\u00e4\u00e4 huolta omista el\u00e4imist\u00e4, niin lemmikeist\u00e4 kuin tuotantoel\u00e4imist\u00e4kin. Auttaa voi my\u00f6s liittym\u00e4ll\u00e4 el\u00e4insuojeluyhdistykseen ja l\u00e4htem\u00e4ll\u00e4 mukaan toimintaan. SEY Raahe ry:n j\u00e4senet saavat nelj\u00e4 kertaa vuodessa ilmestyv\u00e4n Suomen El\u00e4insuojeluyhdistyksen El\u00e4inten yst\u00e4v\u00e4 -lehden. Lis\u00e4ksi pyrimme l\u00e4hett\u00e4m\u00e4\u00e4n sinulle yhdistyksemme [&hellip;]<\/p>\n","protected":false},"author":8,"featured_media":0,"parent":27,"menu_order":0,"comment_status":"closed","ping_status":"closed","template":"","meta":{"_acf_changed":false,"footnotes":""},"class_list":["post-29","page","type-page","status-publish","hentry"],"acf":[],"yoast_head":"<!-- This site is optimized with the Yoast SEO plugin v27.1.1 - https:\/\/yoast.com\/product\/yoast-seo-wordpress\/ -->\n<title>Tule mukaan toimintaan - SEY Raahe<\/title>\n<meta name=\"robots\" content=\"index, follow, max-snippet:-1, max-image-preview:large, max-video-preview:-1\" \/>\n<link rel=\"canonical\" href=\"https:\/\/sey.fi\/raahe\/sey-raahe\/tue-toimintaa\/tule-mukaan-toimintaan\/\" \/>\n<meta property=\"og:locale\" content=\"fi_FI\" \/>\n<meta property=\"og:type\" content=\"article\" \/>\n<meta property=\"og:title\" content=\"Tule mukaan toimintaan - SEY Raahe\" \/>\n<meta property=\"og:description\" content=\"Olet tervetullut mukaan toimintaan! Tarvitsemme joukkoomme el\u00e4insuojelusta ja el\u00e4imist\u00e4 kiinnostuneita ihmisi\u00e4. Jokainen voi omalta osaltaan tehd\u00e4 el\u00e4insuojelutekoja esimerkiksi pit\u00e4m\u00e4ll\u00e4 hyv\u00e4\u00e4 huolta omista el\u00e4imist\u00e4, niin lemmikeist\u00e4 kuin tuotantoel\u00e4imist\u00e4kin. Auttaa voi my\u00f6s liittym\u00e4ll\u00e4 el\u00e4insuojeluyhdistykseen ja l\u00e4htem\u00e4ll\u00e4 mukaan toimintaan. SEY Raahe ry:n j\u00e4senet saavat nelj\u00e4 kertaa vuodessa ilmestyv\u00e4n Suomen El\u00e4insuojeluyhdistyksen El\u00e4inten yst\u00e4v\u00e4 -lehden. Lis\u00e4ksi pyrimme l\u00e4hett\u00e4m\u00e4\u00e4n sinulle yhdistyksemme [&hellip;]\" \/>\n<meta property=\"og:url\" content=\"https:\/\/sey.fi\/raahe\/sey-raahe\/tue-toimintaa\/tule-mukaan-toimintaan\/\" \/>\n<meta property=\"og:site_name\" content=\"SEY Raahe\" \/>\n<meta property=\"article:modified_time\" content=\"2022-05-29T10:39:27+00:00\" \/>\n<meta name=\"twitter:card\" content=\"summary_large_image\" \/>\n<meta name=\"twitter:label1\" content=\"Arvioitu lukuaika\" \/>\n\t<meta name=\"twitter:data1\" content=\"1 minuutti\" \/>\n<script type=\"application\/ld+json\" class=\"yoast-schema-graph\">{\"@context\":\"https:\/\/schema.org\",\"@graph\":[{\"@type\":\"WebPage\",\"@id\":\"https:\/\/sey.fi\/raahe\/sey-raahe\/tue-toimintaa\/tule-mukaan-toimintaan\/\",\"url\":\"https:\/\/sey.fi\/raahe\/sey-raahe\/tue-toimintaa\/tule-mukaan-toimintaan\/\",\"name\":\"Tule mukaan toimintaan - SEY Raahe\",\"isPartOf\":{\"@id\":\"https:\/\/sey.fi\/raahe\/#website\"},\"datePublished\":\"2019-11-08T13:03:20+00:00\",\"dateModified\":\"2022-05-29T10:39:27+00:00\",\"breadcrumb\":{\"@id\":\"https:\/\/sey.fi\/raahe\/sey-raahe\/tue-toimintaa\/tule-mukaan-toimintaan\/#breadcrumb\"},\"inLanguage\":\"fi\",\"potentialAction\":[{\"@type\":\"ReadAction\",\"target\":[\"https:\/\/sey.fi\/raahe\/sey-raahe\/tue-toimintaa\/tule-mukaan-toimintaan\/\"]}]},{\"@type\":\"BreadcrumbList\",\"@id\":\"https:\/\/sey.fi\/raahe\/sey-raahe\/tue-toimintaa\/tule-mukaan-toimintaan\/#breadcrumb\",\"itemListElement\":[{\"@type\":\"ListItem\",\"position\":1,\"name\":\"Home\",\"item\":\"https:\/\/sey.fi\/raahe\/\"},{\"@type\":\"ListItem\",\"position\":2,\"name\":\"SEY Raahe\",\"item\":\"https:\/\/sey.fi\/raahe\/\"},{\"@type\":\"ListItem\",\"position\":3,\"name\":\"Tue toimintaa\",\"item\":\"https:\/\/sey.fi\/raahe\/sey-raahe\/tue-toimintaa\/\"},{\"@type\":\"ListItem\",\"position\":4,\"name\":\"Tule mukaan toimintaan\"}]},{\"@type\":\"WebSite\",\"@id\":\"https:\/\/sey.fi\/raahe\/#website\",\"url\":\"https:\/\/sey.fi\/raahe\/\",\"name\":\"SEY Raahe\",\"description\":\"Uusi SEY J\u00e4senyhdistykset -sivusto\",\"potentialAction\":[{\"@type\":\"SearchAction\",\"target\":{\"@type\":\"EntryPoint\",\"urlTemplate\":\"https:\/\/sey.fi\/raahe\/?s={search_term_string}\"},\"query-input\":{\"@type\":\"PropertyValueSpecification\",\"valueRequired\":true,\"valueName\":\"search_term_string\"}}],\"inLanguage\":\"fi\"}]}<\/script>\n<!-- \/ Yoast SEO plugin. -->","yoast_head_json":{"title":"Tule mukaan toimintaan - SEY Raahe","robots":{"index":"index","follow":"follow","max-snippet":"max-snippet:-1","max-image-preview":"max-image-preview:large","max-video-preview":"max-video-preview:-1"},"canonical":"https:\/\/sey.fi\/raahe\/sey-raahe\/tue-toimintaa\/tule-mukaan-toimintaan\/","og_locale":"fi_FI","og_type":"article","og_title":"Tule mukaan toimintaan - SEY Raahe","og_description":"Olet tervetullut mukaan toimintaan! Tarvitsemme joukkoomme el\u00e4insuojelusta ja el\u00e4imist\u00e4 kiinnostuneita ihmisi\u00e4. Jokainen voi omalta osaltaan tehd\u00e4 el\u00e4insuojelutekoja esimerkiksi pit\u00e4m\u00e4ll\u00e4 hyv\u00e4\u00e4 huolta omista el\u00e4imist\u00e4, niin lemmikeist\u00e4 kuin tuotantoel\u00e4imist\u00e4kin. Auttaa voi my\u00f6s liittym\u00e4ll\u00e4 el\u00e4insuojeluyhdistykseen ja l\u00e4htem\u00e4ll\u00e4 mukaan toimintaan. SEY Raahe ry:n j\u00e4senet saavat nelj\u00e4 kertaa vuodessa ilmestyv\u00e4n Suomen El\u00e4insuojeluyhdistyksen El\u00e4inten yst\u00e4v\u00e4 -lehden. Lis\u00e4ksi pyrimme l\u00e4hett\u00e4m\u00e4\u00e4n sinulle yhdistyksemme [&hellip;]","og_url":"https:\/\/sey.fi\/raahe\/sey-raahe\/tue-toimintaa\/tule-mukaan-toimintaan\/","og_site_name":"SEY Raahe","article_modified_time":"2022-05-29T10:39:27+00:00","twitter_card":"summary_large_image","twitter_misc":{"Arvioitu lukuaika":"1 minuutti"},"schema":{"@context":"https:\/\/schema.org","@graph":[{"@type":"WebPage","@id":"https:\/\/sey.fi\/raahe\/sey-raahe\/tue-toimintaa\/tule-mukaan-toimintaan\/","url":"https:\/\/sey.fi\/raahe\/sey-raahe\/tue-toimintaa\/tule-mukaan-toimintaan\/","name":"Tule mukaan toimintaan - SEY Raahe","isPartOf":{"@id":"https:\/\/sey.fi\/raahe\/#website"},"datePublished":"2019-11-08T13:03:20+00:00","dateModified":"2022-05-29T10:39:27+00:00","breadcrumb":{"@id":"https:\/\/sey.fi\/raahe\/sey-raahe\/tue-toimintaa\/tule-mukaan-toimintaan\/#breadcrumb"},"inLanguage":"fi","potentialAction":[{"@type":"ReadAction","target":["https:\/\/sey.fi\/raahe\/sey-raahe\/tue-toimintaa\/tule-mukaan-toimintaan\/"]}]},{"@type":"BreadcrumbList","@id":"https:\/\/sey.fi\/raahe\/sey-raahe\/tue-toimintaa\/tule-mukaan-toimintaan\/#breadcrumb","itemListElement":[{"@type":"ListItem","position":1,"name":"Home","item":"https:\/\/sey.fi\/raahe\/"},{"@type":"ListItem","position":2,"name":"SEY Raahe","item":"https:\/\/sey.fi\/raahe\/"},{"@type":"ListItem","position":3,"name":"Tue toimintaa","item":"https:\/\/sey.fi\/raahe\/sey-raahe\/tue-toimintaa\/"},{"@type":"ListItem","position":4,"name":"Tule mukaan toimintaan"}]},{"@type":"WebSite","@id":"https:\/\/sey.fi\/raahe\/#website","url":"https:\/\/sey.fi\/raahe\/","name":"SEY Raahe","description":"Uusi SEY J\u00e4senyhdistykset -sivusto","potentialAction":[{"@type":"SearchAction","target":{"@type":"EntryPoint","urlTemplate":"https:\/\/sey.fi\/raahe\/?s={search_term_string}"},"query-input":{"@type":"PropertyValueSpecification","valueRequired":true,"valueName":"search_term_string"}}],"inLanguage":"fi"}]}},"_links":{"self":[{"href":"https:\/\/sey.fi\/raahe\/wp-json\/wp\/v2\/pages\/29","targetHints":{"allow":["GET"]}}],"collection":[{"href":"https:\/\/sey.fi\/raahe\/wp-json\/wp\/v2\/pages"}],"about":[{"href":"https:\/\/sey.fi\/raahe\/wp-json\/wp\/v2\/types\/page"}],"author":[{"embeddable":true,"href":"https:\/\/sey.fi\/raahe\/wp-json\/wp\/v2\/users\/8"}],"replies":[{"embeddable":true,"href":"https:\/\/sey.fi\/raahe\/wp-json\/wp\/v2\/comments?post=29"}],"version-history":[{"count":4,"href":"https:\/\/sey.fi\/raahe\/wp-json\/wp\/v2\/pages\/29\/revisions"}],"predecessor-version":[{"id":175,"href":"https:\/\/sey.fi\/raahe\/wp-json\/wp\/v2\/pages\/29\/revisions\/175"}],"up":[{"embeddable":true,"href":"https:\/\/sey.fi\/raahe\/wp-json\/wp\/v2\/pages\/27"}],"wp:attachment":[{"href":"https:\/\/sey.fi\/raahe\/wp-json\/wp\/v2\/media?parent=29"}],"curies":[{"name":"wp","href":"https:\/\/api.w.org\/{rel}","templated":true}]}}