{"id":38,"date":"2019-11-08T15:09:10","date_gmt":"2019-11-08T13:09:10","guid":{"rendered":"http:\/\/srvr10.xetpoint.com\/~seyfi\/raahe\/?page_id=38"},"modified":"2022-05-28T17:55:15","modified_gmt":"2022-05-28T14:55:15","slug":"myytavat-tuotteet","status":"publish","type":"page","link":"https:\/\/sey.fi\/raahe\/sey-raahe\/myytavat-tuotteet\/","title":{"rendered":"Myyt\u00e4v\u00e4t tuotteet"},"content":{"rendered":"\n<p>Tuotamme myyntiin erilaisia tuotteita yhdistyksen toiminnan tukemiseksi, muun muassa pipoja ja penaaleita. Ilmoittelemme myyt\u00e4vist\u00e4 tuotteista t\u00e4ll\u00e4 sivulla, tuotteet ovat myyt\u00e4v\u00e4n\u00e4&nbsp;<strong><a href=\"https:\/\/www.phkirppis.com\/\" target=\"_blank\" rel=\"noreferrer noopener\">PH-kirppiksell\u00e4<\/a>&nbsp;SEY Raahe ry:n p\u00f6yd\u00e4ss\u00e4 61 ja lavapaikalla 110.<\/strong><\/p>\n\n\n\n<p>Kirpparilla myyd\u00e4\u00e4n my\u00f6s meille lahjoitettua tavaraa, k\u00e4y ostoksilla ja tuet samalla yhdistyksemme toimintaa!<\/p>\n\n\n\n<p>Haluatko lahjoittaa tavaraa myyntiin? Otamme mielell\u00e4mme vastaan ehji\u00e4 ja siistej\u00e4 esineit\u00e4, astioita ja muuta tavaraa. Vaatteita ja tilaa vievi\u00e4 tavaroita, kuten huonekaluja emme valitettavasti voi ottaa myyntiin. Ota yhteytt\u00e4&nbsp;<a href=\"https:\/\/www.facebook.com\/seyraahe\" target=\"_blank\" rel=\"noreferrer noopener\">Facebookin kautta<\/a>&nbsp;tai l\u00e4het\u00e4 s\u00e4hk\u00f6postia osoitteeseen&nbsp;<a href=\"mailto:posti.seyraahe@gmail.com\">pj.seyraahe@gmail.com<\/a>.<\/p>\n","protected":false},"excerpt":{"rendered":"<p>Tuotamme myyntiin erilaisia tuotteita yhdistyksen toiminnan tukemiseksi, muun muassa pipoja ja penaaleita. Ilmoittelemme myyt\u00e4vist\u00e4 tuotteista t\u00e4ll\u00e4 sivulla, tuotteet ovat myyt\u00e4v\u00e4n\u00e4&nbsp;PH-kirppiksell\u00e4&nbsp;SEY Raahe ry:n p\u00f6yd\u00e4ss\u00e4 61 ja lavapaikalla 110. Kirpparilla myyd\u00e4\u00e4n my\u00f6s meille lahjoitettua tavaraa, k\u00e4y ostoksilla ja tuet samalla yhdistyksemme toimintaa! Haluatko lahjoittaa tavaraa myyntiin? Otamme mielell\u00e4mme vastaan ehji\u00e4 ja siistej\u00e4 esineit\u00e4, astioita ja muuta tavaraa. [&hellip;]<\/p>\n","protected":false},"author":8,"featured_media":0,"parent":2,"menu_order":0,"comment_status":"closed","ping_status":"closed","template":"","meta":{"_acf_changed":false,"footnotes":""},"class_list":["post-38","page","type-page","status-publish","hentry"],"acf":[],"yoast_head":"<!-- This site is optimized with the Yoast SEO plugin v27.1.1 - https:\/\/yoast.com\/product\/yoast-seo-wordpress\/ -->\n<title>Myyt\u00e4v\u00e4t tuotteet - SEY Raahe<\/title>\n<meta name=\"robots\" content=\"index, follow, max-snippet:-1, max-image-preview:large, max-video-preview:-1\" \/>\n<link rel=\"canonical\" href=\"https:\/\/sey.fi\/raahe\/sey-raahe\/myytavat-tuotteet\/\" \/>\n<meta property=\"og:locale\" content=\"fi_FI\" \/>\n<meta property=\"og:type\" content=\"article\" \/>\n<meta property=\"og:title\" content=\"Myyt\u00e4v\u00e4t tuotteet - SEY Raahe\" \/>\n<meta property=\"og:description\" content=\"Tuotamme myyntiin erilaisia tuotteita yhdistyksen toiminnan tukemiseksi, muun muassa pipoja ja penaaleita. Ilmoittelemme myyt\u00e4vist\u00e4 tuotteista t\u00e4ll\u00e4 sivulla, tuotteet ovat myyt\u00e4v\u00e4n\u00e4&nbsp;PH-kirppiksell\u00e4&nbsp;SEY Raahe ry:n p\u00f6yd\u00e4ss\u00e4 61 ja lavapaikalla 110. Kirpparilla myyd\u00e4\u00e4n my\u00f6s meille lahjoitettua tavaraa, k\u00e4y ostoksilla ja tuet samalla yhdistyksemme toimintaa! Haluatko lahjoittaa tavaraa myyntiin? Otamme mielell\u00e4mme vastaan ehji\u00e4 ja siistej\u00e4 esineit\u00e4, astioita ja muuta tavaraa. [&hellip;]\" \/>\n<meta property=\"og:url\" content=\"https:\/\/sey.fi\/raahe\/sey-raahe\/myytavat-tuotteet\/\" \/>\n<meta property=\"og:site_name\" content=\"SEY Raahe\" \/>\n<meta property=\"article:modified_time\" content=\"2022-05-28T14:55:15+00:00\" \/>\n<meta name=\"twitter:card\" content=\"summary_large_image\" \/>\n<meta name=\"twitter:label1\" content=\"Arvioitu lukuaika\" \/>\n\t<meta name=\"twitter:data1\" content=\"1 minuutti\" \/>\n<script type=\"application\/ld+json\" class=\"yoast-schema-graph\">{\"@context\":\"https:\/\/schema.org\",\"@graph\":[{\"@type\":\"WebPage\",\"@id\":\"https:\/\/sey.fi\/raahe\/sey-raahe\/myytavat-tuotteet\/\",\"url\":\"https:\/\/sey.fi\/raahe\/sey-raahe\/myytavat-tuotteet\/\",\"name\":\"Myyt\u00e4v\u00e4t tuotteet - SEY Raahe\",\"isPartOf\":{\"@id\":\"https:\/\/sey.fi\/raahe\/#website\"},\"datePublished\":\"2019-11-08T13:09:10+00:00\",\"dateModified\":\"2022-05-28T14:55:15+00:00\",\"breadcrumb\":{\"@id\":\"https:\/\/sey.fi\/raahe\/sey-raahe\/myytavat-tuotteet\/#breadcrumb\"},\"inLanguage\":\"fi\",\"potentialAction\":[{\"@type\":\"ReadAction\",\"target\":[\"https:\/\/sey.fi\/raahe\/sey-raahe\/myytavat-tuotteet\/\"]}]},{\"@type\":\"BreadcrumbList\",\"@id\":\"https:\/\/sey.fi\/raahe\/sey-raahe\/myytavat-tuotteet\/#breadcrumb\",\"itemListElement\":[{\"@type\":\"ListItem\",\"position\":1,\"name\":\"Home\",\"item\":\"https:\/\/sey.fi\/raahe\/\"},{\"@type\":\"ListItem\",\"position\":2,\"name\":\"SEY Raahe\",\"item\":\"https:\/\/sey.fi\/raahe\/\"},{\"@type\":\"ListItem\",\"position\":3,\"name\":\"Myyt\u00e4v\u00e4t tuotteet\"}]},{\"@type\":\"WebSite\",\"@id\":\"https:\/\/sey.fi\/raahe\/#website\",\"url\":\"https:\/\/sey.fi\/raahe\/\",\"name\":\"SEY Raahe\",\"description\":\"Uusi SEY J\u00e4senyhdistykset -sivusto\",\"potentialAction\":[{\"@type\":\"SearchAction\",\"target\":{\"@type\":\"EntryPoint\",\"urlTemplate\":\"https:\/\/sey.fi\/raahe\/?s={search_term_string}\"},\"query-input\":{\"@type\":\"PropertyValueSpecification\",\"valueRequired\":true,\"valueName\":\"search_term_string\"}}],\"inLanguage\":\"fi\"}]}<\/script>\n<!-- \/ Yoast SEO plugin. -->","yoast_head_json":{"title":"Myyt\u00e4v\u00e4t tuotteet - SEY Raahe","robots":{"index":"index","follow":"follow","max-snippet":"max-snippet:-1","max-image-preview":"max-image-preview:large","max-video-preview":"max-video-preview:-1"},"canonical":"https:\/\/sey.fi\/raahe\/sey-raahe\/myytavat-tuotteet\/","og_locale":"fi_FI","og_type":"article","og_title":"Myyt\u00e4v\u00e4t tuotteet - SEY Raahe","og_description":"Tuotamme myyntiin erilaisia tuotteita yhdistyksen toiminnan tukemiseksi, muun muassa pipoja ja penaaleita. Ilmoittelemme myyt\u00e4vist\u00e4 tuotteista t\u00e4ll\u00e4 sivulla, tuotteet ovat myyt\u00e4v\u00e4n\u00e4&nbsp;PH-kirppiksell\u00e4&nbsp;SEY Raahe ry:n p\u00f6yd\u00e4ss\u00e4 61 ja lavapaikalla 110. Kirpparilla myyd\u00e4\u00e4n my\u00f6s meille lahjoitettua tavaraa, k\u00e4y ostoksilla ja tuet samalla yhdistyksemme toimintaa! Haluatko lahjoittaa tavaraa myyntiin? Otamme mielell\u00e4mme vastaan ehji\u00e4 ja siistej\u00e4 esineit\u00e4, astioita ja muuta tavaraa. [&hellip;]","og_url":"https:\/\/sey.fi\/raahe\/sey-raahe\/myytavat-tuotteet\/","og_site_name":"SEY Raahe","article_modified_time":"2022-05-28T14:55:15+00:00","twitter_card":"summary_large_image","twitter_misc":{"Arvioitu lukuaika":"1 minuutti"},"schema":{"@context":"https:\/\/schema.org","@graph":[{"@type":"WebPage","@id":"https:\/\/sey.fi\/raahe\/sey-raahe\/myytavat-tuotteet\/","url":"https:\/\/sey.fi\/raahe\/sey-raahe\/myytavat-tuotteet\/","name":"Myyt\u00e4v\u00e4t tuotteet - SEY Raahe","isPartOf":{"@id":"https:\/\/sey.fi\/raahe\/#website"},"datePublished":"2019-11-08T13:09:10+00:00","dateModified":"2022-05-28T14:55:15+00:00","breadcrumb":{"@id":"https:\/\/sey.fi\/raahe\/sey-raahe\/myytavat-tuotteet\/#breadcrumb"},"inLanguage":"fi","potentialAction":[{"@type":"ReadAction","target":["https:\/\/sey.fi\/raahe\/sey-raahe\/myytavat-tuotteet\/"]}]},{"@type":"BreadcrumbList","@id":"https:\/\/sey.fi\/raahe\/sey-raahe\/myytavat-tuotteet\/#breadcrumb","itemListElement":[{"@type":"ListItem","position":1,"name":"Home","item":"https:\/\/sey.fi\/raahe\/"},{"@type":"ListItem","position":2,"name":"SEY Raahe","item":"https:\/\/sey.fi\/raahe\/"},{"@type":"ListItem","position":3,"name":"Myyt\u00e4v\u00e4t tuotteet"}]},{"@type":"WebSite","@id":"https:\/\/sey.fi\/raahe\/#website","url":"https:\/\/sey.fi\/raahe\/","name":"SEY Raahe","description":"Uusi SEY J\u00e4senyhdistykset -sivusto","potentialAction":[{"@type":"SearchAction","target":{"@type":"EntryPoint","urlTemplate":"https:\/\/sey.fi\/raahe\/?s={search_term_string}"},"query-input":{"@type":"PropertyValueSpecification","valueRequired":true,"valueName":"search_term_string"}}],"inLanguage":"fi"}]}},"_links":{"self":[{"href":"https:\/\/sey.fi\/raahe\/wp-json\/wp\/v2\/pages\/38","targetHints":{"allow":["GET"]}}],"collection":[{"href":"https:\/\/sey.fi\/raahe\/wp-json\/wp\/v2\/pages"}],"about":[{"href":"https:\/\/sey.fi\/raahe\/wp-json\/wp\/v2\/types\/page"}],"author":[{"embeddable":true,"href":"https:\/\/sey.fi\/raahe\/wp-json\/wp\/v2\/users\/8"}],"replies":[{"embeddable":true,"href":"https:\/\/sey.fi\/raahe\/wp-json\/wp\/v2\/comments?post=38"}],"version-history":[{"count":3,"href":"https:\/\/sey.fi\/raahe\/wp-json\/wp\/v2\/pages\/38\/revisions"}],"predecessor-version":[{"id":160,"href":"https:\/\/sey.fi\/raahe\/wp-json\/wp\/v2\/pages\/38\/revisions\/160"}],"up":[{"embeddable":true,"href":"https:\/\/sey.fi\/raahe\/wp-json\/wp\/v2\/pages\/2"}],"wp:attachment":[{"href":"https:\/\/sey.fi\/raahe\/wp-json\/wp\/v2\/media?parent=38"}],"curies":[{"name":"wp","href":"https:\/\/api.w.org\/{rel}","templated":true}]}}