{"id":33,"date":"2019-11-14T15:34:58","date_gmt":"2019-11-14T13:34:58","guid":{"rendered":"http:\/\/srvr10.xetpoint.com\/~seyfi\/rovaniemi\/?page_id=33"},"modified":"2025-07-04T15:48:34","modified_gmt":"2025-07-04T12:48:34","slug":"yhdistys","status":"publish","type":"page","link":"https:\/\/sey.fi\/rovaniemi\/rovaniemen-elainsuojelu\/yhdistys\/","title":{"rendered":"Yhdistys"},"content":{"rendered":"\n<p>Rovaniemen seudun el\u00e4insuojeluyhdistys ry<\/p>\n\n\n\n<p>Y-tunnus 1621428-1<\/p>\n\n\n\n<p>Tilinro Osuuspankki  FI52 5640 0220 4695 92 <\/p>\n\n\n\n<p>Yhdistys on SEYn eli Suomen el\u00e4insuojelu ry:n j\u00e4senyhdistys ja sen p\u00e4\u00e4tavoitteena ja -toimintamuotona ovat el\u00e4inten hyvinvoinnin ja hyv\u00e4n kohtelun edist\u00e4minen sek\u00e4 valistustoiminta.<\/p>\n\n\n\n<p>Yhdistyksen toiminta-alueena on Rovaniemi ja&nbsp;ymp\u00e4rist\u00f6kunnat, mutta yhdistys voi ulottaa toimintansa my\u00f6s edell\u00e4 mainitun alueen ulkopuolelle.<\/p>\n\n\n\n<p><\/p>\n\n\n\n<p><\/p>\n","protected":false},"excerpt":{"rendered":"<p>Rovaniemen seudun el\u00e4insuojeluyhdistys ry Y-tunnus 1621428-1 Tilinro Osuuspankki FI52 5640 0220 4695 92 Yhdistys on SEYn eli Suomen el\u00e4insuojelu ry:n j\u00e4senyhdistys ja sen p\u00e4\u00e4tavoitteena ja -toimintamuotona ovat el\u00e4inten hyvinvoinnin ja hyv\u00e4n kohtelun edist\u00e4minen sek\u00e4 valistustoiminta. Yhdistyksen toiminta-alueena on Rovaniemi ja&nbsp;ymp\u00e4rist\u00f6kunnat, mutta yhdistys voi ulottaa toimintansa my\u00f6s edell\u00e4 mainitun alueen ulkopuolelle.<\/p>\n","protected":false},"author":8,"featured_media":0,"parent":2,"menu_order":0,"comment_status":"closed","ping_status":"closed","template":"","meta":{"_acf_changed":false,"footnotes":""},"class_list":["post-33","page","type-page","status-publish","hentry"],"acf":[],"yoast_head":"<!-- This site is optimized with the Yoast SEO plugin v27.1.1 - https:\/\/yoast.com\/product\/yoast-seo-wordpress\/ -->\n<title>Yhdistys - Rovaniemen seudun el\u00e4insuojeluyhdistys<\/title>\n<meta name=\"robots\" content=\"index, follow, max-snippet:-1, max-image-preview:large, max-video-preview:-1\" \/>\n<link rel=\"canonical\" href=\"https:\/\/sey.fi\/rovaniemi\/rovaniemen-elainsuojelu\/yhdistys\/\" \/>\n<meta property=\"og:locale\" content=\"fi_FI\" \/>\n<meta property=\"og:type\" content=\"article\" \/>\n<meta property=\"og:title\" content=\"Yhdistys - Rovaniemen seudun el\u00e4insuojeluyhdistys\" \/>\n<meta property=\"og:description\" content=\"Rovaniemen seudun el\u00e4insuojeluyhdistys ry Y-tunnus 1621428-1 Tilinro Osuuspankki FI52 5640 0220 4695 92 Yhdistys on SEYn eli Suomen el\u00e4insuojelu ry:n j\u00e4senyhdistys ja sen p\u00e4\u00e4tavoitteena ja -toimintamuotona ovat el\u00e4inten hyvinvoinnin ja hyv\u00e4n kohtelun edist\u00e4minen sek\u00e4 valistustoiminta. Yhdistyksen toiminta-alueena on Rovaniemi ja&nbsp;ymp\u00e4rist\u00f6kunnat, mutta yhdistys voi ulottaa toimintansa my\u00f6s edell\u00e4 mainitun alueen ulkopuolelle.\" \/>\n<meta property=\"og:url\" content=\"https:\/\/sey.fi\/rovaniemi\/rovaniemen-elainsuojelu\/yhdistys\/\" \/>\n<meta property=\"og:site_name\" content=\"Rovaniemen seudun el\u00e4insuojeluyhdistys\" \/>\n<meta property=\"article:modified_time\" content=\"2025-07-04T12:48:34+00:00\" \/>\n<meta name=\"twitter:card\" content=\"summary_large_image\" \/>\n<meta name=\"twitter:label1\" content=\"Arvioitu lukuaika\" \/>\n\t<meta name=\"twitter:data1\" content=\"1 minuutti\" \/>\n<script type=\"application\/ld+json\" class=\"yoast-schema-graph\">{\"@context\":\"https:\/\/schema.org\",\"@graph\":[{\"@type\":\"WebPage\",\"@id\":\"https:\/\/sey.fi\/rovaniemi\/rovaniemen-elainsuojelu\/yhdistys\/\",\"url\":\"https:\/\/sey.fi\/rovaniemi\/rovaniemen-elainsuojelu\/yhdistys\/\",\"name\":\"Yhdistys - Rovaniemen seudun el\u00e4insuojeluyhdistys\",\"isPartOf\":{\"@id\":\"https:\/\/sey.fi\/rovaniemi\/#website\"},\"datePublished\":\"2019-11-14T13:34:58+00:00\",\"dateModified\":\"2025-07-04T12:48:34+00:00\",\"breadcrumb\":{\"@id\":\"https:\/\/sey.fi\/rovaniemi\/rovaniemen-elainsuojelu\/yhdistys\/#breadcrumb\"},\"inLanguage\":\"fi\",\"potentialAction\":[{\"@type\":\"ReadAction\",\"target\":[\"https:\/\/sey.fi\/rovaniemi\/rovaniemen-elainsuojelu\/yhdistys\/\"]}]},{\"@type\":\"BreadcrumbList\",\"@id\":\"https:\/\/sey.fi\/rovaniemi\/rovaniemen-elainsuojelu\/yhdistys\/#breadcrumb\",\"itemListElement\":[{\"@type\":\"ListItem\",\"position\":1,\"name\":\"Home\",\"item\":\"https:\/\/sey.fi\/rovaniemi\/\"},{\"@type\":\"ListItem\",\"position\":2,\"name\":\"Rovaniemen seudun el\u00e4insuojeluyhdistys\",\"item\":\"https:\/\/sey.fi\/rovaniemi\/\"},{\"@type\":\"ListItem\",\"position\":3,\"name\":\"Yhdistys\"}]},{\"@type\":\"WebSite\",\"@id\":\"https:\/\/sey.fi\/rovaniemi\/#website\",\"url\":\"https:\/\/sey.fi\/rovaniemi\/\",\"name\":\"Rovaniemen seudun el\u00e4insuojeluyhdistys\",\"description\":\"Uusi SEY J\u00e4senyhdistykset -sivusto\",\"potentialAction\":[{\"@type\":\"SearchAction\",\"target\":{\"@type\":\"EntryPoint\",\"urlTemplate\":\"https:\/\/sey.fi\/rovaniemi\/?s={search_term_string}\"},\"query-input\":{\"@type\":\"PropertyValueSpecification\",\"valueRequired\":true,\"valueName\":\"search_term_string\"}}],\"inLanguage\":\"fi\"}]}<\/script>\n<!-- \/ Yoast SEO plugin. -->","yoast_head_json":{"title":"Yhdistys - Rovaniemen seudun el\u00e4insuojeluyhdistys","robots":{"index":"index","follow":"follow","max-snippet":"max-snippet:-1","max-image-preview":"max-image-preview:large","max-video-preview":"max-video-preview:-1"},"canonical":"https:\/\/sey.fi\/rovaniemi\/rovaniemen-elainsuojelu\/yhdistys\/","og_locale":"fi_FI","og_type":"article","og_title":"Yhdistys - Rovaniemen seudun el\u00e4insuojeluyhdistys","og_description":"Rovaniemen seudun el\u00e4insuojeluyhdistys ry Y-tunnus 1621428-1 Tilinro Osuuspankki FI52 5640 0220 4695 92 Yhdistys on SEYn eli Suomen el\u00e4insuojelu ry:n j\u00e4senyhdistys ja sen p\u00e4\u00e4tavoitteena ja -toimintamuotona ovat el\u00e4inten hyvinvoinnin ja hyv\u00e4n kohtelun edist\u00e4minen sek\u00e4 valistustoiminta. Yhdistyksen toiminta-alueena on Rovaniemi ja&nbsp;ymp\u00e4rist\u00f6kunnat, mutta yhdistys voi ulottaa toimintansa my\u00f6s edell\u00e4 mainitun alueen ulkopuolelle.","og_url":"https:\/\/sey.fi\/rovaniemi\/rovaniemen-elainsuojelu\/yhdistys\/","og_site_name":"Rovaniemen seudun el\u00e4insuojeluyhdistys","article_modified_time":"2025-07-04T12:48:34+00:00","twitter_card":"summary_large_image","twitter_misc":{"Arvioitu lukuaika":"1 minuutti"},"schema":{"@context":"https:\/\/schema.org","@graph":[{"@type":"WebPage","@id":"https:\/\/sey.fi\/rovaniemi\/rovaniemen-elainsuojelu\/yhdistys\/","url":"https:\/\/sey.fi\/rovaniemi\/rovaniemen-elainsuojelu\/yhdistys\/","name":"Yhdistys - Rovaniemen seudun el\u00e4insuojeluyhdistys","isPartOf":{"@id":"https:\/\/sey.fi\/rovaniemi\/#website"},"datePublished":"2019-11-14T13:34:58+00:00","dateModified":"2025-07-04T12:48:34+00:00","breadcrumb":{"@id":"https:\/\/sey.fi\/rovaniemi\/rovaniemen-elainsuojelu\/yhdistys\/#breadcrumb"},"inLanguage":"fi","potentialAction":[{"@type":"ReadAction","target":["https:\/\/sey.fi\/rovaniemi\/rovaniemen-elainsuojelu\/yhdistys\/"]}]},{"@type":"BreadcrumbList","@id":"https:\/\/sey.fi\/rovaniemi\/rovaniemen-elainsuojelu\/yhdistys\/#breadcrumb","itemListElement":[{"@type":"ListItem","position":1,"name":"Home","item":"https:\/\/sey.fi\/rovaniemi\/"},{"@type":"ListItem","position":2,"name":"Rovaniemen seudun el\u00e4insuojeluyhdistys","item":"https:\/\/sey.fi\/rovaniemi\/"},{"@type":"ListItem","position":3,"name":"Yhdistys"}]},{"@type":"WebSite","@id":"https:\/\/sey.fi\/rovaniemi\/#website","url":"https:\/\/sey.fi\/rovaniemi\/","name":"Rovaniemen seudun el\u00e4insuojeluyhdistys","description":"Uusi SEY J\u00e4senyhdistykset -sivusto","potentialAction":[{"@type":"SearchAction","target":{"@type":"EntryPoint","urlTemplate":"https:\/\/sey.fi\/rovaniemi\/?s={search_term_string}"},"query-input":{"@type":"PropertyValueSpecification","valueRequired":true,"valueName":"search_term_string"}}],"inLanguage":"fi"}]}},"_links":{"self":[{"href":"https:\/\/sey.fi\/rovaniemi\/wp-json\/wp\/v2\/pages\/33","targetHints":{"allow":["GET"]}}],"collection":[{"href":"https:\/\/sey.fi\/rovaniemi\/wp-json\/wp\/v2\/pages"}],"about":[{"href":"https:\/\/sey.fi\/rovaniemi\/wp-json\/wp\/v2\/types\/page"}],"author":[{"embeddable":true,"href":"https:\/\/sey.fi\/rovaniemi\/wp-json\/wp\/v2\/users\/8"}],"replies":[{"embeddable":true,"href":"https:\/\/sey.fi\/rovaniemi\/wp-json\/wp\/v2\/comments?post=33"}],"version-history":[{"count":4,"href":"https:\/\/sey.fi\/rovaniemi\/wp-json\/wp\/v2\/pages\/33\/revisions"}],"predecessor-version":[{"id":564,"href":"https:\/\/sey.fi\/rovaniemi\/wp-json\/wp\/v2\/pages\/33\/revisions\/564"}],"up":[{"embeddable":true,"href":"https:\/\/sey.fi\/rovaniemi\/wp-json\/wp\/v2\/pages\/2"}],"wp:attachment":[{"href":"https:\/\/sey.fi\/rovaniemi\/wp-json\/wp\/v2\/media?parent=33"}],"curies":[{"name":"wp","href":"https:\/\/api.w.org\/{rel}","templated":true}]}}