{"id":55,"date":"2019-11-14T15:42:24","date_gmt":"2019-11-14T13:42:24","guid":{"rendered":"http:\/\/srvr10.xetpoint.com\/~seyfi\/rovaniemi\/?page_id=55"},"modified":"2025-07-04T15:53:05","modified_gmt":"2025-07-04T12:53:05","slug":"loukkujen-lainaus","status":"publish","type":"page","link":"https:\/\/sey.fi\/rovaniemi\/rovaniemen-elainsuojelu\/elainsuojelu\/loukkujen-lainaus\/","title":{"rendered":"Loukkujen lainaus"},"content":{"rendered":"\n<p>Rovaniemen esyll\u00e4 on lainattavissa kissanloukkuja ja yksi iso verkkoloukku koirille. Loukut lainataan lainausmaksua sek\u00e4 palautettavaa panttia vastaan. Lainausmaksuilla katetaan loukkujen puhdistusaineiden hankintaa, huoltoa ja uusien\u00a0loukkujen\u00a0hankintaa. Loukut ovat \u00a0Rovaniemell\u00e4. Koiranloukku vaatii kuljettamiseen per\u00e4k\u00e4rryn tai pakettiauton.<\/p>\n\n\n\n<p>Koiranloukun lainausmaksu 10 \u20ac ja pantti 50 \u20ac yhteens\u00e4&nbsp;<strong>60 \u20ac<\/strong><\/p>\n\n\n\n<p>Kissanloukun lainausmaksu 5 \u20ac ja pantti 30 \u20ac yhteens\u00e4&nbsp;<strong>35 \u20ac.<\/strong><\/p>\n\n\n\n<p>Maksut maksetaan etuk\u00e4teen yhdistyksen tilille&nbsp;ennen lainausta. &nbsp;Pantti palautetaan lainaajalle kun loukku on palautettu sopimuksen mukaan.&nbsp;<\/p>\n\n\n\n<p>Tilinro Rovaniemen esy  Osuuspankki  FI52 5640 0220 4695 92  Kirjoita viestiosaan lainaajan nimi<\/p>\n\n\n\n<p>Loukkuja voit tiedustella s\u00e4hk\u00f6postilla, facebook-viestill\u00e4 tai puhelimella. <\/p>\n","protected":false},"excerpt":{"rendered":"<p>Rovaniemen esyll\u00e4 on lainattavissa kissanloukkuja ja yksi iso verkkoloukku koirille. Loukut lainataan lainausmaksua sek\u00e4 palautettavaa panttia vastaan. Lainausmaksuilla katetaan loukkujen puhdistusaineiden hankintaa, huoltoa ja uusien\u00a0loukkujen\u00a0hankintaa. Loukut ovat \u00a0Rovaniemell\u00e4. Koiranloukku vaatii kuljettamiseen per\u00e4k\u00e4rryn tai pakettiauton. Koiranloukun lainausmaksu 10 \u20ac ja pantti 50 \u20ac yhteens\u00e4&nbsp;60 \u20ac Kissanloukun lainausmaksu 5 \u20ac ja pantti 30 \u20ac yhteens\u00e4&nbsp;35 \u20ac. Maksut [&hellip;]<\/p>\n","protected":false},"author":8,"featured_media":0,"parent":53,"menu_order":0,"comment_status":"closed","ping_status":"closed","template":"","meta":{"_acf_changed":false,"footnotes":""},"class_list":["post-55","page","type-page","status-publish","hentry"],"acf":[],"yoast_head":"<!-- This site is optimized with the Yoast SEO plugin v27.1.1 - https:\/\/yoast.com\/product\/yoast-seo-wordpress\/ -->\n<title>Loukkujen lainaus - Rovaniemen seudun el\u00e4insuojeluyhdistys<\/title>\n<meta name=\"robots\" content=\"index, follow, max-snippet:-1, max-image-preview:large, max-video-preview:-1\" \/>\n<link rel=\"canonical\" href=\"https:\/\/sey.fi\/rovaniemi\/rovaniemen-elainsuojelu\/elainsuojelu\/loukkujen-lainaus\/\" \/>\n<meta property=\"og:locale\" content=\"fi_FI\" \/>\n<meta property=\"og:type\" content=\"article\" \/>\n<meta property=\"og:title\" content=\"Loukkujen lainaus - Rovaniemen seudun el\u00e4insuojeluyhdistys\" \/>\n<meta property=\"og:description\" content=\"Rovaniemen esyll\u00e4 on lainattavissa kissanloukkuja ja yksi iso verkkoloukku koirille. Loukut lainataan lainausmaksua sek\u00e4 palautettavaa panttia vastaan. Lainausmaksuilla katetaan loukkujen puhdistusaineiden hankintaa, huoltoa ja uusien\u00a0loukkujen\u00a0hankintaa. Loukut ovat \u00a0Rovaniemell\u00e4. Koiranloukku vaatii kuljettamiseen per\u00e4k\u00e4rryn tai pakettiauton. Koiranloukun lainausmaksu 10 \u20ac ja pantti 50 \u20ac yhteens\u00e4&nbsp;60 \u20ac Kissanloukun lainausmaksu 5 \u20ac ja pantti 30 \u20ac yhteens\u00e4&nbsp;35 \u20ac. Maksut [&hellip;]\" \/>\n<meta property=\"og:url\" content=\"https:\/\/sey.fi\/rovaniemi\/rovaniemen-elainsuojelu\/elainsuojelu\/loukkujen-lainaus\/\" \/>\n<meta property=\"og:site_name\" content=\"Rovaniemen seudun el\u00e4insuojeluyhdistys\" \/>\n<meta property=\"article:modified_time\" content=\"2025-07-04T12:53:05+00:00\" \/>\n<meta name=\"twitter:card\" content=\"summary_large_image\" \/>\n<meta name=\"twitter:label1\" content=\"Arvioitu lukuaika\" \/>\n\t<meta name=\"twitter:data1\" content=\"1 minuutti\" \/>\n<script type=\"application\/ld+json\" class=\"yoast-schema-graph\">{\"@context\":\"https:\/\/schema.org\",\"@graph\":[{\"@type\":\"WebPage\",\"@id\":\"https:\/\/sey.fi\/rovaniemi\/rovaniemen-elainsuojelu\/elainsuojelu\/loukkujen-lainaus\/\",\"url\":\"https:\/\/sey.fi\/rovaniemi\/rovaniemen-elainsuojelu\/elainsuojelu\/loukkujen-lainaus\/\",\"name\":\"Loukkujen lainaus - Rovaniemen seudun el\u00e4insuojeluyhdistys\",\"isPartOf\":{\"@id\":\"https:\/\/sey.fi\/rovaniemi\/#website\"},\"datePublished\":\"2019-11-14T13:42:24+00:00\",\"dateModified\":\"2025-07-04T12:53:05+00:00\",\"breadcrumb\":{\"@id\":\"https:\/\/sey.fi\/rovaniemi\/rovaniemen-elainsuojelu\/elainsuojelu\/loukkujen-lainaus\/#breadcrumb\"},\"inLanguage\":\"fi\",\"potentialAction\":[{\"@type\":\"ReadAction\",\"target\":[\"https:\/\/sey.fi\/rovaniemi\/rovaniemen-elainsuojelu\/elainsuojelu\/loukkujen-lainaus\/\"]}]},{\"@type\":\"BreadcrumbList\",\"@id\":\"https:\/\/sey.fi\/rovaniemi\/rovaniemen-elainsuojelu\/elainsuojelu\/loukkujen-lainaus\/#breadcrumb\",\"itemListElement\":[{\"@type\":\"ListItem\",\"position\":1,\"name\":\"Home\",\"item\":\"https:\/\/sey.fi\/rovaniemi\/\"},{\"@type\":\"ListItem\",\"position\":2,\"name\":\"Rovaniemen seudun el\u00e4insuojeluyhdistys\",\"item\":\"https:\/\/sey.fi\/rovaniemi\/\"},{\"@type\":\"ListItem\",\"position\":3,\"name\":\"El\u00e4insuojelu\",\"item\":\"https:\/\/sey.fi\/rovaniemi\/rovaniemen-elainsuojelu\/elainsuojelu\/\"},{\"@type\":\"ListItem\",\"position\":4,\"name\":\"Loukkujen lainaus\"}]},{\"@type\":\"WebSite\",\"@id\":\"https:\/\/sey.fi\/rovaniemi\/#website\",\"url\":\"https:\/\/sey.fi\/rovaniemi\/\",\"name\":\"Rovaniemen seudun el\u00e4insuojeluyhdistys\",\"description\":\"Uusi SEY J\u00e4senyhdistykset -sivusto\",\"potentialAction\":[{\"@type\":\"SearchAction\",\"target\":{\"@type\":\"EntryPoint\",\"urlTemplate\":\"https:\/\/sey.fi\/rovaniemi\/?s={search_term_string}\"},\"query-input\":{\"@type\":\"PropertyValueSpecification\",\"valueRequired\":true,\"valueName\":\"search_term_string\"}}],\"inLanguage\":\"fi\"}]}<\/script>\n<!-- \/ Yoast SEO plugin. -->","yoast_head_json":{"title":"Loukkujen lainaus - Rovaniemen seudun el\u00e4insuojeluyhdistys","robots":{"index":"index","follow":"follow","max-snippet":"max-snippet:-1","max-image-preview":"max-image-preview:large","max-video-preview":"max-video-preview:-1"},"canonical":"https:\/\/sey.fi\/rovaniemi\/rovaniemen-elainsuojelu\/elainsuojelu\/loukkujen-lainaus\/","og_locale":"fi_FI","og_type":"article","og_title":"Loukkujen lainaus - Rovaniemen seudun el\u00e4insuojeluyhdistys","og_description":"Rovaniemen esyll\u00e4 on lainattavissa kissanloukkuja ja yksi iso verkkoloukku koirille. Loukut lainataan lainausmaksua sek\u00e4 palautettavaa panttia vastaan. Lainausmaksuilla katetaan loukkujen puhdistusaineiden hankintaa, huoltoa ja uusien\u00a0loukkujen\u00a0hankintaa. Loukut ovat \u00a0Rovaniemell\u00e4. Koiranloukku vaatii kuljettamiseen per\u00e4k\u00e4rryn tai pakettiauton. Koiranloukun lainausmaksu 10 \u20ac ja pantti 50 \u20ac yhteens\u00e4&nbsp;60 \u20ac Kissanloukun lainausmaksu 5 \u20ac ja pantti 30 \u20ac yhteens\u00e4&nbsp;35 \u20ac. Maksut [&hellip;]","og_url":"https:\/\/sey.fi\/rovaniemi\/rovaniemen-elainsuojelu\/elainsuojelu\/loukkujen-lainaus\/","og_site_name":"Rovaniemen seudun el\u00e4insuojeluyhdistys","article_modified_time":"2025-07-04T12:53:05+00:00","twitter_card":"summary_large_image","twitter_misc":{"Arvioitu lukuaika":"1 minuutti"},"schema":{"@context":"https:\/\/schema.org","@graph":[{"@type":"WebPage","@id":"https:\/\/sey.fi\/rovaniemi\/rovaniemen-elainsuojelu\/elainsuojelu\/loukkujen-lainaus\/","url":"https:\/\/sey.fi\/rovaniemi\/rovaniemen-elainsuojelu\/elainsuojelu\/loukkujen-lainaus\/","name":"Loukkujen lainaus - Rovaniemen seudun el\u00e4insuojeluyhdistys","isPartOf":{"@id":"https:\/\/sey.fi\/rovaniemi\/#website"},"datePublished":"2019-11-14T13:42:24+00:00","dateModified":"2025-07-04T12:53:05+00:00","breadcrumb":{"@id":"https:\/\/sey.fi\/rovaniemi\/rovaniemen-elainsuojelu\/elainsuojelu\/loukkujen-lainaus\/#breadcrumb"},"inLanguage":"fi","potentialAction":[{"@type":"ReadAction","target":["https:\/\/sey.fi\/rovaniemi\/rovaniemen-elainsuojelu\/elainsuojelu\/loukkujen-lainaus\/"]}]},{"@type":"BreadcrumbList","@id":"https:\/\/sey.fi\/rovaniemi\/rovaniemen-elainsuojelu\/elainsuojelu\/loukkujen-lainaus\/#breadcrumb","itemListElement":[{"@type":"ListItem","position":1,"name":"Home","item":"https:\/\/sey.fi\/rovaniemi\/"},{"@type":"ListItem","position":2,"name":"Rovaniemen seudun el\u00e4insuojeluyhdistys","item":"https:\/\/sey.fi\/rovaniemi\/"},{"@type":"ListItem","position":3,"name":"El\u00e4insuojelu","item":"https:\/\/sey.fi\/rovaniemi\/rovaniemen-elainsuojelu\/elainsuojelu\/"},{"@type":"ListItem","position":4,"name":"Loukkujen lainaus"}]},{"@type":"WebSite","@id":"https:\/\/sey.fi\/rovaniemi\/#website","url":"https:\/\/sey.fi\/rovaniemi\/","name":"Rovaniemen seudun el\u00e4insuojeluyhdistys","description":"Uusi SEY J\u00e4senyhdistykset -sivusto","potentialAction":[{"@type":"SearchAction","target":{"@type":"EntryPoint","urlTemplate":"https:\/\/sey.fi\/rovaniemi\/?s={search_term_string}"},"query-input":{"@type":"PropertyValueSpecification","valueRequired":true,"valueName":"search_term_string"}}],"inLanguage":"fi"}]}},"_links":{"self":[{"href":"https:\/\/sey.fi\/rovaniemi\/wp-json\/wp\/v2\/pages\/55","targetHints":{"allow":["GET"]}}],"collection":[{"href":"https:\/\/sey.fi\/rovaniemi\/wp-json\/wp\/v2\/pages"}],"about":[{"href":"https:\/\/sey.fi\/rovaniemi\/wp-json\/wp\/v2\/types\/page"}],"author":[{"embeddable":true,"href":"https:\/\/sey.fi\/rovaniemi\/wp-json\/wp\/v2\/users\/8"}],"replies":[{"embeddable":true,"href":"https:\/\/sey.fi\/rovaniemi\/wp-json\/wp\/v2\/comments?post=55"}],"version-history":[{"count":6,"href":"https:\/\/sey.fi\/rovaniemi\/wp-json\/wp\/v2\/pages\/55\/revisions"}],"predecessor-version":[{"id":566,"href":"https:\/\/sey.fi\/rovaniemi\/wp-json\/wp\/v2\/pages\/55\/revisions\/566"}],"up":[{"embeddable":true,"href":"https:\/\/sey.fi\/rovaniemi\/wp-json\/wp\/v2\/pages\/53"}],"wp:attachment":[{"href":"https:\/\/sey.fi\/rovaniemi\/wp-json\/wp\/v2\/media?parent=55"}],"curies":[{"name":"wp","href":"https:\/\/api.w.org\/{rel}","templated":true}]}}