{"id":577,"date":"2023-05-07T09:44:05","date_gmt":"2023-05-07T06:44:05","guid":{"rendered":"https:\/\/sey.fi\/salo\/?page_id=577"},"modified":"2024-04-30T14:26:26","modified_gmt":"2024-04-30T11:26:26","slug":"pienelainhautausmaa","status":"publish","type":"page","link":"https:\/\/sey.fi\/salo\/salon-elainsuojelu\/toiminta\/pienelainhautausmaa\/","title":{"rendered":"Pienel\u00e4inhautausmaa"},"content":{"rendered":"\n<h2 class=\"wp-block-heading\">Peppursuon pienel\u00e4inhautausmaa<\/h2>\n\n\n\n<p>Salon Seudun El\u00e4insuojeluyhdistys yll\u00e4pit\u00e4\u00e4 vapaaehtoisvoimin Peppursuon pienel\u00e4inhautausmaata. Salosta Peppursuon pienel\u00e4inhautausmaalle, Merikulmantien kautta on reilun&nbsp;kymmenen kilometrin&nbsp;ajomatka (ajo-ohjeet l\u00f6yd\u00e4t t\u00e4m\u00e4n sivun lopusta).<\/p>\n\n\n\n<p>T\u00e4m\u00e4 pienel\u00e4inhautausmaa on tarkoitettu koirien, kissojen ja muiden pienten lemmikkiel\u00e4inten hautaamiseen. El\u00e4imen hautaamiseen pienel\u00e4inhautausmaalle ei tarvitse kysy\u00e4 lupaa ja lemmikkiel\u00e4imen hautaaminen&nbsp;ei maksa el\u00e4imen omistajalle mit\u00e4\u00e4n.<\/p>\n\n\n\n<p>Oman lemmikkiel\u00e4imen poismeno on omistajalle ja koko perheelle usein raskas ja koskettava hetki.<\/p>\n\n\n\n<p>El\u00e4imen poisnukkumista voidaan muistaa monin eri tavoin. El\u00e4imen hautaamisen lis\u00e4ksi kyseess\u00e4 voi t\u00e4ll\u00f6in olla esimerkiksi my\u00f6s\u00a0tuhkaaminen. El\u00e4inten tuhkaamista kannattaa tiedustella Salon Seudun alueella toimivien el\u00e4inklinikoiden\u00a0kautta.<\/p>\n\n\n\n<p>Peppursuon pienel\u00e4inhautausmaa tarjoaa el\u00e4inten omistajille paikan muistaa viimeisen leposijansa saaneita nelijalkaisia ja&nbsp;rakkaita perheenj\u00e4seni\u00e4.<\/p>\n\n\n<div class=\"wp-block-image\">\n<figure class=\"aligncenter size-large is-resized\"><img loading=\"lazy\" decoding=\"async\" width=\"768\" height=\"1024\" src=\"https:\/\/sey.fi\/wp-content\/uploads\/sites\/28\/2023\/05\/peppursuon-pienelainhautausmaa01-768x1024.jpg\" alt=\"Peppursuon pienel\u00e4inhautausmaan hautoja\" class=\"wp-image-579\" style=\"width:384px;height:512px\" srcset=\"https:\/\/sey.fi\/wp-content\/uploads\/sites\/28\/2023\/05\/peppursuon-pienelainhautausmaa01-768x1024.jpg 768w, https:\/\/sey.fi\/wp-content\/uploads\/sites\/28\/2023\/05\/peppursuon-pienelainhautausmaa01-225x300.jpg 225w, https:\/\/sey.fi\/wp-content\/uploads\/sites\/28\/2023\/05\/peppursuon-pienelainhautausmaa01.jpg 900w\" sizes=\"auto, (max-width: 768px) 100vw, 768px\" \/><figcaption class=\"wp-element-caption\"><em>Peppursuon pienel\u00e4inhautausmaan uuden puolen hautoja.<\/em><\/figcaption><\/figure><\/div>\n\n\n<h3 class=\"wp-block-heading\">Hautausmaan toimintaohjeet ja s\u00e4\u00e4nn\u00f6t<\/h3>\n\n\n\n<p>Peppursuon pienel\u00e4inhautausmaa jakautuu kahteen eri osaan, vanhaan (mets\u00e4alue) ja uuteen (hiekka-alue) osaan. Hautausmaalle tullessasi l\u00f6yd\u00e4t molempia alueita koskevat toimintaohjeet el\u00e4imen hautaamiselle. Paikan p\u00e4\u00e4lt\u00e4 l\u00f6yd\u00e4t tarvittaessa my\u00f6s kaksi lapiota ja haravan.<\/p>\n\n\n\n<p>Yleisesti on muistettava, ettei hautaamisesta tai tuhkan sijoittamisesta saa aiheutua ymp\u00e4rist\u00f6n pilaantumisen tai saastumisen vaaraa eik\u00e4 terveydellist\u00e4 haittaa ihmisille tai toisille el\u00e4imille.<\/p>\n\n\n\n<h3 class=\"wp-block-heading\">Lemmikkiel\u00e4imen hautaaminen<\/h3>\n\n\n\n<p>El\u00e4imen hautaamiseen pienel\u00e4inhautausmaalle ei tarvitse kysy\u00e4 lupaa. Voit itse valita kummalle puolelle pienel\u00e4inhautausmaata haluat haudan kaivaa. Haudan kaivaminen ja peitt\u00e4minen on hautaajan vastuulla. El\u00e4in tulee haudata riitt\u00e4v\u00e4n syv\u00e4lle, jotta haudattu el\u00e4in ei houkuttelisi paikalle petoel\u00e4imi\u00e4.<\/p>\n\n\n\n<p>Pienet (alle 40kg) el\u00e4imet on syyt\u00e4 haudata v\u00e4hint\u00e4\u00e4n puolen metrin syvyyteen ja suuret el\u00e4imet tulee haudata v\u00e4hint\u00e4\u00e4n metrin syvyyteen. El\u00e4imi\u00e4 ei pid\u00e4 haudata muovipussissa tai muussa maatumattomassa pakkauksessa.<\/p>\n\n\n\n<h3 class=\"wp-block-heading\">Hautamerkki<\/h3>\n\n\n\n<p>Hauta tulee merkit\u00e4 selv\u00e4sti esim. luonnonkivien tai hautakiven tai paikan p\u00e4\u00e4lt\u00e4 (vihre\u00e4 postilaatikko) l\u00f6ytyv\u00e4n puisen muistomerkin avulla. Hautamerkki kannattaa varustaa ko. el\u00e4imen nimell\u00e4 ja\/tai kuvalla tms., hautapaikan tunnistamista varten. Koska kyseess\u00e4 on lemmikkiel\u00e4imen hauta, on toivottavaa, ettei merkkin\u00e4 k\u00e4ytet\u00e4 risti\u00e4 tai muuta uskonnollista tunnusta. Haudoille ei my\u00f6sk\u00e4\u00e4n saa pystytt\u00e4\u00e4 hyv\u00e4\u00e4 makua loukkaavia muistomerkkej\u00e4.<\/p>\n\n\n<div class=\"wp-block-image\">\n<figure class=\"aligncenter size-large is-resized\"><img loading=\"lazy\" decoding=\"async\" width=\"1024\" height=\"768\" src=\"https:\/\/sey.fi\/wp-content\/uploads\/sites\/28\/2023\/05\/peppursuon-pienelainhautausmaa03-1024x768.jpg\" alt=\"Peppursuon pienel\u00e4inhautausmaan siivoustalkoot, talkoolaisia tauolla\" class=\"wp-image-580\" style=\"width:768px;height:576px\" srcset=\"https:\/\/sey.fi\/wp-content\/uploads\/sites\/28\/2023\/05\/peppursuon-pienelainhautausmaa03-1024x768.jpg 1024w, https:\/\/sey.fi\/wp-content\/uploads\/sites\/28\/2023\/05\/peppursuon-pienelainhautausmaa03-300x225.jpg 300w, https:\/\/sey.fi\/wp-content\/uploads\/sites\/28\/2023\/05\/peppursuon-pienelainhautausmaa03-768x576.jpg 768w, https:\/\/sey.fi\/wp-content\/uploads\/sites\/28\/2023\/05\/peppursuon-pienelainhautausmaa03.jpg 1200w\" sizes=\"auto, (max-width: 1024px) 100vw, 1024px\" \/><figcaption class=\"wp-element-caption\"><em>Peppursuon siivoustalkoot ja kahvitauko toukokuussa 2022.<\/em><\/figcaption><\/figure><\/div>\n\n\n<h3 class=\"wp-block-heading\">Hautapaikan ja hautausmaan&nbsp;hoitaminen<\/h3>\n\n\n\n<p>Hautapaikkojen hoito ja puhtaanapito&nbsp;on omatoimista. Hoidossa on otettava huomioon, ett\u00e4 omistus- ja k\u00e4ytt\u00f6oikeus kaikkiin hautausmaalla kasvaviin puihin kuuluu Salon kaupungille. Pienel\u00e4inhautausmaata kunnostetaan ja siistit\u00e4\u00e4n talkoovoimin.<\/p>\n\n\n\n<p>Pid\u00e4th\u00e4n huolta my\u00f6s ymp\u00e4rist\u00f6st\u00e4: ker\u00e4\u00e4th\u00e4n roskat ja loppuun palaneet kynttil\u00e4t muistopaikalta \/ hautapaikalta. Infotaulun yhteydess\u00e4 on saatavilla roskas\u00e4kkej\u00e4 sek\u00e4 pieni harava. Toivottavaa olisi, ett\u00e4 kukin k\u00e4vij\u00e4 ottaisi roskat mukaansa ja toimittaisi asianmukaisiin roskiksiin, jotta s\u00e4kkej\u00e4 ei p\u00e4\u00e4se kertym\u00e4\u00e4n runsaasti. Otathan kuitenkin oman lapion ja tarvittavat muut ty\u00f6v\u00e4lineet mukaan, sill\u00e4 osa k\u00e4vij\u00f6ist\u00e4 k\u00e4ytt\u00e4\u00e4 t\u00f6rke\u00e4sti hyv\u00e4kseen SSEY:n tarjoamaa apua ja tarvikkeilla on tapana &#8221;kadota&#8221;.<\/p>\n\n\n\n<p>Jos huomaat hautausmaalla jotain tavanomaisesta poikkevaa, haluat antaa palautetta, sinulla on kysytt\u00e4v\u00e4\u00e4 tai jos olet kiinnostunut auttamaan pienel\u00e4inhautausmaan s\u00e4\u00e4nn\u00f6llisiss\u00e4 yll\u00e4pitotarkastuksissa ja -siivouksissa, niin ota yhteytt\u00e4 Salon Seudun El\u00e4insuojeluyhdistyksen hallituksen j\u00e4seniin.<\/p>\n\n\n\n<h3 class=\"wp-block-heading\">Muistopaikka poisnukkuneiden lemmikkien muistoksi<\/h3>\n\n\n\n<p>Peppursuon pienel\u00e4inhautausmaalla on pienimuotoinen muistopaikka kaikkien poisnukkuneiden lemmikkien muistoksi. Muistopaikka sijaitsee hautausmaan uudella alueella. T\u00e4lle paikalle voit j\u00e4tt\u00e4\u00e4 kynttil\u00e4n ja pit\u00e4\u00e4 pienen hiljaisen hetken lemmikkiel\u00e4int\u00e4si muistaen.<\/p>\n\n\n\n<p><em><strong>\u201dKynttil\u00f6iden keskell\u00e4 ja olemassa olevan muistopaikan kautta<\/strong><\/em> <em><strong>keskitymme usein hyviin hetkiin, joita olemme kokeneet yhdess\u00e4 rakkaiden<\/strong><\/em> <em><strong>lemmikkiel\u00e4intemme kanssa. Kynttil\u00e4 on kaunis osoitus siit\u00e4,<\/strong><\/em> <em><strong>ett\u00e4 my\u00f6s edesmenneet lemmikkimme ovat mieliss\u00e4mme.\u201d<\/strong><\/em><\/p>\n\n\n\n<p><em>Poisnukkuneiden lemmikkiel\u00e4inten muistoa kunnioittaen,<br>Salon Seudun El\u00e4insuojeluyhdistys ry.&nbsp;<\/em>&nbsp;<\/p>\n\n\n\n<hr class=\"wp-block-separator has-alpha-channel-opacity\" \/>\n\n\n\n<h2 class=\"wp-block-heading\">Ajo-ohjeet Peppursuolle<\/h2>\n\n\n\n<p><strong>Ajo-ohjeet<\/strong> (Salo \u2013&gt; Merikulmantiet\u00e4 Teijolle p\u00e4in)<\/p>\n\n\n\n<p>Salosta Peppursuon pienel\u00e4inhautausmaalle on reilun 10 kilometrin&nbsp;ajomatka. Teijolle p\u00e4in l\u00e4htev\u00e4\u00e4 Merikulmantiet\u00e4 ajetaan niin kauan kunnes vasemmalla puolella tiet\u00e4&nbsp;n\u00e4kyy musta kyltti, jossa lukee valkoisella \u201dPeppursuon pienel\u00e4inhautausmaa\u201d.<\/p>\n\n\n\n<p>Merikulman tiet\u00e4 ajaessa kannattaa seurata my\u00f6s&nbsp;talojen numeroita, Peppursuon risteyksen kohdalla oikealla on talo nro 711. K\u00e4\u00e4nnyt\u00e4\u00e4n vasemmalle hiekkatielle. Hiekkatiet\u00e4 ajetaan suoraan niin kauan kunnes vasemmalla puolella tiet\u00e4 tulee vastaan toinen \u201dPeppursuon pienel\u00e4inhautausmaa\u201d -kyltti. K\u00e4\u00e4nnyt\u00e4\u00e4n uudestaan vasemmalle, ajetaan pieni matka eteenp\u00e4in ja olet perill\u00e4.<\/p>\n\n\n<div class=\"wp-block-image\">\n<figure class=\"aligncenter size-large is-resized\"><img loading=\"lazy\" decoding=\"async\" width=\"1024\" height=\"754\" src=\"https:\/\/sey.fi\/wp-content\/uploads\/sites\/28\/2023\/05\/peppursuon-pienelainhautausmaa-kartta-1024x754.jpg\" alt=\"Kartta Merikulmantielt\u00e4 Peppursuolle\" class=\"wp-image-582\" style=\"width:512px;height:377px\" srcset=\"https:\/\/sey.fi\/wp-content\/uploads\/sites\/28\/2023\/05\/peppursuon-pienelainhautausmaa-kartta-1024x754.jpg 1024w, https:\/\/sey.fi\/wp-content\/uploads\/sites\/28\/2023\/05\/peppursuon-pienelainhautausmaa-kartta-300x221.jpg 300w, https:\/\/sey.fi\/wp-content\/uploads\/sites\/28\/2023\/05\/peppursuon-pienelainhautausmaa-kartta-768x566.jpg 768w, https:\/\/sey.fi\/wp-content\/uploads\/sites\/28\/2023\/05\/peppursuon-pienelainhautausmaa-kartta.jpg 1063w\" sizes=\"auto, (max-width: 1024px) 100vw, 1024px\" \/><\/figure><\/div>","protected":false},"excerpt":{"rendered":"<p>Peppursuon pienel\u00e4inhautausmaa Salon Seudun El\u00e4insuojeluyhdistys yll\u00e4pit\u00e4\u00e4 vapaaehtoisvoimin Peppursuon pienel\u00e4inhautausmaata. Salosta Peppursuon pienel\u00e4inhautausmaalle, Merikulmantien kautta on reilun&nbsp;kymmenen kilometrin&nbsp;ajomatka (ajo-ohjeet l\u00f6yd\u00e4t t\u00e4m\u00e4n sivun lopusta). T\u00e4m\u00e4 pienel\u00e4inhautausmaa on tarkoitettu koirien, kissojen ja muiden pienten lemmikkiel\u00e4inten hautaamiseen. El\u00e4imen hautaamiseen pienel\u00e4inhautausmaalle ei tarvitse kysy\u00e4 lupaa ja lemmikkiel\u00e4imen hautaaminen&nbsp;ei maksa el\u00e4imen omistajalle mit\u00e4\u00e4n. Oman lemmikkiel\u00e4imen poismeno on omistajalle ja koko perheelle [&hellip;]<\/p>\n","protected":false},"author":25,"featured_media":0,"parent":798,"menu_order":0,"comment_status":"closed","ping_status":"closed","template":"","meta":{"_acf_changed":false,"footnotes":""},"class_list":["post-577","page","type-page","status-publish","hentry"],"acf":[],"yoast_head":"<!-- This site is optimized with the Yoast SEO plugin v27.1.1 - https:\/\/yoast.com\/product\/yoast-seo-wordpress\/ -->\n<title>Pienel\u00e4inhautausmaa - Salon seudun el\u00e4insuojeluyhdistys<\/title>\n<meta name=\"robots\" content=\"index, follow, max-snippet:-1, max-image-preview:large, max-video-preview:-1\" \/>\n<link rel=\"canonical\" href=\"https:\/\/sey.fi\/salo\/salon-elainsuojelu\/toiminta\/pienelainhautausmaa\/\" \/>\n<meta property=\"og:locale\" content=\"fi_FI\" \/>\n<meta property=\"og:type\" content=\"article\" \/>\n<meta property=\"og:title\" content=\"Pienel\u00e4inhautausmaa - Salon seudun el\u00e4insuojeluyhdistys\" \/>\n<meta property=\"og:description\" content=\"Peppursuon pienel\u00e4inhautausmaa Salon Seudun El\u00e4insuojeluyhdistys yll\u00e4pit\u00e4\u00e4 vapaaehtoisvoimin Peppursuon pienel\u00e4inhautausmaata. Salosta Peppursuon pienel\u00e4inhautausmaalle, Merikulmantien kautta on reilun&nbsp;kymmenen kilometrin&nbsp;ajomatka (ajo-ohjeet l\u00f6yd\u00e4t t\u00e4m\u00e4n sivun lopusta). T\u00e4m\u00e4 pienel\u00e4inhautausmaa on tarkoitettu koirien, kissojen ja muiden pienten lemmikkiel\u00e4inten hautaamiseen. El\u00e4imen hautaamiseen pienel\u00e4inhautausmaalle ei tarvitse kysy\u00e4 lupaa ja lemmikkiel\u00e4imen hautaaminen&nbsp;ei maksa el\u00e4imen omistajalle mit\u00e4\u00e4n. Oman lemmikkiel\u00e4imen poismeno on omistajalle ja koko perheelle [&hellip;]\" \/>\n<meta property=\"og:url\" content=\"https:\/\/sey.fi\/salo\/salon-elainsuojelu\/toiminta\/pienelainhautausmaa\/\" \/>\n<meta property=\"og:site_name\" content=\"Salon seudun el\u00e4insuojeluyhdistys\" \/>\n<meta property=\"article:modified_time\" content=\"2024-04-30T11:26:26+00:00\" \/>\n<meta property=\"og:image\" content=\"https:\/\/sey.fi\/wp-content\/uploads\/sites\/28\/2023\/05\/peppursuon-pienelainhautausmaa01-768x1024.jpg\" \/>\n<meta name=\"twitter:card\" content=\"summary_large_image\" \/>\n<meta name=\"twitter:label1\" content=\"Arvioitu lukuaika\" \/>\n\t<meta name=\"twitter:data1\" content=\"5 minuuttia\" \/>\n<script type=\"application\/ld+json\" class=\"yoast-schema-graph\">{\"@context\":\"https:\/\/schema.org\",\"@graph\":[{\"@type\":\"WebPage\",\"@id\":\"https:\/\/sey.fi\/salo\/salon-elainsuojelu\/toiminta\/pienelainhautausmaa\/\",\"url\":\"https:\/\/sey.fi\/salo\/salon-elainsuojelu\/toiminta\/pienelainhautausmaa\/\",\"name\":\"Pienel\u00e4inhautausmaa - Salon seudun el\u00e4insuojeluyhdistys\",\"isPartOf\":{\"@id\":\"https:\/\/sey.fi\/salo\/#website\"},\"primaryImageOfPage\":{\"@id\":\"https:\/\/sey.fi\/salo\/salon-elainsuojelu\/toiminta\/pienelainhautausmaa\/#primaryimage\"},\"image\":{\"@id\":\"https:\/\/sey.fi\/salo\/salon-elainsuojelu\/toiminta\/pienelainhautausmaa\/#primaryimage\"},\"thumbnailUrl\":\"https:\/\/sey.fi\/wp-content\/uploads\/sites\/28\/2023\/05\/peppursuon-pienelainhautausmaa01-768x1024.jpg\",\"datePublished\":\"2023-05-07T06:44:05+00:00\",\"dateModified\":\"2024-04-30T11:26:26+00:00\",\"breadcrumb\":{\"@id\":\"https:\/\/sey.fi\/salo\/salon-elainsuojelu\/toiminta\/pienelainhautausmaa\/#breadcrumb\"},\"inLanguage\":\"fi\",\"potentialAction\":[{\"@type\":\"ReadAction\",\"target\":[\"https:\/\/sey.fi\/salo\/salon-elainsuojelu\/toiminta\/pienelainhautausmaa\/\"]}]},{\"@type\":\"ImageObject\",\"inLanguage\":\"fi\",\"@id\":\"https:\/\/sey.fi\/salo\/salon-elainsuojelu\/toiminta\/pienelainhautausmaa\/#primaryimage\",\"url\":\"https:\/\/sey.fi\/wp-content\/uploads\/sites\/28\/2023\/05\/peppursuon-pienelainhautausmaa01-768x1024.jpg\",\"contentUrl\":\"https:\/\/sey.fi\/wp-content\/uploads\/sites\/28\/2023\/05\/peppursuon-pienelainhautausmaa01-768x1024.jpg\"},{\"@type\":\"BreadcrumbList\",\"@id\":\"https:\/\/sey.fi\/salo\/salon-elainsuojelu\/toiminta\/pienelainhautausmaa\/#breadcrumb\",\"itemListElement\":[{\"@type\":\"ListItem\",\"position\":1,\"name\":\"Home\",\"item\":\"https:\/\/sey.fi\/salo\/\"},{\"@type\":\"ListItem\",\"position\":2,\"name\":\"Salon Seudun El\u00e4insuojeluyhdistys\",\"item\":\"https:\/\/sey.fi\/salo\/\"},{\"@type\":\"ListItem\",\"position\":3,\"name\":\"Toiminta\",\"item\":\"https:\/\/sey.fi\/salo\/salon-elainsuojelu\/toiminta\/\"},{\"@type\":\"ListItem\",\"position\":4,\"name\":\"Pienel\u00e4inhautausmaa\"}]},{\"@type\":\"WebSite\",\"@id\":\"https:\/\/sey.fi\/salo\/#website\",\"url\":\"https:\/\/sey.fi\/salo\/\",\"name\":\"Salon seudun el\u00e4insuojeluyhdistys\",\"description\":\"Uusi SEY J\u00e4senyhdistykset -sivusto\",\"potentialAction\":[{\"@type\":\"SearchAction\",\"target\":{\"@type\":\"EntryPoint\",\"urlTemplate\":\"https:\/\/sey.fi\/salo\/?s={search_term_string}\"},\"query-input\":{\"@type\":\"PropertyValueSpecification\",\"valueRequired\":true,\"valueName\":\"search_term_string\"}}],\"inLanguage\":\"fi\"}]}<\/script>\n<!-- \/ Yoast SEO plugin. -->","yoast_head_json":{"title":"Pienel\u00e4inhautausmaa - Salon seudun el\u00e4insuojeluyhdistys","robots":{"index":"index","follow":"follow","max-snippet":"max-snippet:-1","max-image-preview":"max-image-preview:large","max-video-preview":"max-video-preview:-1"},"canonical":"https:\/\/sey.fi\/salo\/salon-elainsuojelu\/toiminta\/pienelainhautausmaa\/","og_locale":"fi_FI","og_type":"article","og_title":"Pienel\u00e4inhautausmaa - Salon seudun el\u00e4insuojeluyhdistys","og_description":"Peppursuon pienel\u00e4inhautausmaa Salon Seudun El\u00e4insuojeluyhdistys yll\u00e4pit\u00e4\u00e4 vapaaehtoisvoimin Peppursuon pienel\u00e4inhautausmaata. Salosta Peppursuon pienel\u00e4inhautausmaalle, Merikulmantien kautta on reilun&nbsp;kymmenen kilometrin&nbsp;ajomatka (ajo-ohjeet l\u00f6yd\u00e4t t\u00e4m\u00e4n sivun lopusta). T\u00e4m\u00e4 pienel\u00e4inhautausmaa on tarkoitettu koirien, kissojen ja muiden pienten lemmikkiel\u00e4inten hautaamiseen. El\u00e4imen hautaamiseen pienel\u00e4inhautausmaalle ei tarvitse kysy\u00e4 lupaa ja lemmikkiel\u00e4imen hautaaminen&nbsp;ei maksa el\u00e4imen omistajalle mit\u00e4\u00e4n. Oman lemmikkiel\u00e4imen poismeno on omistajalle ja koko perheelle [&hellip;]","og_url":"https:\/\/sey.fi\/salo\/salon-elainsuojelu\/toiminta\/pienelainhautausmaa\/","og_site_name":"Salon seudun el\u00e4insuojeluyhdistys","article_modified_time":"2024-04-30T11:26:26+00:00","og_image":[{"url":"https:\/\/sey.fi\/wp-content\/uploads\/sites\/28\/2023\/05\/peppursuon-pienelainhautausmaa01-768x1024.jpg","type":"","width":"","height":""}],"twitter_card":"summary_large_image","twitter_misc":{"Arvioitu lukuaika":"5 minuuttia"},"schema":{"@context":"https:\/\/schema.org","@graph":[{"@type":"WebPage","@id":"https:\/\/sey.fi\/salo\/salon-elainsuojelu\/toiminta\/pienelainhautausmaa\/","url":"https:\/\/sey.fi\/salo\/salon-elainsuojelu\/toiminta\/pienelainhautausmaa\/","name":"Pienel\u00e4inhautausmaa - Salon seudun el\u00e4insuojeluyhdistys","isPartOf":{"@id":"https:\/\/sey.fi\/salo\/#website"},"primaryImageOfPage":{"@id":"https:\/\/sey.fi\/salo\/salon-elainsuojelu\/toiminta\/pienelainhautausmaa\/#primaryimage"},"image":{"@id":"https:\/\/sey.fi\/salo\/salon-elainsuojelu\/toiminta\/pienelainhautausmaa\/#primaryimage"},"thumbnailUrl":"https:\/\/sey.fi\/wp-content\/uploads\/sites\/28\/2023\/05\/peppursuon-pienelainhautausmaa01-768x1024.jpg","datePublished":"2023-05-07T06:44:05+00:00","dateModified":"2024-04-30T11:26:26+00:00","breadcrumb":{"@id":"https:\/\/sey.fi\/salo\/salon-elainsuojelu\/toiminta\/pienelainhautausmaa\/#breadcrumb"},"inLanguage":"fi","potentialAction":[{"@type":"ReadAction","target":["https:\/\/sey.fi\/salo\/salon-elainsuojelu\/toiminta\/pienelainhautausmaa\/"]}]},{"@type":"ImageObject","inLanguage":"fi","@id":"https:\/\/sey.fi\/salo\/salon-elainsuojelu\/toiminta\/pienelainhautausmaa\/#primaryimage","url":"https:\/\/sey.fi\/wp-content\/uploads\/sites\/28\/2023\/05\/peppursuon-pienelainhautausmaa01-768x1024.jpg","contentUrl":"https:\/\/sey.fi\/wp-content\/uploads\/sites\/28\/2023\/05\/peppursuon-pienelainhautausmaa01-768x1024.jpg"},{"@type":"BreadcrumbList","@id":"https:\/\/sey.fi\/salo\/salon-elainsuojelu\/toiminta\/pienelainhautausmaa\/#breadcrumb","itemListElement":[{"@type":"ListItem","position":1,"name":"Home","item":"https:\/\/sey.fi\/salo\/"},{"@type":"ListItem","position":2,"name":"Salon Seudun El\u00e4insuojeluyhdistys","item":"https:\/\/sey.fi\/salo\/"},{"@type":"ListItem","position":3,"name":"Toiminta","item":"https:\/\/sey.fi\/salo\/salon-elainsuojelu\/toiminta\/"},{"@type":"ListItem","position":4,"name":"Pienel\u00e4inhautausmaa"}]},{"@type":"WebSite","@id":"https:\/\/sey.fi\/salo\/#website","url":"https:\/\/sey.fi\/salo\/","name":"Salon seudun el\u00e4insuojeluyhdistys","description":"Uusi SEY J\u00e4senyhdistykset -sivusto","potentialAction":[{"@type":"SearchAction","target":{"@type":"EntryPoint","urlTemplate":"https:\/\/sey.fi\/salo\/?s={search_term_string}"},"query-input":{"@type":"PropertyValueSpecification","valueRequired":true,"valueName":"search_term_string"}}],"inLanguage":"fi"}]}},"_links":{"self":[{"href":"https:\/\/sey.fi\/salo\/wp-json\/wp\/v2\/pages\/577","targetHints":{"allow":["GET"]}}],"collection":[{"href":"https:\/\/sey.fi\/salo\/wp-json\/wp\/v2\/pages"}],"about":[{"href":"https:\/\/sey.fi\/salo\/wp-json\/wp\/v2\/types\/page"}],"author":[{"embeddable":true,"href":"https:\/\/sey.fi\/salo\/wp-json\/wp\/v2\/users\/25"}],"replies":[{"embeddable":true,"href":"https:\/\/sey.fi\/salo\/wp-json\/wp\/v2\/comments?post=577"}],"version-history":[{"count":4,"href":"https:\/\/sey.fi\/salo\/wp-json\/wp\/v2\/pages\/577\/revisions"}],"predecessor-version":[{"id":1104,"href":"https:\/\/sey.fi\/salo\/wp-json\/wp\/v2\/pages\/577\/revisions\/1104"}],"up":[{"embeddable":true,"href":"https:\/\/sey.fi\/salo\/wp-json\/wp\/v2\/pages\/798"}],"wp:attachment":[{"href":"https:\/\/sey.fi\/salo\/wp-json\/wp\/v2\/media?parent=577"}],"curies":[{"name":"wp","href":"https:\/\/api.w.org\/{rel}","templated":true}]}}