{"id":590,"date":"2023-05-07T10:30:26","date_gmt":"2023-05-07T07:30:26","guid":{"rendered":"https:\/\/sey.fi\/salo\/?page_id=590"},"modified":"2024-04-29T07:06:20","modified_gmt":"2024-04-29T04:06:20","slug":"kotia-etsivat-kissat","status":"publish","type":"page","link":"https:\/\/sey.fi\/salo\/salon-elainsuojelu\/kotia-etsivat\/kotia-etsivat-kissat\/","title":{"rendered":"Kotia etsiv\u00e4t kissat"},"content":{"rendered":"\n<p>L\u00f6yd\u00e4t kotia etsiv\u00e4t kissamme yhdistyksen Facebook-sivuilta. Mik\u00e4li kotia etsivist\u00e4 ei juuri t\u00e4ll\u00e4 hetkell\u00e4 l\u00f6ydy sinulle sopivaa kissaa, voit l\u00e4hett\u00e4\u00e4 avoimen kotihakemuksen osoitteeseen <a href=\"mailto:kissat@ssey.fi\">kissat@ssey.fi<\/a>. Kaikki kotia etsiv\u00e4t kissat, etenk\u00e4\u00e4n pennut eiv\u00e4t v\u00e4ltt\u00e4m\u00e4tt\u00e4 ehdi nettiin asti, mik\u00e4li sopivia koteja on jonossa.<\/p>\n\n\n\n<p><strong><a href=\"https:\/\/www.facebook.com\/media\/set\/?set=a.1006189602758346&amp;type=3\" target=\"_blank\" rel=\"noreferrer noopener\">KOTIA ETSIV\u00c4T KISSAT<\/a><\/strong> <em>(FB-tunnuksia ei tarvita!)<\/em><\/p>\n\n\n\n<p>Kissat luovutetaan uusiin koteihin aina el\u00e4inl\u00e4\u00e4k\u00e4rin tarkastamina, steriloituna\/kastroituna (lukuunottamatta joitakin liian pieni\u00e4 naaraspentuja), loish\u00e4\u00e4dettyn\u00e4, kahdesti rokotettuna sek\u00e4 sirutettuna. Siru rekister\u00f6id\u00e4\u00e4n Turvasiruun yhdistyksen toimesta. Tarvittaessa kissoille tehd\u00e4\u00e4n my\u00f6s muita el\u00e4inl\u00e4\u00e4k\u00e4ritoimenpiteit\u00e4 esim. hammashoitoja. Kissat testataan yleisimpien hengitystieinfektioiden (kaliki, herpes, klamydia ja mykoplasma) varalta ja muut tautitestit otetaan tapauskohtaisesti.<\/p>\n\n\n\n<p>Kissat asuvat sijaiskodeissa kunnes Se Oikea koti l\u00f6ytyy. Yhdistyksell\u00e4 ei siis ole ns. kissataloa, miss\u00e4 kissoja voisi vapaasti k\u00e4yd\u00e4 katsomassa. Valittu kotiehdokas p\u00e4\u00e4see sijaiskotiin katsomaan kissaa.<\/p>\n\n\n\n<p>Kissamme l\u00e4htev\u00e4t uusiin koteihin vain sis\u00e4kissoiksi, ja mahdollisen ulkoilun tulee tapahtua valvotusti valjaissa, turvallisessa ulkotarhassa tai verkotetulla\/lasitetulla parvekkeella.<\/p>\n\n\n\n<p>Kissanpentuja ja oikein nuoria kissoja ei luovuteta yksitt\u00e4in kuin perheeseen, jossa on jo ennest\u00e4\u00e4n kissa. Lajitoveri on pienelle pennulle eritt\u00e4in t\u00e4rke\u00e4 monestakin syyst\u00e4. Pennut luovutetaan v\u00e4hint\u00e4\u00e4n 14 viikon ik\u00e4isin\u00e4.<\/p>\n\n\n\n<p>Lemmikin&nbsp;sijoituksesta tehd\u00e4\u00e4n uuden hoitajan kanssa hoitosopimus.<\/p>\n\n\n\n<p>Salon Seudun El\u00e4insuojeluyhdistys ry pitopaikkatunnus FI000018136976.<\/p>\n\n\n\n<p><\/p>\n","protected":false},"excerpt":{"rendered":"<p>L\u00f6yd\u00e4t kotia etsiv\u00e4t kissamme yhdistyksen Facebook-sivuilta. Mik\u00e4li kotia etsivist\u00e4 ei juuri t\u00e4ll\u00e4 hetkell\u00e4 l\u00f6ydy sinulle sopivaa kissaa, voit l\u00e4hett\u00e4\u00e4 avoimen kotihakemuksen osoitteeseen kissat@ssey.fi. Kaikki kotia etsiv\u00e4t kissat, etenk\u00e4\u00e4n pennut eiv\u00e4t v\u00e4ltt\u00e4m\u00e4tt\u00e4 ehdi nettiin asti, mik\u00e4li sopivia koteja on jonossa. KOTIA ETSIV\u00c4T KISSAT (FB-tunnuksia ei tarvita!) Kissat luovutetaan uusiin koteihin aina el\u00e4inl\u00e4\u00e4k\u00e4rin tarkastamina, steriloituna\/kastroituna (lukuunottamatta joitakin [&hellip;]<\/p>\n","protected":false},"author":25,"featured_media":0,"parent":588,"menu_order":0,"comment_status":"closed","ping_status":"closed","template":"","meta":{"_acf_changed":false,"footnotes":""},"class_list":["post-590","page","type-page","status-publish","hentry"],"acf":[],"yoast_head":"<!-- This site is optimized with the Yoast SEO plugin v27.1.1 - https:\/\/yoast.com\/product\/yoast-seo-wordpress\/ -->\n<title>Kotia etsiv\u00e4t kissat - Salon seudun el\u00e4insuojeluyhdistys<\/title>\n<meta name=\"robots\" content=\"index, follow, max-snippet:-1, max-image-preview:large, max-video-preview:-1\" \/>\n<link rel=\"canonical\" href=\"https:\/\/sey.fi\/salo\/salon-elainsuojelu\/kotia-etsivat\/kotia-etsivat-kissat\/\" \/>\n<meta property=\"og:locale\" content=\"fi_FI\" \/>\n<meta property=\"og:type\" content=\"article\" \/>\n<meta property=\"og:title\" content=\"Kotia etsiv\u00e4t kissat - Salon seudun el\u00e4insuojeluyhdistys\" \/>\n<meta property=\"og:description\" content=\"L\u00f6yd\u00e4t kotia etsiv\u00e4t kissamme yhdistyksen Facebook-sivuilta. Mik\u00e4li kotia etsivist\u00e4 ei juuri t\u00e4ll\u00e4 hetkell\u00e4 l\u00f6ydy sinulle sopivaa kissaa, voit l\u00e4hett\u00e4\u00e4 avoimen kotihakemuksen osoitteeseen kissat@ssey.fi. Kaikki kotia etsiv\u00e4t kissat, etenk\u00e4\u00e4n pennut eiv\u00e4t v\u00e4ltt\u00e4m\u00e4tt\u00e4 ehdi nettiin asti, mik\u00e4li sopivia koteja on jonossa. KOTIA ETSIV\u00c4T KISSAT (FB-tunnuksia ei tarvita!) Kissat luovutetaan uusiin koteihin aina el\u00e4inl\u00e4\u00e4k\u00e4rin tarkastamina, steriloituna\/kastroituna (lukuunottamatta joitakin [&hellip;]\" \/>\n<meta property=\"og:url\" content=\"https:\/\/sey.fi\/salo\/salon-elainsuojelu\/kotia-etsivat\/kotia-etsivat-kissat\/\" \/>\n<meta property=\"og:site_name\" content=\"Salon seudun el\u00e4insuojeluyhdistys\" \/>\n<meta property=\"article:modified_time\" content=\"2024-04-29T04:06:20+00:00\" \/>\n<meta name=\"twitter:card\" content=\"summary_large_image\" \/>\n<meta name=\"twitter:label1\" content=\"Arvioitu lukuaika\" \/>\n\t<meta name=\"twitter:data1\" content=\"2 minuuttia\" \/>\n<script type=\"application\/ld+json\" class=\"yoast-schema-graph\">{\"@context\":\"https:\/\/schema.org\",\"@graph\":[{\"@type\":\"WebPage\",\"@id\":\"https:\/\/sey.fi\/salo\/salon-elainsuojelu\/kotia-etsivat\/kotia-etsivat-kissat\/\",\"url\":\"https:\/\/sey.fi\/salo\/salon-elainsuojelu\/kotia-etsivat\/kotia-etsivat-kissat\/\",\"name\":\"Kotia etsiv\u00e4t kissat - Salon seudun el\u00e4insuojeluyhdistys\",\"isPartOf\":{\"@id\":\"https:\/\/sey.fi\/salo\/#website\"},\"datePublished\":\"2023-05-07T07:30:26+00:00\",\"dateModified\":\"2024-04-29T04:06:20+00:00\",\"breadcrumb\":{\"@id\":\"https:\/\/sey.fi\/salo\/salon-elainsuojelu\/kotia-etsivat\/kotia-etsivat-kissat\/#breadcrumb\"},\"inLanguage\":\"fi\",\"potentialAction\":[{\"@type\":\"ReadAction\",\"target\":[\"https:\/\/sey.fi\/salo\/salon-elainsuojelu\/kotia-etsivat\/kotia-etsivat-kissat\/\"]}]},{\"@type\":\"BreadcrumbList\",\"@id\":\"https:\/\/sey.fi\/salo\/salon-elainsuojelu\/kotia-etsivat\/kotia-etsivat-kissat\/#breadcrumb\",\"itemListElement\":[{\"@type\":\"ListItem\",\"position\":1,\"name\":\"Home\",\"item\":\"https:\/\/sey.fi\/salo\/\"},{\"@type\":\"ListItem\",\"position\":2,\"name\":\"Salon Seudun El\u00e4insuojeluyhdistys\",\"item\":\"https:\/\/sey.fi\/salo\/\"},{\"@type\":\"ListItem\",\"position\":3,\"name\":\"Kotia etsiv\u00e4t\",\"item\":\"https:\/\/sey.fi\/salo\/salon-elainsuojelu\/kotia-etsivat\/\"},{\"@type\":\"ListItem\",\"position\":4,\"name\":\"Kotia etsiv\u00e4t kissat\"}]},{\"@type\":\"WebSite\",\"@id\":\"https:\/\/sey.fi\/salo\/#website\",\"url\":\"https:\/\/sey.fi\/salo\/\",\"name\":\"Salon seudun el\u00e4insuojeluyhdistys\",\"description\":\"Uusi SEY J\u00e4senyhdistykset -sivusto\",\"potentialAction\":[{\"@type\":\"SearchAction\",\"target\":{\"@type\":\"EntryPoint\",\"urlTemplate\":\"https:\/\/sey.fi\/salo\/?s={search_term_string}\"},\"query-input\":{\"@type\":\"PropertyValueSpecification\",\"valueRequired\":true,\"valueName\":\"search_term_string\"}}],\"inLanguage\":\"fi\"}]}<\/script>\n<!-- \/ Yoast SEO plugin. -->","yoast_head_json":{"title":"Kotia etsiv\u00e4t kissat - Salon seudun el\u00e4insuojeluyhdistys","robots":{"index":"index","follow":"follow","max-snippet":"max-snippet:-1","max-image-preview":"max-image-preview:large","max-video-preview":"max-video-preview:-1"},"canonical":"https:\/\/sey.fi\/salo\/salon-elainsuojelu\/kotia-etsivat\/kotia-etsivat-kissat\/","og_locale":"fi_FI","og_type":"article","og_title":"Kotia etsiv\u00e4t kissat - Salon seudun el\u00e4insuojeluyhdistys","og_description":"L\u00f6yd\u00e4t kotia etsiv\u00e4t kissamme yhdistyksen Facebook-sivuilta. Mik\u00e4li kotia etsivist\u00e4 ei juuri t\u00e4ll\u00e4 hetkell\u00e4 l\u00f6ydy sinulle sopivaa kissaa, voit l\u00e4hett\u00e4\u00e4 avoimen kotihakemuksen osoitteeseen kissat@ssey.fi. Kaikki kotia etsiv\u00e4t kissat, etenk\u00e4\u00e4n pennut eiv\u00e4t v\u00e4ltt\u00e4m\u00e4tt\u00e4 ehdi nettiin asti, mik\u00e4li sopivia koteja on jonossa. KOTIA ETSIV\u00c4T KISSAT (FB-tunnuksia ei tarvita!) Kissat luovutetaan uusiin koteihin aina el\u00e4inl\u00e4\u00e4k\u00e4rin tarkastamina, steriloituna\/kastroituna (lukuunottamatta joitakin [&hellip;]","og_url":"https:\/\/sey.fi\/salo\/salon-elainsuojelu\/kotia-etsivat\/kotia-etsivat-kissat\/","og_site_name":"Salon seudun el\u00e4insuojeluyhdistys","article_modified_time":"2024-04-29T04:06:20+00:00","twitter_card":"summary_large_image","twitter_misc":{"Arvioitu lukuaika":"2 minuuttia"},"schema":{"@context":"https:\/\/schema.org","@graph":[{"@type":"WebPage","@id":"https:\/\/sey.fi\/salo\/salon-elainsuojelu\/kotia-etsivat\/kotia-etsivat-kissat\/","url":"https:\/\/sey.fi\/salo\/salon-elainsuojelu\/kotia-etsivat\/kotia-etsivat-kissat\/","name":"Kotia etsiv\u00e4t kissat - Salon seudun el\u00e4insuojeluyhdistys","isPartOf":{"@id":"https:\/\/sey.fi\/salo\/#website"},"datePublished":"2023-05-07T07:30:26+00:00","dateModified":"2024-04-29T04:06:20+00:00","breadcrumb":{"@id":"https:\/\/sey.fi\/salo\/salon-elainsuojelu\/kotia-etsivat\/kotia-etsivat-kissat\/#breadcrumb"},"inLanguage":"fi","potentialAction":[{"@type":"ReadAction","target":["https:\/\/sey.fi\/salo\/salon-elainsuojelu\/kotia-etsivat\/kotia-etsivat-kissat\/"]}]},{"@type":"BreadcrumbList","@id":"https:\/\/sey.fi\/salo\/salon-elainsuojelu\/kotia-etsivat\/kotia-etsivat-kissat\/#breadcrumb","itemListElement":[{"@type":"ListItem","position":1,"name":"Home","item":"https:\/\/sey.fi\/salo\/"},{"@type":"ListItem","position":2,"name":"Salon Seudun El\u00e4insuojeluyhdistys","item":"https:\/\/sey.fi\/salo\/"},{"@type":"ListItem","position":3,"name":"Kotia etsiv\u00e4t","item":"https:\/\/sey.fi\/salo\/salon-elainsuojelu\/kotia-etsivat\/"},{"@type":"ListItem","position":4,"name":"Kotia etsiv\u00e4t kissat"}]},{"@type":"WebSite","@id":"https:\/\/sey.fi\/salo\/#website","url":"https:\/\/sey.fi\/salo\/","name":"Salon seudun el\u00e4insuojeluyhdistys","description":"Uusi SEY J\u00e4senyhdistykset -sivusto","potentialAction":[{"@type":"SearchAction","target":{"@type":"EntryPoint","urlTemplate":"https:\/\/sey.fi\/salo\/?s={search_term_string}"},"query-input":{"@type":"PropertyValueSpecification","valueRequired":true,"valueName":"search_term_string"}}],"inLanguage":"fi"}]}},"_links":{"self":[{"href":"https:\/\/sey.fi\/salo\/wp-json\/wp\/v2\/pages\/590","targetHints":{"allow":["GET"]}}],"collection":[{"href":"https:\/\/sey.fi\/salo\/wp-json\/wp\/v2\/pages"}],"about":[{"href":"https:\/\/sey.fi\/salo\/wp-json\/wp\/v2\/types\/page"}],"author":[{"embeddable":true,"href":"https:\/\/sey.fi\/salo\/wp-json\/wp\/v2\/users\/25"}],"replies":[{"embeddable":true,"href":"https:\/\/sey.fi\/salo\/wp-json\/wp\/v2\/comments?post=590"}],"version-history":[{"count":5,"href":"https:\/\/sey.fi\/salo\/wp-json\/wp\/v2\/pages\/590\/revisions"}],"predecessor-version":[{"id":1074,"href":"https:\/\/sey.fi\/salo\/wp-json\/wp\/v2\/pages\/590\/revisions\/1074"}],"up":[{"embeddable":true,"href":"https:\/\/sey.fi\/salo\/wp-json\/wp\/v2\/pages\/588"}],"wp:attachment":[{"href":"https:\/\/sey.fi\/salo\/wp-json\/wp\/v2\/media?parent=590"}],"curies":[{"name":"wp","href":"https:\/\/api.w.org\/{rel}","templated":true}]}}