{"id":596,"date":"2023-05-07T10:45:16","date_gmt":"2023-05-07T07:45:16","guid":{"rendered":"https:\/\/sey.fi\/salo\/?page_id=596"},"modified":"2025-09-20T16:32:02","modified_gmt":"2025-09-20T13:32:02","slug":"adoptiohinnasto","status":"publish","type":"page","link":"https:\/\/sey.fi\/salo\/salon-elainsuojelu\/kotia-etsivat\/adoptiohinnasto\/","title":{"rendered":"Adoptiohinnasto"},"content":{"rendered":"\n<h2 class=\"wp-block-heading\">Kulukorvaussummat 1.9.2023 alkaen:<\/h2>\n\n\n\n<p>Kissat: 160-460\u20ac<br>Koirat: 250-900\u20ac<br>Muut pienel\u00e4imet: 10-150\u20ac<\/p>\n\n\n\n<p>Summat riippuvat aina mm. el\u00e4imen i\u00e4st\u00e4, mahdollisesta rodusta, kuluista ja muista haasteista.<\/p>\n\n\n\n<p><strong>Vertailun vuoksi;<\/strong> kissan perustoimenpiteet SSEY:ll\u00e4 pit\u00e4v\u00e4t sis\u00e4ll\u00e4\u00e4n loish\u00e4\u00e4d\u00f6t, 2x rokotuksen, kastroinnin tai steriloinnin, testit hengitystieinfektioiden varalta sek\u00e4 mikrosirun ja sen rekister\u00f6innin Turvasiru-palveluun. <strong>Jos tekisit t\u00e4m\u00e4n kaiken itse, olisi se Salon alueella arvoltaan noin 370-440 \u20ac.<\/strong> T\u00e4m\u00e4n p\u00e4\u00e4lle jokaisesta el\u00e4imest\u00e4 tulee yhdistykselle ruoka- ja kuivikekuluja, ja monelle tehd\u00e4\u00e4n my\u00f6s muita terveydellisi\u00e4 tutkimuksia ja hoitoja. Adoption yhteydess\u00e4 maksettavalla kulukorvauksella katamme siis vain murto-osan el\u00e4imen kuluista.<\/p>\n\n\n\n<p>Lemmikill\u00e4&nbsp;voi my\u00f6s olla piilevi\u00e4 sairauksia, joka uuden kodin tulee ottaa huomioon. Kaikki el\u00e4imet, niin kanit, kissat kuin koiratkin, vaativat uudelta kodilta sitoutumista. El\u00e4imen pito ei ole ilmaista vaan tulevaisuudessakin el\u00e4imen ruoka ja el\u00e4inl\u00e4\u00e4k\u00e4rik\u00e4ynnit maksavat. Lemmikki\u00e4 tulee k\u00e4ytt\u00e4\u00e4 s\u00e4\u00e4nn\u00f6llisesti el\u00e4inl\u00e4\u00e4k\u00e4rin tarkastuksessa ja rokotuksilla, sek\u00e4 tarvittaessa muissa toimenpiteiss\u00e4. Lemmikki ei ole ilmainen hy\u00f6dyke vaan arvokas osa perhett\u00e4!<\/p>\n","protected":false},"excerpt":{"rendered":"<p>Kulukorvaussummat 1.9.2023 alkaen: Kissat: 160-460\u20acKoirat: 250-900\u20acMuut pienel\u00e4imet: 10-150\u20ac Summat riippuvat aina mm. el\u00e4imen i\u00e4st\u00e4, mahdollisesta rodusta, kuluista ja muista haasteista. Vertailun vuoksi; kissan perustoimenpiteet SSEY:ll\u00e4 pit\u00e4v\u00e4t sis\u00e4ll\u00e4\u00e4n loish\u00e4\u00e4d\u00f6t, 2x rokotuksen, kastroinnin tai steriloinnin, testit hengitystieinfektioiden varalta sek\u00e4 mikrosirun ja sen rekister\u00f6innin Turvasiru-palveluun. Jos tekisit t\u00e4m\u00e4n kaiken itse, olisi se Salon alueella arvoltaan noin 370-440 \u20ac. [&hellip;]<\/p>\n","protected":false},"author":25,"featured_media":0,"parent":588,"menu_order":0,"comment_status":"closed","ping_status":"closed","template":"","meta":{"_acf_changed":false,"footnotes":""},"class_list":["post-596","page","type-page","status-publish","hentry"],"acf":[],"yoast_head":"<!-- This site is optimized with the Yoast SEO plugin v27.1.1 - https:\/\/yoast.com\/product\/yoast-seo-wordpress\/ -->\n<title>Adoptiohinnasto - Salon seudun el\u00e4insuojeluyhdistys<\/title>\n<meta name=\"robots\" content=\"index, follow, max-snippet:-1, max-image-preview:large, max-video-preview:-1\" \/>\n<link rel=\"canonical\" href=\"https:\/\/sey.fi\/salo\/salon-elainsuojelu\/kotia-etsivat\/adoptiohinnasto\/\" \/>\n<meta property=\"og:locale\" content=\"fi_FI\" \/>\n<meta property=\"og:type\" content=\"article\" \/>\n<meta property=\"og:title\" content=\"Adoptiohinnasto - Salon seudun el\u00e4insuojeluyhdistys\" \/>\n<meta property=\"og:description\" content=\"Kulukorvaussummat 1.9.2023 alkaen: Kissat: 160-460\u20acKoirat: 250-900\u20acMuut pienel\u00e4imet: 10-150\u20ac Summat riippuvat aina mm. el\u00e4imen i\u00e4st\u00e4, mahdollisesta rodusta, kuluista ja muista haasteista. Vertailun vuoksi; kissan perustoimenpiteet SSEY:ll\u00e4 pit\u00e4v\u00e4t sis\u00e4ll\u00e4\u00e4n loish\u00e4\u00e4d\u00f6t, 2x rokotuksen, kastroinnin tai steriloinnin, testit hengitystieinfektioiden varalta sek\u00e4 mikrosirun ja sen rekister\u00f6innin Turvasiru-palveluun. Jos tekisit t\u00e4m\u00e4n kaiken itse, olisi se Salon alueella arvoltaan noin 370-440 \u20ac. [&hellip;]\" \/>\n<meta property=\"og:url\" content=\"https:\/\/sey.fi\/salo\/salon-elainsuojelu\/kotia-etsivat\/adoptiohinnasto\/\" \/>\n<meta property=\"og:site_name\" content=\"Salon seudun el\u00e4insuojeluyhdistys\" \/>\n<meta property=\"article:modified_time\" content=\"2025-09-20T13:32:02+00:00\" \/>\n<meta name=\"twitter:card\" content=\"summary_large_image\" \/>\n<meta name=\"twitter:label1\" content=\"Arvioitu lukuaika\" \/>\n\t<meta name=\"twitter:data1\" content=\"1 minuutti\" \/>\n<script type=\"application\/ld+json\" class=\"yoast-schema-graph\">{\"@context\":\"https:\/\/schema.org\",\"@graph\":[{\"@type\":\"WebPage\",\"@id\":\"https:\/\/sey.fi\/salo\/salon-elainsuojelu\/kotia-etsivat\/adoptiohinnasto\/\",\"url\":\"https:\/\/sey.fi\/salo\/salon-elainsuojelu\/kotia-etsivat\/adoptiohinnasto\/\",\"name\":\"Adoptiohinnasto - Salon seudun el\u00e4insuojeluyhdistys\",\"isPartOf\":{\"@id\":\"https:\/\/sey.fi\/salo\/#website\"},\"datePublished\":\"2023-05-07T07:45:16+00:00\",\"dateModified\":\"2025-09-20T13:32:02+00:00\",\"breadcrumb\":{\"@id\":\"https:\/\/sey.fi\/salo\/salon-elainsuojelu\/kotia-etsivat\/adoptiohinnasto\/#breadcrumb\"},\"inLanguage\":\"fi\",\"potentialAction\":[{\"@type\":\"ReadAction\",\"target\":[\"https:\/\/sey.fi\/salo\/salon-elainsuojelu\/kotia-etsivat\/adoptiohinnasto\/\"]}]},{\"@type\":\"BreadcrumbList\",\"@id\":\"https:\/\/sey.fi\/salo\/salon-elainsuojelu\/kotia-etsivat\/adoptiohinnasto\/#breadcrumb\",\"itemListElement\":[{\"@type\":\"ListItem\",\"position\":1,\"name\":\"Home\",\"item\":\"https:\/\/sey.fi\/salo\/\"},{\"@type\":\"ListItem\",\"position\":2,\"name\":\"Salon Seudun El\u00e4insuojeluyhdistys\",\"item\":\"https:\/\/sey.fi\/salo\/\"},{\"@type\":\"ListItem\",\"position\":3,\"name\":\"Kotia etsiv\u00e4t\",\"item\":\"https:\/\/sey.fi\/salo\/salon-elainsuojelu\/kotia-etsivat\/\"},{\"@type\":\"ListItem\",\"position\":4,\"name\":\"Adoptiohinnasto\"}]},{\"@type\":\"WebSite\",\"@id\":\"https:\/\/sey.fi\/salo\/#website\",\"url\":\"https:\/\/sey.fi\/salo\/\",\"name\":\"Salon seudun el\u00e4insuojeluyhdistys\",\"description\":\"Uusi SEY J\u00e4senyhdistykset -sivusto\",\"potentialAction\":[{\"@type\":\"SearchAction\",\"target\":{\"@type\":\"EntryPoint\",\"urlTemplate\":\"https:\/\/sey.fi\/salo\/?s={search_term_string}\"},\"query-input\":{\"@type\":\"PropertyValueSpecification\",\"valueRequired\":true,\"valueName\":\"search_term_string\"}}],\"inLanguage\":\"fi\"}]}<\/script>\n<!-- \/ Yoast SEO plugin. -->","yoast_head_json":{"title":"Adoptiohinnasto - Salon seudun el\u00e4insuojeluyhdistys","robots":{"index":"index","follow":"follow","max-snippet":"max-snippet:-1","max-image-preview":"max-image-preview:large","max-video-preview":"max-video-preview:-1"},"canonical":"https:\/\/sey.fi\/salo\/salon-elainsuojelu\/kotia-etsivat\/adoptiohinnasto\/","og_locale":"fi_FI","og_type":"article","og_title":"Adoptiohinnasto - Salon seudun el\u00e4insuojeluyhdistys","og_description":"Kulukorvaussummat 1.9.2023 alkaen: Kissat: 160-460\u20acKoirat: 250-900\u20acMuut pienel\u00e4imet: 10-150\u20ac Summat riippuvat aina mm. el\u00e4imen i\u00e4st\u00e4, mahdollisesta rodusta, kuluista ja muista haasteista. Vertailun vuoksi; kissan perustoimenpiteet SSEY:ll\u00e4 pit\u00e4v\u00e4t sis\u00e4ll\u00e4\u00e4n loish\u00e4\u00e4d\u00f6t, 2x rokotuksen, kastroinnin tai steriloinnin, testit hengitystieinfektioiden varalta sek\u00e4 mikrosirun ja sen rekister\u00f6innin Turvasiru-palveluun. Jos tekisit t\u00e4m\u00e4n kaiken itse, olisi se Salon alueella arvoltaan noin 370-440 \u20ac. [&hellip;]","og_url":"https:\/\/sey.fi\/salo\/salon-elainsuojelu\/kotia-etsivat\/adoptiohinnasto\/","og_site_name":"Salon seudun el\u00e4insuojeluyhdistys","article_modified_time":"2025-09-20T13:32:02+00:00","twitter_card":"summary_large_image","twitter_misc":{"Arvioitu lukuaika":"1 minuutti"},"schema":{"@context":"https:\/\/schema.org","@graph":[{"@type":"WebPage","@id":"https:\/\/sey.fi\/salo\/salon-elainsuojelu\/kotia-etsivat\/adoptiohinnasto\/","url":"https:\/\/sey.fi\/salo\/salon-elainsuojelu\/kotia-etsivat\/adoptiohinnasto\/","name":"Adoptiohinnasto - Salon seudun el\u00e4insuojeluyhdistys","isPartOf":{"@id":"https:\/\/sey.fi\/salo\/#website"},"datePublished":"2023-05-07T07:45:16+00:00","dateModified":"2025-09-20T13:32:02+00:00","breadcrumb":{"@id":"https:\/\/sey.fi\/salo\/salon-elainsuojelu\/kotia-etsivat\/adoptiohinnasto\/#breadcrumb"},"inLanguage":"fi","potentialAction":[{"@type":"ReadAction","target":["https:\/\/sey.fi\/salo\/salon-elainsuojelu\/kotia-etsivat\/adoptiohinnasto\/"]}]},{"@type":"BreadcrumbList","@id":"https:\/\/sey.fi\/salo\/salon-elainsuojelu\/kotia-etsivat\/adoptiohinnasto\/#breadcrumb","itemListElement":[{"@type":"ListItem","position":1,"name":"Home","item":"https:\/\/sey.fi\/salo\/"},{"@type":"ListItem","position":2,"name":"Salon Seudun El\u00e4insuojeluyhdistys","item":"https:\/\/sey.fi\/salo\/"},{"@type":"ListItem","position":3,"name":"Kotia etsiv\u00e4t","item":"https:\/\/sey.fi\/salo\/salon-elainsuojelu\/kotia-etsivat\/"},{"@type":"ListItem","position":4,"name":"Adoptiohinnasto"}]},{"@type":"WebSite","@id":"https:\/\/sey.fi\/salo\/#website","url":"https:\/\/sey.fi\/salo\/","name":"Salon seudun el\u00e4insuojeluyhdistys","description":"Uusi SEY J\u00e4senyhdistykset -sivusto","potentialAction":[{"@type":"SearchAction","target":{"@type":"EntryPoint","urlTemplate":"https:\/\/sey.fi\/salo\/?s={search_term_string}"},"query-input":{"@type":"PropertyValueSpecification","valueRequired":true,"valueName":"search_term_string"}}],"inLanguage":"fi"}]}},"_links":{"self":[{"href":"https:\/\/sey.fi\/salo\/wp-json\/wp\/v2\/pages\/596","targetHints":{"allow":["GET"]}}],"collection":[{"href":"https:\/\/sey.fi\/salo\/wp-json\/wp\/v2\/pages"}],"about":[{"href":"https:\/\/sey.fi\/salo\/wp-json\/wp\/v2\/types\/page"}],"author":[{"embeddable":true,"href":"https:\/\/sey.fi\/salo\/wp-json\/wp\/v2\/users\/25"}],"replies":[{"embeddable":true,"href":"https:\/\/sey.fi\/salo\/wp-json\/wp\/v2\/comments?post=596"}],"version-history":[{"count":8,"href":"https:\/\/sey.fi\/salo\/wp-json\/wp\/v2\/pages\/596\/revisions"}],"predecessor-version":[{"id":1210,"href":"https:\/\/sey.fi\/salo\/wp-json\/wp\/v2\/pages\/596\/revisions\/1210"}],"up":[{"embeddable":true,"href":"https:\/\/sey.fi\/salo\/wp-json\/wp\/v2\/pages\/588"}],"wp:attachment":[{"href":"https:\/\/sey.fi\/salo\/wp-json\/wp\/v2\/media?parent=596"}],"curies":[{"name":"wp","href":"https:\/\/api.w.org\/{rel}","templated":true}]}}