{"id":600,"date":"2023-05-07T12:02:24","date_gmt":"2023-05-07T09:02:24","guid":{"rendered":"https:\/\/sey.fi\/salo\/?page_id=600"},"modified":"2024-04-29T07:19:48","modified_gmt":"2024-04-29T04:19:48","slug":"yksityisesti-kotia-etsivat","status":"publish","type":"page","link":"https:\/\/sey.fi\/salo\/salon-elainsuojelu\/kotia-etsivat\/yksityisesti-kotia-etsivat\/","title":{"rendered":"Yksityisesti kotia etsiv\u00e4t"},"content":{"rendered":"\n<p>Kun el\u00e4imelle on syyst\u00e4 tai toisesta etsitt\u00e4v\u00e4 uusi koti, on SSEY:ll\u00e4 palvelu nimelt\u00e4 Yksityisesti kotia etsiv\u00e4t. T\u00e4m\u00e4 tarkoittaa, ett\u00e4 lemmikin omistaja voi itse laatia omasta lemmikist\u00e4\u00e4n kodinetsint\u00e4ilmoituksen, jota yhdistys jakaa omilla Facebook-sivuillaan antaen ilmoitukselle lis\u00e4\u00e4 n\u00e4kyvyytt\u00e4 oikean kohderyhm\u00e4n sis\u00e4ll\u00e4.<\/p>\n\n\n\n<p>Omistaja haastattelee itse kotiehdokkaat ja valitsee mieleisens\u00e4. SSEY ei siis osallistu kodin etsint\u00e4\u00e4n muutoin kuin ilmoitusta jakamalla. Yhdistykselt\u00e4 voi toki kysell\u00e4 vinkkej\u00e4 uuden kodin haastatteluun ja valintaan.<\/p>\n\n\n\n<p><strong><a href=\"https:\/\/www.facebook.com\/media\/set\/?set=a.2457394860971139&amp;type=3\">YKSITYISESTI KOTIA ETSIV\u00c4T<\/a><\/strong> <em>(FB-tunnuksia ei tarvita!)<\/em><\/p>\n\n\n\n<p>Yhdistyksell\u00e4 on hyvin rajalliset resurssit ottaa kodinvaihtajia sijaiskoteihin, joten siksi suosittelemme kodinvaihtotapauksissa ensisijaisesti etsim\u00e4\u00e4n kotia yksityisesti. Jos t\u00e4m\u00e4 ei kuitenkaan ole mahdollista, olethan yhteydess\u00e4 <a href=\"https:\/\/sey.fi\/salo\/salon-elainsuojelu\/yhteystiedot\/ssey-yhteystiedot\/\">puhelimitse<\/a>, niin mietit\u00e4\u00e4n yhdess\u00e4 vaihtoehtoja.<\/p>\n\n\n\n<p>Yksityisesti kotia etsiv\u00e4n el\u00e4imen ilmoituksen voi l\u00e4hett\u00e4\u00e4 suoraan yhdistyksen <a href=\"https:\/\/sey.fi\/salo\/salon-elainsuojelu\/yhteystiedot\/ssey-yhteystiedot\/\">s\u00e4hk\u00f6postiin<\/a>. Liit\u00e4th\u00e4n ilmoitukseen ainakin seuraavat tiedot el\u00e4imest\u00e4:<\/p>\n\n\n\n<ul class=\"wp-block-list\">\n<li>selke\u00e4 ja edustava valokuva<\/li>\n\n\n\n<li>ik\u00e4<\/li>\n\n\n\n<li>rotu<\/li>\n\n\n\n<li>nykyinen terveydentila<\/li>\n\n\n\n<li>tehdyt el\u00e4inl\u00e4\u00e4k\u00e4ritoimenpiteet (onko steriloitu\/kastroitu, onko rokotukset voimassa, onko madotettu, milloin viimeksi k\u00e4ynyt el\u00e4inl\u00e4\u00e4k\u00e4rin tarkastuksessa)<\/li>\n\n\n\n<li>luonne ja mahdolliset k\u00e4yt\u00f6songelmat<\/li>\n\n\n\n<li>hinta<\/li>\n<\/ul>\n\n\n\n<p>Huomioithan my\u00f6s, ett\u00e4 SSEY ei v\u00e4lit\u00e4 ilmoituksia, joissa annetaan el\u00e4in ilmaiseksi, joten pyyd\u00e4 lemmikist\u00e4 edes joku nimellinen summa, joka karsii ainakin osan ns. &#8221;hupiostajista&#8221;.<br>SSEY ei my\u00f6sk\u00e4\u00e4n tue kissojen vapaata ulkoilua, joten emme my\u00f6sk\u00e4\u00e4n mainosta ilmoituksissamme jos kissa on tottunut ulkoilemaan vapaasti.<\/p>\n\n\n\n<p><\/p>\n","protected":false},"excerpt":{"rendered":"<p>Kun el\u00e4imelle on syyst\u00e4 tai toisesta etsitt\u00e4v\u00e4 uusi koti, on SSEY:ll\u00e4 palvelu nimelt\u00e4 Yksityisesti kotia etsiv\u00e4t. T\u00e4m\u00e4 tarkoittaa, ett\u00e4 lemmikin omistaja voi itse laatia omasta lemmikist\u00e4\u00e4n kodinetsint\u00e4ilmoituksen, jota yhdistys jakaa omilla Facebook-sivuillaan antaen ilmoitukselle lis\u00e4\u00e4 n\u00e4kyvyytt\u00e4 oikean kohderyhm\u00e4n sis\u00e4ll\u00e4. Omistaja haastattelee itse kotiehdokkaat ja valitsee mieleisens\u00e4. SSEY ei siis osallistu kodin etsint\u00e4\u00e4n muutoin kuin ilmoitusta [&hellip;]<\/p>\n","protected":false},"author":25,"featured_media":0,"parent":588,"menu_order":0,"comment_status":"closed","ping_status":"closed","template":"","meta":{"_acf_changed":false,"footnotes":""},"class_list":["post-600","page","type-page","status-publish","hentry"],"acf":[],"yoast_head":"<!-- This site is optimized with the Yoast SEO plugin v27.1.1 - https:\/\/yoast.com\/product\/yoast-seo-wordpress\/ -->\n<title>Yksityisesti kotia etsiv\u00e4t - Salon seudun el\u00e4insuojeluyhdistys<\/title>\n<meta name=\"robots\" content=\"index, follow, max-snippet:-1, max-image-preview:large, max-video-preview:-1\" \/>\n<link rel=\"canonical\" href=\"https:\/\/sey.fi\/salo\/salon-elainsuojelu\/kotia-etsivat\/yksityisesti-kotia-etsivat\/\" \/>\n<meta property=\"og:locale\" content=\"fi_FI\" \/>\n<meta property=\"og:type\" content=\"article\" \/>\n<meta property=\"og:title\" content=\"Yksityisesti kotia etsiv\u00e4t - Salon seudun el\u00e4insuojeluyhdistys\" \/>\n<meta property=\"og:description\" content=\"Kun el\u00e4imelle on syyst\u00e4 tai toisesta etsitt\u00e4v\u00e4 uusi koti, on SSEY:ll\u00e4 palvelu nimelt\u00e4 Yksityisesti kotia etsiv\u00e4t. T\u00e4m\u00e4 tarkoittaa, ett\u00e4 lemmikin omistaja voi itse laatia omasta lemmikist\u00e4\u00e4n kodinetsint\u00e4ilmoituksen, jota yhdistys jakaa omilla Facebook-sivuillaan antaen ilmoitukselle lis\u00e4\u00e4 n\u00e4kyvyytt\u00e4 oikean kohderyhm\u00e4n sis\u00e4ll\u00e4. Omistaja haastattelee itse kotiehdokkaat ja valitsee mieleisens\u00e4. SSEY ei siis osallistu kodin etsint\u00e4\u00e4n muutoin kuin ilmoitusta [&hellip;]\" \/>\n<meta property=\"og:url\" content=\"https:\/\/sey.fi\/salo\/salon-elainsuojelu\/kotia-etsivat\/yksityisesti-kotia-etsivat\/\" \/>\n<meta property=\"og:site_name\" content=\"Salon seudun el\u00e4insuojeluyhdistys\" \/>\n<meta property=\"article:modified_time\" content=\"2024-04-29T04:19:48+00:00\" \/>\n<meta name=\"twitter:card\" content=\"summary_large_image\" \/>\n<meta name=\"twitter:label1\" content=\"Arvioitu lukuaika\" \/>\n\t<meta name=\"twitter:data1\" content=\"2 minuuttia\" \/>\n<script type=\"application\/ld+json\" class=\"yoast-schema-graph\">{\"@context\":\"https:\/\/schema.org\",\"@graph\":[{\"@type\":\"WebPage\",\"@id\":\"https:\/\/sey.fi\/salo\/salon-elainsuojelu\/kotia-etsivat\/yksityisesti-kotia-etsivat\/\",\"url\":\"https:\/\/sey.fi\/salo\/salon-elainsuojelu\/kotia-etsivat\/yksityisesti-kotia-etsivat\/\",\"name\":\"Yksityisesti kotia etsiv\u00e4t - Salon seudun el\u00e4insuojeluyhdistys\",\"isPartOf\":{\"@id\":\"https:\/\/sey.fi\/salo\/#website\"},\"datePublished\":\"2023-05-07T09:02:24+00:00\",\"dateModified\":\"2024-04-29T04:19:48+00:00\",\"breadcrumb\":{\"@id\":\"https:\/\/sey.fi\/salo\/salon-elainsuojelu\/kotia-etsivat\/yksityisesti-kotia-etsivat\/#breadcrumb\"},\"inLanguage\":\"fi\",\"potentialAction\":[{\"@type\":\"ReadAction\",\"target\":[\"https:\/\/sey.fi\/salo\/salon-elainsuojelu\/kotia-etsivat\/yksityisesti-kotia-etsivat\/\"]}]},{\"@type\":\"BreadcrumbList\",\"@id\":\"https:\/\/sey.fi\/salo\/salon-elainsuojelu\/kotia-etsivat\/yksityisesti-kotia-etsivat\/#breadcrumb\",\"itemListElement\":[{\"@type\":\"ListItem\",\"position\":1,\"name\":\"Home\",\"item\":\"https:\/\/sey.fi\/salo\/\"},{\"@type\":\"ListItem\",\"position\":2,\"name\":\"Salon Seudun El\u00e4insuojeluyhdistys\",\"item\":\"https:\/\/sey.fi\/salo\/\"},{\"@type\":\"ListItem\",\"position\":3,\"name\":\"Kotia etsiv\u00e4t\",\"item\":\"https:\/\/sey.fi\/salo\/salon-elainsuojelu\/kotia-etsivat\/\"},{\"@type\":\"ListItem\",\"position\":4,\"name\":\"Yksityisesti kotia etsiv\u00e4t\"}]},{\"@type\":\"WebSite\",\"@id\":\"https:\/\/sey.fi\/salo\/#website\",\"url\":\"https:\/\/sey.fi\/salo\/\",\"name\":\"Salon seudun el\u00e4insuojeluyhdistys\",\"description\":\"Uusi SEY J\u00e4senyhdistykset -sivusto\",\"potentialAction\":[{\"@type\":\"SearchAction\",\"target\":{\"@type\":\"EntryPoint\",\"urlTemplate\":\"https:\/\/sey.fi\/salo\/?s={search_term_string}\"},\"query-input\":{\"@type\":\"PropertyValueSpecification\",\"valueRequired\":true,\"valueName\":\"search_term_string\"}}],\"inLanguage\":\"fi\"}]}<\/script>\n<!-- \/ Yoast SEO plugin. -->","yoast_head_json":{"title":"Yksityisesti kotia etsiv\u00e4t - Salon seudun el\u00e4insuojeluyhdistys","robots":{"index":"index","follow":"follow","max-snippet":"max-snippet:-1","max-image-preview":"max-image-preview:large","max-video-preview":"max-video-preview:-1"},"canonical":"https:\/\/sey.fi\/salo\/salon-elainsuojelu\/kotia-etsivat\/yksityisesti-kotia-etsivat\/","og_locale":"fi_FI","og_type":"article","og_title":"Yksityisesti kotia etsiv\u00e4t - Salon seudun el\u00e4insuojeluyhdistys","og_description":"Kun el\u00e4imelle on syyst\u00e4 tai toisesta etsitt\u00e4v\u00e4 uusi koti, on SSEY:ll\u00e4 palvelu nimelt\u00e4 Yksityisesti kotia etsiv\u00e4t. T\u00e4m\u00e4 tarkoittaa, ett\u00e4 lemmikin omistaja voi itse laatia omasta lemmikist\u00e4\u00e4n kodinetsint\u00e4ilmoituksen, jota yhdistys jakaa omilla Facebook-sivuillaan antaen ilmoitukselle lis\u00e4\u00e4 n\u00e4kyvyytt\u00e4 oikean kohderyhm\u00e4n sis\u00e4ll\u00e4. Omistaja haastattelee itse kotiehdokkaat ja valitsee mieleisens\u00e4. SSEY ei siis osallistu kodin etsint\u00e4\u00e4n muutoin kuin ilmoitusta [&hellip;]","og_url":"https:\/\/sey.fi\/salo\/salon-elainsuojelu\/kotia-etsivat\/yksityisesti-kotia-etsivat\/","og_site_name":"Salon seudun el\u00e4insuojeluyhdistys","article_modified_time":"2024-04-29T04:19:48+00:00","twitter_card":"summary_large_image","twitter_misc":{"Arvioitu lukuaika":"2 minuuttia"},"schema":{"@context":"https:\/\/schema.org","@graph":[{"@type":"WebPage","@id":"https:\/\/sey.fi\/salo\/salon-elainsuojelu\/kotia-etsivat\/yksityisesti-kotia-etsivat\/","url":"https:\/\/sey.fi\/salo\/salon-elainsuojelu\/kotia-etsivat\/yksityisesti-kotia-etsivat\/","name":"Yksityisesti kotia etsiv\u00e4t - Salon seudun el\u00e4insuojeluyhdistys","isPartOf":{"@id":"https:\/\/sey.fi\/salo\/#website"},"datePublished":"2023-05-07T09:02:24+00:00","dateModified":"2024-04-29T04:19:48+00:00","breadcrumb":{"@id":"https:\/\/sey.fi\/salo\/salon-elainsuojelu\/kotia-etsivat\/yksityisesti-kotia-etsivat\/#breadcrumb"},"inLanguage":"fi","potentialAction":[{"@type":"ReadAction","target":["https:\/\/sey.fi\/salo\/salon-elainsuojelu\/kotia-etsivat\/yksityisesti-kotia-etsivat\/"]}]},{"@type":"BreadcrumbList","@id":"https:\/\/sey.fi\/salo\/salon-elainsuojelu\/kotia-etsivat\/yksityisesti-kotia-etsivat\/#breadcrumb","itemListElement":[{"@type":"ListItem","position":1,"name":"Home","item":"https:\/\/sey.fi\/salo\/"},{"@type":"ListItem","position":2,"name":"Salon Seudun El\u00e4insuojeluyhdistys","item":"https:\/\/sey.fi\/salo\/"},{"@type":"ListItem","position":3,"name":"Kotia etsiv\u00e4t","item":"https:\/\/sey.fi\/salo\/salon-elainsuojelu\/kotia-etsivat\/"},{"@type":"ListItem","position":4,"name":"Yksityisesti kotia etsiv\u00e4t"}]},{"@type":"WebSite","@id":"https:\/\/sey.fi\/salo\/#website","url":"https:\/\/sey.fi\/salo\/","name":"Salon seudun el\u00e4insuojeluyhdistys","description":"Uusi SEY J\u00e4senyhdistykset -sivusto","potentialAction":[{"@type":"SearchAction","target":{"@type":"EntryPoint","urlTemplate":"https:\/\/sey.fi\/salo\/?s={search_term_string}"},"query-input":{"@type":"PropertyValueSpecification","valueRequired":true,"valueName":"search_term_string"}}],"inLanguage":"fi"}]}},"_links":{"self":[{"href":"https:\/\/sey.fi\/salo\/wp-json\/wp\/v2\/pages\/600","targetHints":{"allow":["GET"]}}],"collection":[{"href":"https:\/\/sey.fi\/salo\/wp-json\/wp\/v2\/pages"}],"about":[{"href":"https:\/\/sey.fi\/salo\/wp-json\/wp\/v2\/types\/page"}],"author":[{"embeddable":true,"href":"https:\/\/sey.fi\/salo\/wp-json\/wp\/v2\/users\/25"}],"replies":[{"embeddable":true,"href":"https:\/\/sey.fi\/salo\/wp-json\/wp\/v2\/comments?post=600"}],"version-history":[{"count":3,"href":"https:\/\/sey.fi\/salo\/wp-json\/wp\/v2\/pages\/600\/revisions"}],"predecessor-version":[{"id":1080,"href":"https:\/\/sey.fi\/salo\/wp-json\/wp\/v2\/pages\/600\/revisions\/1080"}],"up":[{"embeddable":true,"href":"https:\/\/sey.fi\/salo\/wp-json\/wp\/v2\/pages\/588"}],"wp:attachment":[{"href":"https:\/\/sey.fi\/salo\/wp-json\/wp\/v2\/media?parent=600"}],"curies":[{"name":"wp","href":"https:\/\/api.w.org\/{rel}","templated":true}]}}