{"id":675,"date":"2023-05-08T14:43:18","date_gmt":"2023-05-08T11:43:18","guid":{"rendered":"https:\/\/sey.fi\/salo\/?page_id=675"},"modified":"2023-05-09T14:38:37","modified_gmt":"2023-05-09T11:38:37","slug":"lahjoitukset-elaimille","status":"publish","type":"page","link":"https:\/\/sey.fi\/salo\/salon-elainsuojelu\/lahjoitukset\/lahjoitukset-elaimille\/","title":{"rendered":"Lahjoitukset el\u00e4imille"},"content":{"rendered":"\n<p>Otamme kiitollisena vastaan kaikenlaisia lahjoituksia el\u00e4imille.<\/p>\n\n\n\n<p>Jatkuva tarve on esimerkiksi<\/p>\n\n\n\n<ul class=\"wp-block-list\">\n<li>Kissan laadukkaalle ja lihapitoiselle m\u00e4rk\u00e4ruualle<\/li>\n\n\n\n<li>Kissanhiekalle<\/li>\n\n\n\n<li>Matol\u00e4\u00e4kkeille<\/li>\n<\/ul>\n\n\n\n<p>Otamme vastaan my\u00f6s<\/p>\n\n\n\n<ul class=\"wp-block-list\">\n<li>Kaikenlaisia kissan- ja koiranruokia, my\u00f6s erityisruokavaliot<\/li>\n\n\n\n<li>Kissanpentujen \u00e4idinmaidonvastiketta<\/li>\n\n\n\n<li>Reseptivapaita ravintolisi\u00e4 ja el\u00e4inl\u00e4\u00e4kkeit\u00e4 (Nutriplus, Canicur, \u00f6ljylis\u00e4t, Fortekor, Enteromicro-pasta jne)<\/li>\n\n\n\n<li>Ehji\u00e4 ja k\u00e4ytt\u00f6kelpoisia kissojen ja koirien tarvikkeita (pannat, valjaat, keraamiset ja ter\u00e4ksiset ruokakupit, kiipeilypuut, kissojen pedit jne)<\/li>\n\n\n\n<li>Virkattuja pesi\u00e4 tai pipoja luonnonvaraisten el\u00e4inten hoitoon<\/li>\n<\/ul>\n\n\n\n<p><strong>HUOM!<\/strong> Olemme saaneet niin runsaasti tekstiilej\u00e4 (pyyhkeet, lakanat, peitot, tyynyt, viltit), ett\u00e4 niit\u00e4 emme ota t\u00e4ll\u00e4 hetkell\u00e4 vastaan lainkaan. Ilmoitamme kun niit\u00e4 voi j\u00e4lleen tuoda.<\/p>\n","protected":false},"excerpt":{"rendered":"<p>Otamme kiitollisena vastaan kaikenlaisia lahjoituksia el\u00e4imille. Jatkuva tarve on esimerkiksi Otamme vastaan my\u00f6s HUOM! Olemme saaneet niin runsaasti tekstiilej\u00e4 (pyyhkeet, lakanat, peitot, tyynyt, viltit), ett\u00e4 niit\u00e4 emme ota t\u00e4ll\u00e4 hetkell\u00e4 vastaan lainkaan. Ilmoitamme kun niit\u00e4 voi j\u00e4lleen tuoda.<\/p>\n","protected":false},"author":25,"featured_media":0,"parent":824,"menu_order":0,"comment_status":"closed","ping_status":"closed","template":"","meta":{"_acf_changed":false,"footnotes":""},"class_list":["post-675","page","type-page","status-publish","hentry"],"acf":[],"yoast_head":"<!-- This site is optimized with the Yoast SEO plugin v27.1.1 - https:\/\/yoast.com\/product\/yoast-seo-wordpress\/ -->\n<title>Lahjoitukset el\u00e4imille - Salon seudun el\u00e4insuojeluyhdistys<\/title>\n<meta name=\"robots\" content=\"index, follow, max-snippet:-1, max-image-preview:large, max-video-preview:-1\" \/>\n<link rel=\"canonical\" href=\"https:\/\/sey.fi\/salo\/salon-elainsuojelu\/lahjoitukset\/lahjoitukset-elaimille\/\" \/>\n<meta property=\"og:locale\" content=\"fi_FI\" \/>\n<meta property=\"og:type\" content=\"article\" \/>\n<meta property=\"og:title\" content=\"Lahjoitukset el\u00e4imille - Salon seudun el\u00e4insuojeluyhdistys\" \/>\n<meta property=\"og:description\" content=\"Otamme kiitollisena vastaan kaikenlaisia lahjoituksia el\u00e4imille. Jatkuva tarve on esimerkiksi Otamme vastaan my\u00f6s HUOM! Olemme saaneet niin runsaasti tekstiilej\u00e4 (pyyhkeet, lakanat, peitot, tyynyt, viltit), ett\u00e4 niit\u00e4 emme ota t\u00e4ll\u00e4 hetkell\u00e4 vastaan lainkaan. Ilmoitamme kun niit\u00e4 voi j\u00e4lleen tuoda.\" \/>\n<meta property=\"og:url\" content=\"https:\/\/sey.fi\/salo\/salon-elainsuojelu\/lahjoitukset\/lahjoitukset-elaimille\/\" \/>\n<meta property=\"og:site_name\" content=\"Salon seudun el\u00e4insuojeluyhdistys\" \/>\n<meta property=\"article:modified_time\" content=\"2023-05-09T11:38:37+00:00\" \/>\n<meta name=\"twitter:card\" content=\"summary_large_image\" \/>\n<meta name=\"twitter:label1\" content=\"Arvioitu lukuaika\" \/>\n\t<meta name=\"twitter:data1\" content=\"1 minuutti\" \/>\n<script type=\"application\/ld+json\" class=\"yoast-schema-graph\">{\"@context\":\"https:\/\/schema.org\",\"@graph\":[{\"@type\":\"WebPage\",\"@id\":\"https:\/\/sey.fi\/salo\/salon-elainsuojelu\/lahjoitukset\/lahjoitukset-elaimille\/\",\"url\":\"https:\/\/sey.fi\/salo\/salon-elainsuojelu\/lahjoitukset\/lahjoitukset-elaimille\/\",\"name\":\"Lahjoitukset el\u00e4imille - Salon seudun el\u00e4insuojeluyhdistys\",\"isPartOf\":{\"@id\":\"https:\/\/sey.fi\/salo\/#website\"},\"datePublished\":\"2023-05-08T11:43:18+00:00\",\"dateModified\":\"2023-05-09T11:38:37+00:00\",\"breadcrumb\":{\"@id\":\"https:\/\/sey.fi\/salo\/salon-elainsuojelu\/lahjoitukset\/lahjoitukset-elaimille\/#breadcrumb\"},\"inLanguage\":\"fi\",\"potentialAction\":[{\"@type\":\"ReadAction\",\"target\":[\"https:\/\/sey.fi\/salo\/salon-elainsuojelu\/lahjoitukset\/lahjoitukset-elaimille\/\"]}]},{\"@type\":\"BreadcrumbList\",\"@id\":\"https:\/\/sey.fi\/salo\/salon-elainsuojelu\/lahjoitukset\/lahjoitukset-elaimille\/#breadcrumb\",\"itemListElement\":[{\"@type\":\"ListItem\",\"position\":1,\"name\":\"Home\",\"item\":\"https:\/\/sey.fi\/salo\/\"},{\"@type\":\"ListItem\",\"position\":2,\"name\":\"Salon Seudun El\u00e4insuojeluyhdistys\",\"item\":\"https:\/\/sey.fi\/salo\/\"},{\"@type\":\"ListItem\",\"position\":3,\"name\":\"Lahjoitukset\",\"item\":\"https:\/\/sey.fi\/salo\/salon-elainsuojelu\/lahjoitukset\/\"},{\"@type\":\"ListItem\",\"position\":4,\"name\":\"Lahjoitukset el\u00e4imille\"}]},{\"@type\":\"WebSite\",\"@id\":\"https:\/\/sey.fi\/salo\/#website\",\"url\":\"https:\/\/sey.fi\/salo\/\",\"name\":\"Salon seudun el\u00e4insuojeluyhdistys\",\"description\":\"Uusi SEY J\u00e4senyhdistykset -sivusto\",\"potentialAction\":[{\"@type\":\"SearchAction\",\"target\":{\"@type\":\"EntryPoint\",\"urlTemplate\":\"https:\/\/sey.fi\/salo\/?s={search_term_string}\"},\"query-input\":{\"@type\":\"PropertyValueSpecification\",\"valueRequired\":true,\"valueName\":\"search_term_string\"}}],\"inLanguage\":\"fi\"}]}<\/script>\n<!-- \/ Yoast SEO plugin. -->","yoast_head_json":{"title":"Lahjoitukset el\u00e4imille - Salon seudun el\u00e4insuojeluyhdistys","robots":{"index":"index","follow":"follow","max-snippet":"max-snippet:-1","max-image-preview":"max-image-preview:large","max-video-preview":"max-video-preview:-1"},"canonical":"https:\/\/sey.fi\/salo\/salon-elainsuojelu\/lahjoitukset\/lahjoitukset-elaimille\/","og_locale":"fi_FI","og_type":"article","og_title":"Lahjoitukset el\u00e4imille - Salon seudun el\u00e4insuojeluyhdistys","og_description":"Otamme kiitollisena vastaan kaikenlaisia lahjoituksia el\u00e4imille. Jatkuva tarve on esimerkiksi Otamme vastaan my\u00f6s HUOM! Olemme saaneet niin runsaasti tekstiilej\u00e4 (pyyhkeet, lakanat, peitot, tyynyt, viltit), ett\u00e4 niit\u00e4 emme ota t\u00e4ll\u00e4 hetkell\u00e4 vastaan lainkaan. Ilmoitamme kun niit\u00e4 voi j\u00e4lleen tuoda.","og_url":"https:\/\/sey.fi\/salo\/salon-elainsuojelu\/lahjoitukset\/lahjoitukset-elaimille\/","og_site_name":"Salon seudun el\u00e4insuojeluyhdistys","article_modified_time":"2023-05-09T11:38:37+00:00","twitter_card":"summary_large_image","twitter_misc":{"Arvioitu lukuaika":"1 minuutti"},"schema":{"@context":"https:\/\/schema.org","@graph":[{"@type":"WebPage","@id":"https:\/\/sey.fi\/salo\/salon-elainsuojelu\/lahjoitukset\/lahjoitukset-elaimille\/","url":"https:\/\/sey.fi\/salo\/salon-elainsuojelu\/lahjoitukset\/lahjoitukset-elaimille\/","name":"Lahjoitukset el\u00e4imille - Salon seudun el\u00e4insuojeluyhdistys","isPartOf":{"@id":"https:\/\/sey.fi\/salo\/#website"},"datePublished":"2023-05-08T11:43:18+00:00","dateModified":"2023-05-09T11:38:37+00:00","breadcrumb":{"@id":"https:\/\/sey.fi\/salo\/salon-elainsuojelu\/lahjoitukset\/lahjoitukset-elaimille\/#breadcrumb"},"inLanguage":"fi","potentialAction":[{"@type":"ReadAction","target":["https:\/\/sey.fi\/salo\/salon-elainsuojelu\/lahjoitukset\/lahjoitukset-elaimille\/"]}]},{"@type":"BreadcrumbList","@id":"https:\/\/sey.fi\/salo\/salon-elainsuojelu\/lahjoitukset\/lahjoitukset-elaimille\/#breadcrumb","itemListElement":[{"@type":"ListItem","position":1,"name":"Home","item":"https:\/\/sey.fi\/salo\/"},{"@type":"ListItem","position":2,"name":"Salon Seudun El\u00e4insuojeluyhdistys","item":"https:\/\/sey.fi\/salo\/"},{"@type":"ListItem","position":3,"name":"Lahjoitukset","item":"https:\/\/sey.fi\/salo\/salon-elainsuojelu\/lahjoitukset\/"},{"@type":"ListItem","position":4,"name":"Lahjoitukset el\u00e4imille"}]},{"@type":"WebSite","@id":"https:\/\/sey.fi\/salo\/#website","url":"https:\/\/sey.fi\/salo\/","name":"Salon seudun el\u00e4insuojeluyhdistys","description":"Uusi SEY J\u00e4senyhdistykset -sivusto","potentialAction":[{"@type":"SearchAction","target":{"@type":"EntryPoint","urlTemplate":"https:\/\/sey.fi\/salo\/?s={search_term_string}"},"query-input":{"@type":"PropertyValueSpecification","valueRequired":true,"valueName":"search_term_string"}}],"inLanguage":"fi"}]}},"_links":{"self":[{"href":"https:\/\/sey.fi\/salo\/wp-json\/wp\/v2\/pages\/675","targetHints":{"allow":["GET"]}}],"collection":[{"href":"https:\/\/sey.fi\/salo\/wp-json\/wp\/v2\/pages"}],"about":[{"href":"https:\/\/sey.fi\/salo\/wp-json\/wp\/v2\/types\/page"}],"author":[{"embeddable":true,"href":"https:\/\/sey.fi\/salo\/wp-json\/wp\/v2\/users\/25"}],"replies":[{"embeddable":true,"href":"https:\/\/sey.fi\/salo\/wp-json\/wp\/v2\/comments?post=675"}],"version-history":[{"count":1,"href":"https:\/\/sey.fi\/salo\/wp-json\/wp\/v2\/pages\/675\/revisions"}],"predecessor-version":[{"id":676,"href":"https:\/\/sey.fi\/salo\/wp-json\/wp\/v2\/pages\/675\/revisions\/676"}],"up":[{"embeddable":true,"href":"https:\/\/sey.fi\/salo\/wp-json\/wp\/v2\/pages\/824"}],"wp:attachment":[{"href":"https:\/\/sey.fi\/salo\/wp-json\/wp\/v2\/media?parent=675"}],"curies":[{"name":"wp","href":"https:\/\/api.w.org\/{rel}","templated":true}]}}