{"id":706,"date":"2023-05-08T16:23:40","date_gmt":"2023-05-08T13:23:40","guid":{"rendered":"https:\/\/sey.fi\/salo\/?page_id=706"},"modified":"2023-05-09T12:25:11","modified_gmt":"2023-05-09T09:25:11","slug":"elainhoitolat","status":"publish","type":"page","link":"https:\/\/sey.fi\/salo\/salon-elainsuojelu\/yhteystiedot\/elainhoitolat\/","title":{"rendered":"El\u00e4inhoitolat"},"content":{"rendered":"\n<p>Toisinaan matkalle l\u00e4htiess\u00e4 voi tulla tarve el\u00e4inhoitolalle. Salon alueella niit\u00e4 on t\u00e4ll\u00e4 hetkell\u00e4 kolme.<\/p>\n\n\n\n<p><strong><a href=\"http:\/\/www.koirahoitolaaaltonen.net\/\" target=\"_blank\" rel=\"noreferrer noopener\">Koira- ja kissahoitola Aaltonen<\/a><\/strong><br>Kokkilantie 692, 25230 Angelniemi<br>puh. 02 736 7225<br>Paula: 040 518 3860<br>Jarmo: 0400 858 103<\/p>\n\n\n\n<p><a href=\"https:\/\/www.mukavakoirahotelli.com\/\" target=\"_blank\" rel=\"noreferrer noopener\"><strong>Mortinm\u00e4en Mukava Koirahotelli<\/strong><\/a><br>Heikkil\u00e4ntie 347, 25500 Perni\u00f6<br>puh. 045 850 7006<\/p>\n\n\n\n<p><strong><a href=\"https:\/\/www.facebook.com\/lemmikkiparkki\/\" target=\"_blank\" rel=\"noreferrer noopener\">Savikulman Lemmikkiparkki<\/a><\/strong><br>Savikulmantie 181, 25500 Perni\u00f6<br>puh. 045 183 3983<\/p>\n","protected":false},"excerpt":{"rendered":"<p>Toisinaan matkalle l\u00e4htiess\u00e4 voi tulla tarve el\u00e4inhoitolalle. Salon alueella niit\u00e4 on t\u00e4ll\u00e4 hetkell\u00e4 kolme. Koira- ja kissahoitola AaltonenKokkilantie 692, 25230 Angelniemipuh. 02 736 7225Paula: 040 518 3860Jarmo: 0400 858 103 Mortinm\u00e4en Mukava KoirahotelliHeikkil\u00e4ntie 347, 25500 Perni\u00f6puh. 045 850 7006 Savikulman LemmikkiparkkiSavikulmantie 181, 25500 Perni\u00f6puh. 045 183 3983<\/p>\n","protected":false},"author":25,"featured_media":0,"parent":679,"menu_order":0,"comment_status":"closed","ping_status":"closed","template":"","meta":{"_acf_changed":false,"footnotes":""},"class_list":["post-706","page","type-page","status-publish","hentry"],"acf":[],"yoast_head":"<!-- This site is optimized with the Yoast SEO plugin v27.1.1 - https:\/\/yoast.com\/product\/yoast-seo-wordpress\/ -->\n<title>El\u00e4inhoitolat - Salon seudun el\u00e4insuojeluyhdistys<\/title>\n<meta name=\"robots\" content=\"index, follow, max-snippet:-1, max-image-preview:large, max-video-preview:-1\" \/>\n<link rel=\"canonical\" href=\"https:\/\/sey.fi\/salo\/salon-elainsuojelu\/yhteystiedot\/elainhoitolat\/\" \/>\n<meta property=\"og:locale\" content=\"fi_FI\" \/>\n<meta property=\"og:type\" content=\"article\" \/>\n<meta property=\"og:title\" content=\"El\u00e4inhoitolat - Salon seudun el\u00e4insuojeluyhdistys\" \/>\n<meta property=\"og:description\" content=\"Toisinaan matkalle l\u00e4htiess\u00e4 voi tulla tarve el\u00e4inhoitolalle. Salon alueella niit\u00e4 on t\u00e4ll\u00e4 hetkell\u00e4 kolme. Koira- ja kissahoitola AaltonenKokkilantie 692, 25230 Angelniemipuh. 02 736 7225Paula: 040 518 3860Jarmo: 0400 858 103 Mortinm\u00e4en Mukava KoirahotelliHeikkil\u00e4ntie 347, 25500 Perni\u00f6puh. 045 850 7006 Savikulman LemmikkiparkkiSavikulmantie 181, 25500 Perni\u00f6puh. 045 183 3983\" \/>\n<meta property=\"og:url\" content=\"https:\/\/sey.fi\/salo\/salon-elainsuojelu\/yhteystiedot\/elainhoitolat\/\" \/>\n<meta property=\"og:site_name\" content=\"Salon seudun el\u00e4insuojeluyhdistys\" \/>\n<meta property=\"article:modified_time\" content=\"2023-05-09T09:25:11+00:00\" \/>\n<meta name=\"twitter:card\" content=\"summary_large_image\" \/>\n<meta name=\"twitter:label1\" content=\"Arvioitu lukuaika\" \/>\n\t<meta name=\"twitter:data1\" content=\"1 minuutti\" \/>\n<script type=\"application\/ld+json\" class=\"yoast-schema-graph\">{\"@context\":\"https:\/\/schema.org\",\"@graph\":[{\"@type\":\"WebPage\",\"@id\":\"https:\/\/sey.fi\/salo\/salon-elainsuojelu\/yhteystiedot\/elainhoitolat\/\",\"url\":\"https:\/\/sey.fi\/salo\/salon-elainsuojelu\/yhteystiedot\/elainhoitolat\/\",\"name\":\"El\u00e4inhoitolat - Salon seudun el\u00e4insuojeluyhdistys\",\"isPartOf\":{\"@id\":\"https:\/\/sey.fi\/salo\/#website\"},\"datePublished\":\"2023-05-08T13:23:40+00:00\",\"dateModified\":\"2023-05-09T09:25:11+00:00\",\"breadcrumb\":{\"@id\":\"https:\/\/sey.fi\/salo\/salon-elainsuojelu\/yhteystiedot\/elainhoitolat\/#breadcrumb\"},\"inLanguage\":\"fi\",\"potentialAction\":[{\"@type\":\"ReadAction\",\"target\":[\"https:\/\/sey.fi\/salo\/salon-elainsuojelu\/yhteystiedot\/elainhoitolat\/\"]}]},{\"@type\":\"BreadcrumbList\",\"@id\":\"https:\/\/sey.fi\/salo\/salon-elainsuojelu\/yhteystiedot\/elainhoitolat\/#breadcrumb\",\"itemListElement\":[{\"@type\":\"ListItem\",\"position\":1,\"name\":\"Home\",\"item\":\"https:\/\/sey.fi\/salo\/\"},{\"@type\":\"ListItem\",\"position\":2,\"name\":\"Salon Seudun El\u00e4insuojeluyhdistys\",\"item\":\"https:\/\/sey.fi\/salo\/\"},{\"@type\":\"ListItem\",\"position\":3,\"name\":\"Yhteystiedot\",\"item\":\"https:\/\/sey.fi\/salo\/salon-elainsuojelu\/yhteystiedot\/\"},{\"@type\":\"ListItem\",\"position\":4,\"name\":\"El\u00e4inhoitolat\"}]},{\"@type\":\"WebSite\",\"@id\":\"https:\/\/sey.fi\/salo\/#website\",\"url\":\"https:\/\/sey.fi\/salo\/\",\"name\":\"Salon seudun el\u00e4insuojeluyhdistys\",\"description\":\"Uusi SEY J\u00e4senyhdistykset -sivusto\",\"potentialAction\":[{\"@type\":\"SearchAction\",\"target\":{\"@type\":\"EntryPoint\",\"urlTemplate\":\"https:\/\/sey.fi\/salo\/?s={search_term_string}\"},\"query-input\":{\"@type\":\"PropertyValueSpecification\",\"valueRequired\":true,\"valueName\":\"search_term_string\"}}],\"inLanguage\":\"fi\"}]}<\/script>\n<!-- \/ Yoast SEO plugin. -->","yoast_head_json":{"title":"El\u00e4inhoitolat - Salon seudun el\u00e4insuojeluyhdistys","robots":{"index":"index","follow":"follow","max-snippet":"max-snippet:-1","max-image-preview":"max-image-preview:large","max-video-preview":"max-video-preview:-1"},"canonical":"https:\/\/sey.fi\/salo\/salon-elainsuojelu\/yhteystiedot\/elainhoitolat\/","og_locale":"fi_FI","og_type":"article","og_title":"El\u00e4inhoitolat - Salon seudun el\u00e4insuojeluyhdistys","og_description":"Toisinaan matkalle l\u00e4htiess\u00e4 voi tulla tarve el\u00e4inhoitolalle. Salon alueella niit\u00e4 on t\u00e4ll\u00e4 hetkell\u00e4 kolme. Koira- ja kissahoitola AaltonenKokkilantie 692, 25230 Angelniemipuh. 02 736 7225Paula: 040 518 3860Jarmo: 0400 858 103 Mortinm\u00e4en Mukava KoirahotelliHeikkil\u00e4ntie 347, 25500 Perni\u00f6puh. 045 850 7006 Savikulman LemmikkiparkkiSavikulmantie 181, 25500 Perni\u00f6puh. 045 183 3983","og_url":"https:\/\/sey.fi\/salo\/salon-elainsuojelu\/yhteystiedot\/elainhoitolat\/","og_site_name":"Salon seudun el\u00e4insuojeluyhdistys","article_modified_time":"2023-05-09T09:25:11+00:00","twitter_card":"summary_large_image","twitter_misc":{"Arvioitu lukuaika":"1 minuutti"},"schema":{"@context":"https:\/\/schema.org","@graph":[{"@type":"WebPage","@id":"https:\/\/sey.fi\/salo\/salon-elainsuojelu\/yhteystiedot\/elainhoitolat\/","url":"https:\/\/sey.fi\/salo\/salon-elainsuojelu\/yhteystiedot\/elainhoitolat\/","name":"El\u00e4inhoitolat - Salon seudun el\u00e4insuojeluyhdistys","isPartOf":{"@id":"https:\/\/sey.fi\/salo\/#website"},"datePublished":"2023-05-08T13:23:40+00:00","dateModified":"2023-05-09T09:25:11+00:00","breadcrumb":{"@id":"https:\/\/sey.fi\/salo\/salon-elainsuojelu\/yhteystiedot\/elainhoitolat\/#breadcrumb"},"inLanguage":"fi","potentialAction":[{"@type":"ReadAction","target":["https:\/\/sey.fi\/salo\/salon-elainsuojelu\/yhteystiedot\/elainhoitolat\/"]}]},{"@type":"BreadcrumbList","@id":"https:\/\/sey.fi\/salo\/salon-elainsuojelu\/yhteystiedot\/elainhoitolat\/#breadcrumb","itemListElement":[{"@type":"ListItem","position":1,"name":"Home","item":"https:\/\/sey.fi\/salo\/"},{"@type":"ListItem","position":2,"name":"Salon Seudun El\u00e4insuojeluyhdistys","item":"https:\/\/sey.fi\/salo\/"},{"@type":"ListItem","position":3,"name":"Yhteystiedot","item":"https:\/\/sey.fi\/salo\/salon-elainsuojelu\/yhteystiedot\/"},{"@type":"ListItem","position":4,"name":"El\u00e4inhoitolat"}]},{"@type":"WebSite","@id":"https:\/\/sey.fi\/salo\/#website","url":"https:\/\/sey.fi\/salo\/","name":"Salon seudun el\u00e4insuojeluyhdistys","description":"Uusi SEY J\u00e4senyhdistykset -sivusto","potentialAction":[{"@type":"SearchAction","target":{"@type":"EntryPoint","urlTemplate":"https:\/\/sey.fi\/salo\/?s={search_term_string}"},"query-input":{"@type":"PropertyValueSpecification","valueRequired":true,"valueName":"search_term_string"}}],"inLanguage":"fi"}]}},"_links":{"self":[{"href":"https:\/\/sey.fi\/salo\/wp-json\/wp\/v2\/pages\/706","targetHints":{"allow":["GET"]}}],"collection":[{"href":"https:\/\/sey.fi\/salo\/wp-json\/wp\/v2\/pages"}],"about":[{"href":"https:\/\/sey.fi\/salo\/wp-json\/wp\/v2\/types\/page"}],"author":[{"embeddable":true,"href":"https:\/\/sey.fi\/salo\/wp-json\/wp\/v2\/users\/25"}],"replies":[{"embeddable":true,"href":"https:\/\/sey.fi\/salo\/wp-json\/wp\/v2\/comments?post=706"}],"version-history":[{"count":1,"href":"https:\/\/sey.fi\/salo\/wp-json\/wp\/v2\/pages\/706\/revisions"}],"predecessor-version":[{"id":707,"href":"https:\/\/sey.fi\/salo\/wp-json\/wp\/v2\/pages\/706\/revisions\/707"}],"up":[{"embeddable":true,"href":"https:\/\/sey.fi\/salo\/wp-json\/wp\/v2\/pages\/679"}],"wp:attachment":[{"href":"https:\/\/sey.fi\/salo\/wp-json\/wp\/v2\/media?parent=706"}],"curies":[{"name":"wp","href":"https:\/\/api.w.org\/{rel}","templated":true}]}}