{"id":16,"date":"2019-11-18T15:39:46","date_gmt":"2019-11-18T13:39:46","guid":{"rendered":"http:\/\/srvr10.xetpoint.com\/~seyfi\/satakunta\/?page_id=16"},"modified":"2026-04-14T12:47:20","modified_gmt":"2026-04-14T09:47:20","slug":"tapahtumakalenteri","status":"publish","type":"page","link":"https:\/\/sey.fi\/satakunta\/satakunnan-elainsuojelu\/tapahtumakalenteri\/","title":{"rendered":"TAPAHTUMAKALENTERI"},"content":{"rendered":"<div class=\"wp-block-image\">\n<figure class=\"aligncenter size-large is-resized\"><img loading=\"lazy\" decoding=\"async\" width=\"1024\" height=\"1020\" src=\"https:\/\/sey.fi\/wp-content\/uploads\/sites\/29\/2025\/12\/SEY-logo-Satesy-1024x1020.png\" alt=\"\" class=\"wp-image-6817\" style=\"width:258px;height:auto\" srcset=\"https:\/\/sey.fi\/wp-content\/uploads\/sites\/29\/2025\/12\/SEY-logo-Satesy-1024x1020.png 1024w, https:\/\/sey.fi\/wp-content\/uploads\/sites\/29\/2025\/12\/SEY-logo-Satesy-300x300.png 300w, https:\/\/sey.fi\/wp-content\/uploads\/sites\/29\/2025\/12\/SEY-logo-Satesy-150x150.png 150w, https:\/\/sey.fi\/wp-content\/uploads\/sites\/29\/2025\/12\/SEY-logo-Satesy-768x765.png 768w, https:\/\/sey.fi\/wp-content\/uploads\/sites\/29\/2025\/12\/SEY-logo-Satesy-1536x1529.png 1536w, https:\/\/sey.fi\/wp-content\/uploads\/sites\/29\/2025\/12\/SEY-logo-Satesy-2048x2039.png 2048w, https:\/\/sey.fi\/wp-content\/uploads\/sites\/29\/2025\/12\/SEY-logo-Satesy-160x160.png 160w\" sizes=\"auto, (max-width: 1024px) 100vw, 1024px\" \/><\/figure><\/div>\n\n\n<p style=\"font-size:29px\"><em><strong> <\/strong><\/em><\/p>\n\n\n\n<figure class=\"wp-block-image size-large\"><img loading=\"lazy\" decoding=\"async\" width=\"724\" height=\"1024\" src=\"https:\/\/sey.fi\/wp-content\/uploads\/sites\/29\/2026\/03\/Avoimet-ovet-3-ja-4-724x1024.jpg\" alt=\"\" class=\"wp-image-7042\" srcset=\"https:\/\/sey.fi\/wp-content\/uploads\/sites\/29\/2026\/03\/Avoimet-ovet-3-ja-4-724x1024.jpg 724w, https:\/\/sey.fi\/wp-content\/uploads\/sites\/29\/2026\/03\/Avoimet-ovet-3-ja-4-212x300.jpg 212w, https:\/\/sey.fi\/wp-content\/uploads\/sites\/29\/2026\/03\/Avoimet-ovet-3-ja-4-768x1086.jpg 768w, https:\/\/sey.fi\/wp-content\/uploads\/sites\/29\/2026\/03\/Avoimet-ovet-3-ja-4-1086x1536.jpg 1086w, https:\/\/sey.fi\/wp-content\/uploads\/sites\/29\/2026\/03\/Avoimet-ovet-3-ja-4.jpg 1131w\" sizes=\"auto, (max-width: 724px) 100vw, 724px\" \/><\/figure>\n\n\n\n<p><\/p>\n\n\n\n<p style=\"font-size:29px\"><strong>SATAKUNNAN EL\u00c4INSUOJELUYHDISTYS RY<\/strong><\/p>\n\n\n\n<p style=\"font-size:56px\"><strong>AVOIMET OVET  ke 22.4.-26<\/strong><\/p>\n\n\n\n<p style=\"font-size:48px\"><strong>KLO 17.00 -19.00<\/strong><\/p>\n\n\n\n<p class=\"has-large-font-size\"><strong>Tervetuloa avoimiin oviin &amp; el\u00e4intarvikekirppikselle!<\/strong><\/p>\n\n\n\n<p style=\"font-size:29px\"><strong> Satakunnankatu 32, Pori.<\/strong><em><strong> <\/strong><\/em><\/p>\n\n\n\n<p style=\"font-size:51px\"><em><strong>                                                                                                                                                                                                                           <\/strong><\/em><strong>Myynniss\u00e4  KANNATUSTUOTTEITA<\/strong><\/p>\n\n\n\n<p style=\"font-size:44px\"><strong>AIKA RIPUSTAA LINNUNP\u00d6NT\u00d6T <\/strong><\/p>\n\n\n\n<p style=\"font-size:45px\"><em>Pieni p\u00f6ntt\u00f6 10 \u20ac  ja iso p\u00f6ntt\u00f6 30 \u20ac<\/em><\/p>\n\n\n\n<figure class=\"wp-block-image size-full\"><img loading=\"lazy\" decoding=\"async\" width=\"639\" height=\"640\" src=\"https:\/\/sey.fi\/wp-content\/uploads\/sites\/29\/2026\/03\/Telkanpontto-30-1.jpg\" alt=\"\" class=\"wp-image-7047\" srcset=\"https:\/\/sey.fi\/wp-content\/uploads\/sites\/29\/2026\/03\/Telkanpontto-30-1.jpg 639w, https:\/\/sey.fi\/wp-content\/uploads\/sites\/29\/2026\/03\/Telkanpontto-30-1-300x300.jpg 300w, https:\/\/sey.fi\/wp-content\/uploads\/sites\/29\/2026\/03\/Telkanpontto-30-1-150x150.jpg 150w, https:\/\/sey.fi\/wp-content\/uploads\/sites\/29\/2026\/03\/Telkanpontto-30-1-160x160.jpg 160w\" sizes=\"auto, (max-width: 639px) 100vw, 639px\" \/><\/figure>\n\n\n\n<p><\/p>\n\n\n\n<figure class=\"wp-block-image size-full\"><img loading=\"lazy\" decoding=\"async\" width=\"445\" height=\"640\" src=\"https:\/\/sey.fi\/wp-content\/uploads\/sites\/29\/2026\/03\/Pieni-pontto-10.jpg\" alt=\"\" class=\"wp-image-7048\" srcset=\"https:\/\/sey.fi\/wp-content\/uploads\/sites\/29\/2026\/03\/Pieni-pontto-10.jpg 445w, https:\/\/sey.fi\/wp-content\/uploads\/sites\/29\/2026\/03\/Pieni-pontto-10-209x300.jpg 209w\" sizes=\"auto, (max-width: 445px) 100vw, 445px\" \/><\/figure>\n\n\n\n<p><\/p>\n\n\n\n<figure class=\"wp-block-image size-large\"><img loading=\"lazy\" decoding=\"async\" width=\"893\" height=\"1024\" src=\"https:\/\/sey.fi\/wp-content\/uploads\/sites\/29\/2025\/12\/Kannatustuotteita-893x1024.jpg\" alt=\"\" class=\"wp-image-6821\" srcset=\"https:\/\/sey.fi\/wp-content\/uploads\/sites\/29\/2025\/12\/Kannatustuotteita-893x1024.jpg 893w, https:\/\/sey.fi\/wp-content\/uploads\/sites\/29\/2025\/12\/Kannatustuotteita-262x300.jpg 262w, https:\/\/sey.fi\/wp-content\/uploads\/sites\/29\/2025\/12\/Kannatustuotteita-768x881.jpg 768w, https:\/\/sey.fi\/wp-content\/uploads\/sites\/29\/2025\/12\/Kannatustuotteita-1340x1536.jpg 1340w, https:\/\/sey.fi\/wp-content\/uploads\/sites\/29\/2025\/12\/Kannatustuotteita.jpg 1786w\" sizes=\"auto, (max-width: 893px) 100vw, 893px\" \/><figcaption class=\"wp-element-caption\"><strong>Nuuskumattoja, koiranleluja, kissanminttuleluja ym.<\/strong><\/figcaption><\/figure>\n\n\n\n<figure class=\"wp-block-image size-full\"><img loading=\"lazy\" decoding=\"async\" width=\"683\" height=\"1024\" src=\"https:\/\/sey.fi\/wp-content\/uploads\/sites\/29\/2025\/12\/Tuolin-suojus-kissalle-koiralle.jpeg\" alt=\"\" class=\"wp-image-6822\" srcset=\"https:\/\/sey.fi\/wp-content\/uploads\/sites\/29\/2025\/12\/Tuolin-suojus-kissalle-koiralle.jpeg 683w, https:\/\/sey.fi\/wp-content\/uploads\/sites\/29\/2025\/12\/Tuolin-suojus-kissalle-koiralle-200x300.jpeg 200w\" sizes=\"auto, (max-width: 683px) 100vw, 683px\" \/><figcaption class=\"wp-element-caption\">Tuolin-ja sohvansuojus kissalle ja pienelle koiralle <\/figcaption><\/figure>\n\n\n\n<p style=\"font-size:36px\"><strong>Luvassa:<br>\u2013 Koirille hihnoja, pantoja ja valjaita<br>\u2013 Jyrsij\u00f6ille tarvikkeita<br>\u2013 Kissoille kissanminttuleluja<br>\u2013 Ja paljon muuta el\u00e4imellist\u00e4!&nbsp;<\/strong><\/p>\n\n\n\n<p style=\"font-size:28px\"><strong>Ei lemmikki\u00e4? Ei haittaa \u2013 tarjolla my\u00f6s ihania magneetteja ja avaimenperi\u00e4, joilla tuet el\u00e4inten auttamista<\/strong>.&nbsp;<\/p>\n\n\n\n<p style=\"font-size:28px\"><strong>Voit my\u00f6s tuoda lahjoitustarvikkeita tai ruokaa paikan p\u00e4\u00e4lle.<\/strong>                                                          <strong>Kaikki tuotot tukevat el\u00e4insuojeluty\u00f6t\u00e4mme \u2013 tule tutustumaan toimintaan, tekij\u00f6ihin ja tekem\u00e4\u00e4n l\u00f6yt\u00f6j\u00e4!<\/strong><\/p>\n\n\n\n<p class=\"has-large-font-size\"><em>EI JATKUVAA P\u00c4IVYSTYST\u00c4.<\/em><\/p>\n\n\n\n<p style=\"font-size:33px\"><em><strong>Saatavilla on Royal Canin erikoiskoiranruokia tarvitseville &#8211;                                                                                                                           ota n\u00e4it\u00e4 varten  yhteytt\u00e4 numeroon 0400126190<\/strong>\/<strong>Heidi<\/strong><\/em>   <strong>(<em>saatu lahjoituksena<\/em> <em>erilaisia Urinary, Renal, Hepatic, Hypoallergenic ym.)<\/em><\/strong><\/p>\n\n\n\n<hr class=\"wp-block-separator has-alpha-channel-opacity\" \/>\n\n\n\n<p class=\"has-large-font-size\"><strong>Kaikkea kirppis tavaraa koirille sek\u00e4 my\u00f6s v\u00e4h\u00e4n jyrsij\u00f6ille. <\/strong><\/p>\n\n\n\n<p style=\"font-size:30px\"><strong>SATAKUNNANKATU 32. <\/strong> <strong>28130 PORI<\/strong><\/p>\n\n\n\n<p style=\"font-size:33px\">AVOIMET OVET P\u00c4IV\u00c4N\u00c4 OTAMME VASTAAN RUOKALAHJOITUKSIA ym. LEMMIKKIEL\u00c4IMILLE.<\/p>\n\n\n\n<p style=\"font-size:33px\">ERITYISESTI KISSANPENNUILLE,  MY\u00d6S KISSANHIEKKA TERVETULLUTTA.<\/p>\n\n\n\n<p style=\"font-size:30px\"><strong>Materiaali ym. lahjoituksista ota yhteytt\u00e4 nro: 026333180<\/strong><\/p>\n\n\n\n<p style=\"font-size:39px\"><strong>X X X X X X X X X X X X X X X X X X X X X X X X <\/strong><\/p>\n\n\n\n<p><\/p>\n\n\n\n<p class=\"has-large-font-size\"><\/p>\n\n\n\n<p><\/p>\n\n\n\n<p style=\"font-size:26px\"><\/p>\n","protected":false},"excerpt":{"rendered":"<p>SATAKUNNAN EL\u00c4INSUOJELUYHDISTYS RY AVOIMET OVET ke 22.4.-26 KLO 17.00 -19.00 Tervetuloa avoimiin oviin &amp; el\u00e4intarvikekirppikselle! Satakunnankatu 32, Pori. Myynniss\u00e4 KANNATUSTUOTTEITA AIKA RIPUSTAA LINNUNP\u00d6NT\u00d6T Pieni p\u00f6ntt\u00f6 10 \u20ac ja iso p\u00f6ntt\u00f6 30 \u20ac Luvassa:\u2013 Koirille hihnoja, pantoja ja valjaita\u2013 Jyrsij\u00f6ille tarvikkeita\u2013 Kissoille kissanminttuleluja\u2013 Ja paljon muuta el\u00e4imellist\u00e4!&nbsp; Ei lemmikki\u00e4? Ei haittaa \u2013 tarjolla my\u00f6s ihania magneetteja [&hellip;]<\/p>\n","protected":false},"author":8,"featured_media":0,"parent":2,"menu_order":0,"comment_status":"closed","ping_status":"closed","template":"","meta":{"_acf_changed":false,"footnotes":""},"class_list":["post-16","page","type-page","status-publish","hentry"],"acf":[],"yoast_head":"<!-- This site is optimized with the Yoast SEO plugin v27.1.1 - https:\/\/yoast.com\/product\/yoast-seo-wordpress\/ -->\n<title>TAPAHTUMAKALENTERI - Satakunnan el\u00e4insuojeluyhdistys<\/title>\n<meta name=\"robots\" content=\"index, follow, max-snippet:-1, max-image-preview:large, max-video-preview:-1\" \/>\n<link rel=\"canonical\" href=\"https:\/\/sey.fi\/satakunta\/satakunnan-elainsuojelu\/tapahtumakalenteri\/\" \/>\n<meta property=\"og:locale\" content=\"fi_FI\" \/>\n<meta property=\"og:type\" content=\"article\" \/>\n<meta property=\"og:title\" content=\"TAPAHTUMAKALENTERI - Satakunnan el\u00e4insuojeluyhdistys\" \/>\n<meta property=\"og:description\" content=\"SATAKUNNAN EL\u00c4INSUOJELUYHDISTYS RY AVOIMET OVET ke 22.4.-26 KLO 17.00 -19.00 Tervetuloa avoimiin oviin &amp; el\u00e4intarvikekirppikselle! Satakunnankatu 32, Pori. Myynniss\u00e4 KANNATUSTUOTTEITA AIKA RIPUSTAA LINNUNP\u00d6NT\u00d6T Pieni p\u00f6ntt\u00f6 10 \u20ac ja iso p\u00f6ntt\u00f6 30 \u20ac Luvassa:\u2013 Koirille hihnoja, pantoja ja valjaita\u2013 Jyrsij\u00f6ille tarvikkeita\u2013 Kissoille kissanminttuleluja\u2013 Ja paljon muuta el\u00e4imellist\u00e4!&nbsp; Ei lemmikki\u00e4? Ei haittaa \u2013 tarjolla my\u00f6s ihania magneetteja [&hellip;]\" \/>\n<meta property=\"og:url\" content=\"https:\/\/sey.fi\/satakunta\/satakunnan-elainsuojelu\/tapahtumakalenteri\/\" \/>\n<meta property=\"og:site_name\" content=\"Satakunnan el\u00e4insuojeluyhdistys\" \/>\n<meta property=\"article:modified_time\" content=\"2026-04-14T09:47:20+00:00\" \/>\n<meta property=\"og:image\" content=\"https:\/\/sey.fi\/wp-content\/uploads\/sites\/29\/2025\/12\/SEY-logo-Satesy-scaled.png\" \/>\n\t<meta property=\"og:image:width\" content=\"2560\" \/>\n\t<meta property=\"og:image:height\" content=\"2549\" \/>\n\t<meta property=\"og:image:type\" content=\"image\/png\" \/>\n<meta name=\"twitter:card\" content=\"summary_large_image\" \/>\n<meta name=\"twitter:label1\" content=\"Arvioitu lukuaika\" \/>\n\t<meta name=\"twitter:data1\" content=\"3 minuuttia\" \/>\n<script type=\"application\/ld+json\" class=\"yoast-schema-graph\">{\"@context\":\"https:\/\/schema.org\",\"@graph\":[{\"@type\":\"WebPage\",\"@id\":\"https:\/\/sey.fi\/satakunta\/satakunnan-elainsuojelu\/tapahtumakalenteri\/\",\"url\":\"https:\/\/sey.fi\/satakunta\/satakunnan-elainsuojelu\/tapahtumakalenteri\/\",\"name\":\"TAPAHTUMAKALENTERI - Satakunnan el\u00e4insuojeluyhdistys\",\"isPartOf\":{\"@id\":\"https:\/\/sey.fi\/satakunta\/#website\"},\"primaryImageOfPage\":{\"@id\":\"https:\/\/sey.fi\/satakunta\/satakunnan-elainsuojelu\/tapahtumakalenteri\/#primaryimage\"},\"image\":{\"@id\":\"https:\/\/sey.fi\/satakunta\/satakunnan-elainsuojelu\/tapahtumakalenteri\/#primaryimage\"},\"thumbnailUrl\":\"https:\/\/sey.fi\/wp-content\/uploads\/sites\/29\/2025\/12\/SEY-logo-Satesy-1024x1020.png\",\"datePublished\":\"2019-11-18T13:39:46+00:00\",\"dateModified\":\"2026-04-14T09:47:20+00:00\",\"breadcrumb\":{\"@id\":\"https:\/\/sey.fi\/satakunta\/satakunnan-elainsuojelu\/tapahtumakalenteri\/#breadcrumb\"},\"inLanguage\":\"fi\",\"potentialAction\":[{\"@type\":\"ReadAction\",\"target\":[\"https:\/\/sey.fi\/satakunta\/satakunnan-elainsuojelu\/tapahtumakalenteri\/\"]}]},{\"@type\":\"ImageObject\",\"inLanguage\":\"fi\",\"@id\":\"https:\/\/sey.fi\/satakunta\/satakunnan-elainsuojelu\/tapahtumakalenteri\/#primaryimage\",\"url\":\"https:\/\/sey.fi\/wp-content\/uploads\/sites\/29\/2025\/12\/SEY-logo-Satesy-1024x1020.png\",\"contentUrl\":\"https:\/\/sey.fi\/wp-content\/uploads\/sites\/29\/2025\/12\/SEY-logo-Satesy-1024x1020.png\"},{\"@type\":\"BreadcrumbList\",\"@id\":\"https:\/\/sey.fi\/satakunta\/satakunnan-elainsuojelu\/tapahtumakalenteri\/#breadcrumb\",\"itemListElement\":[{\"@type\":\"ListItem\",\"position\":1,\"name\":\"Home\",\"item\":\"https:\/\/sey.fi\/satakunta\/\"},{\"@type\":\"ListItem\",\"position\":2,\"name\":\"Satakunnan el\u00e4insuojeluyhdistys\",\"item\":\"https:\/\/sey.fi\/satakunta\/\"},{\"@type\":\"ListItem\",\"position\":3,\"name\":\"TAPAHTUMAKALENTERI\"}]},{\"@type\":\"WebSite\",\"@id\":\"https:\/\/sey.fi\/satakunta\/#website\",\"url\":\"https:\/\/sey.fi\/satakunta\/\",\"name\":\"Satakunnan el\u00e4insuojeluyhdistys\",\"description\":\"Uusi SEY J\u00e4senyhdistykset -sivusto\",\"potentialAction\":[{\"@type\":\"SearchAction\",\"target\":{\"@type\":\"EntryPoint\",\"urlTemplate\":\"https:\/\/sey.fi\/satakunta\/?s={search_term_string}\"},\"query-input\":{\"@type\":\"PropertyValueSpecification\",\"valueRequired\":true,\"valueName\":\"search_term_string\"}}],\"inLanguage\":\"fi\"}]}<\/script>\n<!-- \/ Yoast SEO plugin. -->","yoast_head_json":{"title":"TAPAHTUMAKALENTERI - Satakunnan el\u00e4insuojeluyhdistys","robots":{"index":"index","follow":"follow","max-snippet":"max-snippet:-1","max-image-preview":"max-image-preview:large","max-video-preview":"max-video-preview:-1"},"canonical":"https:\/\/sey.fi\/satakunta\/satakunnan-elainsuojelu\/tapahtumakalenteri\/","og_locale":"fi_FI","og_type":"article","og_title":"TAPAHTUMAKALENTERI - Satakunnan el\u00e4insuojeluyhdistys","og_description":"SATAKUNNAN EL\u00c4INSUOJELUYHDISTYS RY AVOIMET OVET ke 22.4.-26 KLO 17.00 -19.00 Tervetuloa avoimiin oviin &amp; el\u00e4intarvikekirppikselle! Satakunnankatu 32, Pori. Myynniss\u00e4 KANNATUSTUOTTEITA AIKA RIPUSTAA LINNUNP\u00d6NT\u00d6T Pieni p\u00f6ntt\u00f6 10 \u20ac ja iso p\u00f6ntt\u00f6 30 \u20ac Luvassa:\u2013 Koirille hihnoja, pantoja ja valjaita\u2013 Jyrsij\u00f6ille tarvikkeita\u2013 Kissoille kissanminttuleluja\u2013 Ja paljon muuta el\u00e4imellist\u00e4!&nbsp; Ei lemmikki\u00e4? Ei haittaa \u2013 tarjolla my\u00f6s ihania magneetteja [&hellip;]","og_url":"https:\/\/sey.fi\/satakunta\/satakunnan-elainsuojelu\/tapahtumakalenteri\/","og_site_name":"Satakunnan el\u00e4insuojeluyhdistys","article_modified_time":"2026-04-14T09:47:20+00:00","og_image":[{"width":2560,"height":2549,"url":"https:\/\/sey.fi\/wp-content\/uploads\/sites\/29\/2025\/12\/SEY-logo-Satesy-scaled.png","type":"image\/png"}],"twitter_card":"summary_large_image","twitter_misc":{"Arvioitu lukuaika":"3 minuuttia"},"schema":{"@context":"https:\/\/schema.org","@graph":[{"@type":"WebPage","@id":"https:\/\/sey.fi\/satakunta\/satakunnan-elainsuojelu\/tapahtumakalenteri\/","url":"https:\/\/sey.fi\/satakunta\/satakunnan-elainsuojelu\/tapahtumakalenteri\/","name":"TAPAHTUMAKALENTERI - Satakunnan el\u00e4insuojeluyhdistys","isPartOf":{"@id":"https:\/\/sey.fi\/satakunta\/#website"},"primaryImageOfPage":{"@id":"https:\/\/sey.fi\/satakunta\/satakunnan-elainsuojelu\/tapahtumakalenteri\/#primaryimage"},"image":{"@id":"https:\/\/sey.fi\/satakunta\/satakunnan-elainsuojelu\/tapahtumakalenteri\/#primaryimage"},"thumbnailUrl":"https:\/\/sey.fi\/wp-content\/uploads\/sites\/29\/2025\/12\/SEY-logo-Satesy-1024x1020.png","datePublished":"2019-11-18T13:39:46+00:00","dateModified":"2026-04-14T09:47:20+00:00","breadcrumb":{"@id":"https:\/\/sey.fi\/satakunta\/satakunnan-elainsuojelu\/tapahtumakalenteri\/#breadcrumb"},"inLanguage":"fi","potentialAction":[{"@type":"ReadAction","target":["https:\/\/sey.fi\/satakunta\/satakunnan-elainsuojelu\/tapahtumakalenteri\/"]}]},{"@type":"ImageObject","inLanguage":"fi","@id":"https:\/\/sey.fi\/satakunta\/satakunnan-elainsuojelu\/tapahtumakalenteri\/#primaryimage","url":"https:\/\/sey.fi\/wp-content\/uploads\/sites\/29\/2025\/12\/SEY-logo-Satesy-1024x1020.png","contentUrl":"https:\/\/sey.fi\/wp-content\/uploads\/sites\/29\/2025\/12\/SEY-logo-Satesy-1024x1020.png"},{"@type":"BreadcrumbList","@id":"https:\/\/sey.fi\/satakunta\/satakunnan-elainsuojelu\/tapahtumakalenteri\/#breadcrumb","itemListElement":[{"@type":"ListItem","position":1,"name":"Home","item":"https:\/\/sey.fi\/satakunta\/"},{"@type":"ListItem","position":2,"name":"Satakunnan el\u00e4insuojeluyhdistys","item":"https:\/\/sey.fi\/satakunta\/"},{"@type":"ListItem","position":3,"name":"TAPAHTUMAKALENTERI"}]},{"@type":"WebSite","@id":"https:\/\/sey.fi\/satakunta\/#website","url":"https:\/\/sey.fi\/satakunta\/","name":"Satakunnan el\u00e4insuojeluyhdistys","description":"Uusi SEY J\u00e4senyhdistykset -sivusto","potentialAction":[{"@type":"SearchAction","target":{"@type":"EntryPoint","urlTemplate":"https:\/\/sey.fi\/satakunta\/?s={search_term_string}"},"query-input":{"@type":"PropertyValueSpecification","valueRequired":true,"valueName":"search_term_string"}}],"inLanguage":"fi"}]}},"_links":{"self":[{"href":"https:\/\/sey.fi\/satakunta\/wp-json\/wp\/v2\/pages\/16","targetHints":{"allow":["GET"]}}],"collection":[{"href":"https:\/\/sey.fi\/satakunta\/wp-json\/wp\/v2\/pages"}],"about":[{"href":"https:\/\/sey.fi\/satakunta\/wp-json\/wp\/v2\/types\/page"}],"author":[{"embeddable":true,"href":"https:\/\/sey.fi\/satakunta\/wp-json\/wp\/v2\/users\/8"}],"replies":[{"embeddable":true,"href":"https:\/\/sey.fi\/satakunta\/wp-json\/wp\/v2\/comments?post=16"}],"version-history":[{"count":334,"href":"https:\/\/sey.fi\/satakunta\/wp-json\/wp\/v2\/pages\/16\/revisions"}],"predecessor-version":[{"id":7183,"href":"https:\/\/sey.fi\/satakunta\/wp-json\/wp\/v2\/pages\/16\/revisions\/7183"}],"up":[{"embeddable":true,"href":"https:\/\/sey.fi\/satakunta\/wp-json\/wp\/v2\/pages\/2"}],"wp:attachment":[{"href":"https:\/\/sey.fi\/satakunta\/wp-json\/wp\/v2\/media?parent=16"}],"curies":[{"name":"wp","href":"https:\/\/api.w.org\/{rel}","templated":true}]}}