{"id":20,"date":"2019-11-18T15:41:01","date_gmt":"2019-11-18T13:41:01","guid":{"rendered":"http:\/\/srvr10.xetpoint.com\/~seyfi\/satakunta\/?page_id=20"},"modified":"2026-01-15T20:57:04","modified_gmt":"2026-01-15T18:57:04","slug":"hallitus-ja-toimihenkilot-2018","status":"publish","type":"page","link":"https:\/\/sey.fi\/satakunta\/satakunnan-elainsuojelu\/yhdistys\/hallitus-ja-toimihenkilot-2018\/","title":{"rendered":"Hallitus ja Toimihenkil\u00f6t 2026"},"content":{"rendered":"\n<p><strong>Hallituksen J\u00e4senet\u00a0 2026<\/strong><\/p>\n\n\n\n<p><strong>Puheenjohtaja<\/strong><\/p>\n\n\n\n<p>Tetti Sandberg<\/p>\n\n\n\n<p><strong>Varapuheenjohtaja<\/strong><\/p>\n\n\n\n<p>Heidi Luotola<\/p>\n\n\n\n<p><strong>Sihteeri <\/strong><\/p>\n\n\n\n<p>Ritva Sandberg<\/p>\n\n\n\n<p><strong>J\u00e4sensihteeri<\/strong><\/p>\n\n\n\n<p>Tetti Sandberg<\/p>\n\n\n\n<p><strong>Hallituksen J\u00e4senet<\/strong><\/p>\n\n\n\n<p>Tetti Sandberg<\/p>\n\n\n\n<p>Heidi Luotola<\/p>\n\n\n\n<p>Elina Peltonen<\/p>\n\n\n\n<p>Anita Salin<\/p>\n\n\n\n<p>Iida Marjam\u00e4ki<\/p>\n\n\n\n<p>Sari Repka <\/p>\n\n\n\n<p>Erika Heinimaa<\/p>\n\n\n\n<p>Annakaisa Vanhala<\/p>\n\n\n\n<p><strong>Varaj\u00e4senet: 2026<\/strong><\/p>\n\n\n\n<p>Ritva Sandberg <\/p>\n\n\n\n<p>Marianne Kojo <\/p>\n\n\n\n<p>Stefan Meusel<\/p>\n\n\n\n<p>Mari M\u00e4enp\u00e4\u00e4-Vaarapuro<\/p>\n\n\n\n<p><strong>Nuoriso<\/strong>vastaava<\/p>\n\n\n\n<p>Erika Heinimaa<\/p>\n\n\n\n<p><strong>Rahastonhoitaja<\/strong><\/p>\n\n\n\n<p>Marianne  Edvik-Toivonen<\/p>\n\n\n\n<p><strong>Toiminnantarkastaja 2026<\/strong><\/p>\n\n\n\n<p>Karoliina Ahtinen<\/p>\n\n\n\n<p><strong>Varatoiminnantarkastaja 2026<\/strong><\/p>\n\n\n\n<p>Virpi Vuorinen<\/p>\n\n\n\n<p><strong>Yhteytt\u00e4 meihin saat s\u00e4hk\u00f6postilla:<\/strong><\/p>\n\n\n\n<p><a href=\"mailto:hallitus@satesy.fi\">hallitus@satesy.fi<\/a><\/p>\n\n\n\n<p>Puheenjohtaja<\/p>\n\n\n\n<p class=\"has-text-align-left\">tetti.sandberg@sey.fi  <\/p>\n","protected":false},"excerpt":{"rendered":"<p>Hallituksen J\u00e4senet\u00a0 2026 Puheenjohtaja Tetti Sandberg Varapuheenjohtaja Heidi Luotola Sihteeri Ritva Sandberg J\u00e4sensihteeri Tetti Sandberg Hallituksen J\u00e4senet Tetti Sandberg Heidi Luotola Elina Peltonen Anita Salin Iida Marjam\u00e4ki Sari Repka Erika Heinimaa Annakaisa Vanhala Varaj\u00e4senet: 2026 Ritva Sandberg Marianne Kojo Stefan Meusel Mari M\u00e4enp\u00e4\u00e4-Vaarapuro Nuorisovastaava Erika Heinimaa Rahastonhoitaja Marianne Edvik-Toivonen Toiminnantarkastaja 2026 Karoliina Ahtinen Varatoiminnantarkastaja 2026 [&hellip;]<\/p>\n","protected":false},"author":8,"featured_media":0,"parent":18,"menu_order":0,"comment_status":"closed","ping_status":"closed","template":"","meta":{"_acf_changed":false,"footnotes":""},"class_list":["post-20","page","type-page","status-publish","hentry"],"acf":[],"yoast_head":"<!-- This site is optimized with the Yoast SEO plugin v27.1.1 - https:\/\/yoast.com\/product\/yoast-seo-wordpress\/ -->\n<title>Hallitus ja Toimihenkil\u00f6t 2026 - Satakunnan el\u00e4insuojeluyhdistys<\/title>\n<meta name=\"robots\" content=\"index, follow, max-snippet:-1, max-image-preview:large, max-video-preview:-1\" \/>\n<link rel=\"canonical\" href=\"https:\/\/sey.fi\/satakunta\/satakunnan-elainsuojelu\/yhdistys\/hallitus-ja-toimihenkilot-2018\/\" \/>\n<meta property=\"og:locale\" content=\"fi_FI\" \/>\n<meta property=\"og:type\" content=\"article\" \/>\n<meta property=\"og:title\" content=\"Hallitus ja Toimihenkil\u00f6t 2026 - Satakunnan el\u00e4insuojeluyhdistys\" \/>\n<meta property=\"og:description\" content=\"Hallituksen J\u00e4senet\u00a0 2026 Puheenjohtaja Tetti Sandberg Varapuheenjohtaja Heidi Luotola Sihteeri Ritva Sandberg J\u00e4sensihteeri Tetti Sandberg Hallituksen J\u00e4senet Tetti Sandberg Heidi Luotola Elina Peltonen Anita Salin Iida Marjam\u00e4ki Sari Repka Erika Heinimaa Annakaisa Vanhala Varaj\u00e4senet: 2026 Ritva Sandberg Marianne Kojo Stefan Meusel Mari M\u00e4enp\u00e4\u00e4-Vaarapuro Nuorisovastaava Erika Heinimaa Rahastonhoitaja Marianne Edvik-Toivonen Toiminnantarkastaja 2026 Karoliina Ahtinen Varatoiminnantarkastaja 2026 [&hellip;]\" \/>\n<meta property=\"og:url\" content=\"https:\/\/sey.fi\/satakunta\/satakunnan-elainsuojelu\/yhdistys\/hallitus-ja-toimihenkilot-2018\/\" \/>\n<meta property=\"og:site_name\" content=\"Satakunnan el\u00e4insuojeluyhdistys\" \/>\n<meta property=\"article:modified_time\" content=\"2026-01-15T18:57:04+00:00\" \/>\n<meta name=\"twitter:card\" content=\"summary_large_image\" \/>\n<meta name=\"twitter:label1\" content=\"Arvioitu lukuaika\" \/>\n\t<meta name=\"twitter:data1\" content=\"1 minuutti\" \/>\n<script type=\"application\/ld+json\" class=\"yoast-schema-graph\">{\"@context\":\"https:\/\/schema.org\",\"@graph\":[{\"@type\":\"WebPage\",\"@id\":\"https:\/\/sey.fi\/satakunta\/satakunnan-elainsuojelu\/yhdistys\/hallitus-ja-toimihenkilot-2018\/\",\"url\":\"https:\/\/sey.fi\/satakunta\/satakunnan-elainsuojelu\/yhdistys\/hallitus-ja-toimihenkilot-2018\/\",\"name\":\"Hallitus ja Toimihenkil\u00f6t 2026 - Satakunnan el\u00e4insuojeluyhdistys\",\"isPartOf\":{\"@id\":\"https:\/\/sey.fi\/satakunta\/#website\"},\"datePublished\":\"2019-11-18T13:41:01+00:00\",\"dateModified\":\"2026-01-15T18:57:04+00:00\",\"breadcrumb\":{\"@id\":\"https:\/\/sey.fi\/satakunta\/satakunnan-elainsuojelu\/yhdistys\/hallitus-ja-toimihenkilot-2018\/#breadcrumb\"},\"inLanguage\":\"fi\",\"potentialAction\":[{\"@type\":\"ReadAction\",\"target\":[\"https:\/\/sey.fi\/satakunta\/satakunnan-elainsuojelu\/yhdistys\/hallitus-ja-toimihenkilot-2018\/\"]}]},{\"@type\":\"BreadcrumbList\",\"@id\":\"https:\/\/sey.fi\/satakunta\/satakunnan-elainsuojelu\/yhdistys\/hallitus-ja-toimihenkilot-2018\/#breadcrumb\",\"itemListElement\":[{\"@type\":\"ListItem\",\"position\":1,\"name\":\"Home\",\"item\":\"https:\/\/sey.fi\/satakunta\/\"},{\"@type\":\"ListItem\",\"position\":2,\"name\":\"Satakunnan el\u00e4insuojeluyhdistys\",\"item\":\"https:\/\/sey.fi\/satakunta\/\"},{\"@type\":\"ListItem\",\"position\":3,\"name\":\"Yhdistys\",\"item\":\"https:\/\/sey.fi\/satakunta\/satakunnan-elainsuojelu\/yhdistys\/\"},{\"@type\":\"ListItem\",\"position\":4,\"name\":\"Hallitus ja Toimihenkil\u00f6t 2026\"}]},{\"@type\":\"WebSite\",\"@id\":\"https:\/\/sey.fi\/satakunta\/#website\",\"url\":\"https:\/\/sey.fi\/satakunta\/\",\"name\":\"Satakunnan el\u00e4insuojeluyhdistys\",\"description\":\"Uusi SEY J\u00e4senyhdistykset -sivusto\",\"potentialAction\":[{\"@type\":\"SearchAction\",\"target\":{\"@type\":\"EntryPoint\",\"urlTemplate\":\"https:\/\/sey.fi\/satakunta\/?s={search_term_string}\"},\"query-input\":{\"@type\":\"PropertyValueSpecification\",\"valueRequired\":true,\"valueName\":\"search_term_string\"}}],\"inLanguage\":\"fi\"}]}<\/script>\n<!-- \/ Yoast SEO plugin. -->","yoast_head_json":{"title":"Hallitus ja Toimihenkil\u00f6t 2026 - Satakunnan el\u00e4insuojeluyhdistys","robots":{"index":"index","follow":"follow","max-snippet":"max-snippet:-1","max-image-preview":"max-image-preview:large","max-video-preview":"max-video-preview:-1"},"canonical":"https:\/\/sey.fi\/satakunta\/satakunnan-elainsuojelu\/yhdistys\/hallitus-ja-toimihenkilot-2018\/","og_locale":"fi_FI","og_type":"article","og_title":"Hallitus ja Toimihenkil\u00f6t 2026 - Satakunnan el\u00e4insuojeluyhdistys","og_description":"Hallituksen J\u00e4senet\u00a0 2026 Puheenjohtaja Tetti Sandberg Varapuheenjohtaja Heidi Luotola Sihteeri Ritva Sandberg J\u00e4sensihteeri Tetti Sandberg Hallituksen J\u00e4senet Tetti Sandberg Heidi Luotola Elina Peltonen Anita Salin Iida Marjam\u00e4ki Sari Repka Erika Heinimaa Annakaisa Vanhala Varaj\u00e4senet: 2026 Ritva Sandberg Marianne Kojo Stefan Meusel Mari M\u00e4enp\u00e4\u00e4-Vaarapuro Nuorisovastaava Erika Heinimaa Rahastonhoitaja Marianne Edvik-Toivonen Toiminnantarkastaja 2026 Karoliina Ahtinen Varatoiminnantarkastaja 2026 [&hellip;]","og_url":"https:\/\/sey.fi\/satakunta\/satakunnan-elainsuojelu\/yhdistys\/hallitus-ja-toimihenkilot-2018\/","og_site_name":"Satakunnan el\u00e4insuojeluyhdistys","article_modified_time":"2026-01-15T18:57:04+00:00","twitter_card":"summary_large_image","twitter_misc":{"Arvioitu lukuaika":"1 minuutti"},"schema":{"@context":"https:\/\/schema.org","@graph":[{"@type":"WebPage","@id":"https:\/\/sey.fi\/satakunta\/satakunnan-elainsuojelu\/yhdistys\/hallitus-ja-toimihenkilot-2018\/","url":"https:\/\/sey.fi\/satakunta\/satakunnan-elainsuojelu\/yhdistys\/hallitus-ja-toimihenkilot-2018\/","name":"Hallitus ja Toimihenkil\u00f6t 2026 - Satakunnan el\u00e4insuojeluyhdistys","isPartOf":{"@id":"https:\/\/sey.fi\/satakunta\/#website"},"datePublished":"2019-11-18T13:41:01+00:00","dateModified":"2026-01-15T18:57:04+00:00","breadcrumb":{"@id":"https:\/\/sey.fi\/satakunta\/satakunnan-elainsuojelu\/yhdistys\/hallitus-ja-toimihenkilot-2018\/#breadcrumb"},"inLanguage":"fi","potentialAction":[{"@type":"ReadAction","target":["https:\/\/sey.fi\/satakunta\/satakunnan-elainsuojelu\/yhdistys\/hallitus-ja-toimihenkilot-2018\/"]}]},{"@type":"BreadcrumbList","@id":"https:\/\/sey.fi\/satakunta\/satakunnan-elainsuojelu\/yhdistys\/hallitus-ja-toimihenkilot-2018\/#breadcrumb","itemListElement":[{"@type":"ListItem","position":1,"name":"Home","item":"https:\/\/sey.fi\/satakunta\/"},{"@type":"ListItem","position":2,"name":"Satakunnan el\u00e4insuojeluyhdistys","item":"https:\/\/sey.fi\/satakunta\/"},{"@type":"ListItem","position":3,"name":"Yhdistys","item":"https:\/\/sey.fi\/satakunta\/satakunnan-elainsuojelu\/yhdistys\/"},{"@type":"ListItem","position":4,"name":"Hallitus ja Toimihenkil\u00f6t 2026"}]},{"@type":"WebSite","@id":"https:\/\/sey.fi\/satakunta\/#website","url":"https:\/\/sey.fi\/satakunta\/","name":"Satakunnan el\u00e4insuojeluyhdistys","description":"Uusi SEY J\u00e4senyhdistykset -sivusto","potentialAction":[{"@type":"SearchAction","target":{"@type":"EntryPoint","urlTemplate":"https:\/\/sey.fi\/satakunta\/?s={search_term_string}"},"query-input":{"@type":"PropertyValueSpecification","valueRequired":true,"valueName":"search_term_string"}}],"inLanguage":"fi"}]}},"_links":{"self":[{"href":"https:\/\/sey.fi\/satakunta\/wp-json\/wp\/v2\/pages\/20","targetHints":{"allow":["GET"]}}],"collection":[{"href":"https:\/\/sey.fi\/satakunta\/wp-json\/wp\/v2\/pages"}],"about":[{"href":"https:\/\/sey.fi\/satakunta\/wp-json\/wp\/v2\/types\/page"}],"author":[{"embeddable":true,"href":"https:\/\/sey.fi\/satakunta\/wp-json\/wp\/v2\/users\/8"}],"replies":[{"embeddable":true,"href":"https:\/\/sey.fi\/satakunta\/wp-json\/wp\/v2\/comments?post=20"}],"version-history":[{"count":43,"href":"https:\/\/sey.fi\/satakunta\/wp-json\/wp\/v2\/pages\/20\/revisions"}],"predecessor-version":[{"id":6879,"href":"https:\/\/sey.fi\/satakunta\/wp-json\/wp\/v2\/pages\/20\/revisions\/6879"}],"up":[{"embeddable":true,"href":"https:\/\/sey.fi\/satakunta\/wp-json\/wp\/v2\/pages\/18"}],"wp:attachment":[{"href":"https:\/\/sey.fi\/satakunta\/wp-json\/wp\/v2\/media?parent=20"}],"curies":[{"name":"wp","href":"https:\/\/api.w.org\/{rel}","templated":true}]}}