{"id":212,"date":"2020-07-21T17:50:18","date_gmt":"2020-07-21T14:50:18","guid":{"rendered":"https:\/\/sey.fi\/savo\/?page_id=212"},"modified":"2025-09-02T21:09:33","modified_gmt":"2025-09-02T18:09:33","slug":"usein-kysyttyja-kysymyksia","status":"publish","type":"page","link":"https:\/\/sey.fi\/savo\/usein-kysyttyja-kysymyksia\/","title":{"rendered":"Usein kysyttyj\u00e4 kysymyksi\u00e4"},"content":{"rendered":"\n<figure class=\"wp-block-image size-full\"><img loading=\"lazy\" decoding=\"async\" width=\"1024\" height=\"512\" src=\"https:\/\/sey.fi\/wp-content\/uploads\/sites\/30\/2025\/03\/savon_elainsuojelu_usein_kysyttya.png\" alt=\"\" class=\"wp-image-592\" srcset=\"https:\/\/sey.fi\/wp-content\/uploads\/sites\/30\/2025\/03\/savon_elainsuojelu_usein_kysyttya.png 1024w, https:\/\/sey.fi\/wp-content\/uploads\/sites\/30\/2025\/03\/savon_elainsuojelu_usein_kysyttya-300x150.png 300w, https:\/\/sey.fi\/wp-content\/uploads\/sites\/30\/2025\/03\/savon_elainsuojelu_usein_kysyttya-768x384.png 768w, https:\/\/sey.fi\/wp-content\/uploads\/sites\/30\/2025\/03\/savon_elainsuojelu_usein_kysyttya-640x320.png 640w, https:\/\/sey.fi\/wp-content\/uploads\/sites\/30\/2025\/03\/savon_elainsuojelu_usein_kysyttya-320x160.png 320w\" sizes=\"auto, (max-width: 1024px) 100vw, 1024px\" \/><\/figure>\n\n\n\n<h4 class=\"wp-block-heading\">Voiko Savon El\u00e4insuojelulta saada tukea lemmikin l\u00e4\u00e4k\u00e4ri- tai ruokakuluihin?<\/h4>\n\n\n\n<p>Savon El\u00e4insuojelu ei l\u00e4ht\u00f6kohtaisesti tue yksityisten ihmisten lemmikkien pitoa, vaan ruokalahjoitukset menev\u00e4t paikallisille l\u00f6yt\u00f6l\u00f6ille, sijaiskodeille ja luonnonvaraisten el\u00e4inten hoitajiille.&nbsp;<\/p>\n\n\n\n<p>Ulkoilevien kissojen leikkaus- ja sirutuskuluissa autetaan kampanjoiden yhteydess\u00e4. <a href=\"https:\/\/sey.fi\/savo\/savon-elainsuojelu-2\/ajankohtaista\/\" target=\"_blank\" rel=\"noreferrer noopener\" aria-label=\"Ajankohtaista-sivulta (avautuu uudessa v\u00e4lilehdess\u00e4)\"><em>Ajankohtaista-sivulta<\/em><\/a> voit tarkistaa, onko kampanjoita k\u00e4ynniss\u00e4 tai tulossa. Muihin l\u00e4\u00e4k\u00e4rikuluihin yhdistys ei anna tukea.&nbsp;<\/p>\n\n\n\n<p>Jos vasta harkitset lemmikin ottamista, mieti asiaa tarkkaan my\u00f6s taloudelliselta kannalta. Lemmikin hankintakustannus on vain pieni osa el\u00e4imest\u00e4 sen el\u00e4m\u00e4n aikana koituvista menoista.&nbsp;<\/p>\n\n\n\n<h4 class=\"wp-block-heading\">Saako Savon El\u00e4insuojelun kautta kissan, koiran tai muun lemmikin?<\/h4>\n\n\n\n<p>Savon El\u00e4insuojelulla ei ole omaa el\u00e4insuojaa, joten el\u00e4imi\u00e4 kannattaa tiedustella suoraan <a rel=\"noreferrer noopener\" aria-label=\"t\u00e4\u00e4lt\u00e4 (avautuu uudessa v\u00e4lilehdess\u00e4)\" href=\"https:\/\/sey.fi\/savo\/savon-elainsuojelu-2\/loytoelaimet-ja-kodittomat\/\" target=\"_blank\"><em>paikallisilta l\u00f6yt\u00f6l\u00f6ilt\u00e4<\/em><\/a>.<\/p>\n\n\n\n<h4 class=\"wp-block-heading\">Voinko lahjoittaa teille vanhoja petivaatteita tai lemmikkitarvikkeita?<\/h4>\n\n\n\n<p>Savon El\u00e4insuojelu ei ota vastaan tekstiili- tai tavaralahjoituksia. N\u00e4iden osalta ohjaamme olemaan yhteydess\u00e4 ensisijaisesti <a href=\"https:\/\/sey.fi\/savo\/savon-elainsuojelu-ry\/loytoelaimet-ja-kodittomat\/\"><em>paikallisiin l\u00f6yt\u00f6l<\/em>\u00f6<em>ihin<\/em><\/a>. My\u00f6s <a aria-label=\" (avautuu uudessa v\u00e4lilehdess\u00e4)\" href=\"https:\/\/sey.fi\/savo\/savon-elainsuojelu-2\/elainsuojelu\" target=\"_blank\" rel=\"noreferrer noopener\"><em>el\u00e4insuojeluneuvojat <\/em><\/a>saattavat tarvita tekstiilej\u00e4, loukkuja tai h\u00e4kkej\u00e4.\u00a0<\/p>\n\n\n\n<p><strong>Yhdistyksemme ottaa vastaan el\u00e4inten ruokaa, kissanhiekkaa sek\u00e4 siivoustarvikkeita. L\u00f6yd\u00e4t tarkemmat ohjeet<a href=\"https:\/\/sey.fi\/savo\/savon-elainsuojelu-ry\/tue-toimintaa\/\"> t\u00e4\u00e4lt\u00e4.<\/a><\/strong><\/p>\n\n\n\n<h4 class=\"wp-block-heading\">Lemmikkini tarvitsee uuden kodin, mit\u00e4 voin tehd\u00e4?<\/h4>\n\n\n\n<p>Jos koet, ettet en\u00e4\u00e4 kykene huolehtimaan lemmikist\u00e4si, on vastuullista etsi\u00e4 sille uusi koti. Neuvoja kodinvaihdossa voi kysy\u00e4 joko <a href=\"http:\/\/sey.fi\/savo\/savon-elainsuojelu-2\/loytoelaimet-ja-kodittomat\/\" target=\"_blank\" rel=\"noreferrer noopener\" aria-label=\"paikalliselta l\u00f6yt\u00f6l\u00e4lt\u00e4 (avautuu uudessa v\u00e4lilehdess\u00e4)\"><em>paikalliselta l\u00f6yt\u00f6l\u00e4lt\u00e4<\/em><\/a> tai <a href=\"https:\/\/sey.fi\/savo\/savon-elainsuojelu-2\/elainsuojelu\" target=\"_blank\" rel=\"noreferrer noopener\" aria-label=\" (avautuu uudessa v\u00e4lilehdess\u00e4)\"><em>el\u00e4insuojeluneuvojalta<\/em><\/a>.&nbsp;<\/p>\n\n\n\n<h4 class=\"wp-block-heading\">Olen n\u00e4hnyt loukkaantuneen luonnonvaraisen el\u00e4imen, mit\u00e4 teen?<\/h4>\n\n\n\n<p>Pohjois-Savon alueella luonnonvaraisia el\u00e4imi\u00e4 koskevissa kysymyksiss\u00e4 ole yhteydess\u00e4 el\u00e4insuojeluneuvoja Minna Pelliseen, p. 040 163 3660.<\/p>\n\n\n\n<p>Kuopion alueella luonnonvaraisia el\u00e4imi\u00e4 hoitaa my\u00f6s Anne Schroderus, p. 040 514 1651.<\/p>\n\n\n\n<h4 class=\"wp-block-heading\">Jos teen el\u00e4insuojeluilmoituksen, saako ilmoituksen kohde tiet\u00e4\u00e4 ilmoittajan?<\/h4>\n\n\n\n<p>Ei. El\u00e4insuojeluviranomaisilla on vaitiolovelvollisuus, joten kohde ei saa tiet\u00e4\u00e4 ilmoittajan nime\u00e4. S\u00e4hk\u00f6iseen el\u00e4insuojeluilmoitukseen tulee liitt\u00e4\u00e4 ilmoittajan tiedot, mutta niit\u00e4 ei v\u00e4litet\u00e4 eteenp\u00e4in. S\u00e4hk\u00f6isen el\u00e4insuojeluilmoituksen voit tehd\u00e4 <a rel=\"noreferrer noopener\" aria-label=\"t\u00e4\u00e4ll\u00e4 (avautuu uudessa v\u00e4lilehdess\u00e4)\" href=\"https:\/\/sey.fi\/elain-hadassa\/tee-elainsuojeluilmoitus\" target=\"_blank\"><em>t\u00e4\u00e4ll\u00e4<\/em><\/a>.<\/p>\n\n\n\n<h4 class=\"wp-block-heading\">Haluaisin tehd\u00e4 vapaaehtoisty\u00f6t\u00e4, miten p\u00e4\u00e4sen toimintaan mukaan?<\/h4>\n\n\n\n<p>Ensimm\u00e4iseksi kannattaa liitty\u00e4 Savon El\u00e4insuojelun j\u00e4seneksi <a href=\"http:\/\/www.sey.fi\/tue-toimintaa\/jasenyys\" target=\"_blank\" rel=\"noreferrer noopener\" aria-label=\"SEYn sivuilla (avautuu uudessa v\u00e4lilehdess\u00e4)\"><em>SEYn sivuilla<\/em><\/a>. Valitse j\u00e4senyhdistyksist\u00e4 Savon El\u00e4insuojelu ry (Kuopio). L\u00e4het\u00e4 my\u00f6s s\u00e4hk\u00f6postia osoitteeseen <em>savo@sey.fi<\/em> ja kerro hieman itsest\u00e4si ja millaisesta toiminnasta olisit kiinnostunut. N\u00e4in saat s\u00e4hk\u00f6postitse kutsun seuraavaan vapaaehtoisten tapaamiseen.&nbsp;<\/p>\n\n\n\n<h4 class=\"wp-block-heading\">Haluaisin tukea toimintaanne, mutten ehdi vapaaehtoist\u00f6ihin. Mik\u00e4 olisi paras tapa auttaa?<\/h4>\n\n\n\n<p>J\u00e4seneksi liittyminen on paras tapa tukea yhdistyksen pitk\u00e4j\u00e4nteist\u00e4 toimintaa. Voit tehd\u00e4 sen <a rel=\"noreferrer noopener\" aria-label=\"t\u00e4\u00e4ll\u00e4 (avautuu uudessa v\u00e4lilehdess\u00e4)\" href=\"http:\/\/www.sey.fi\/tue-toimintaa\/jasenyys\" target=\"_blank\"><em>t\u00e4\u00e4ll\u00e4<\/em><\/a>. <\/p>\n","protected":false},"excerpt":{"rendered":"<p>Voiko Savon El\u00e4insuojelulta saada tukea lemmikin l\u00e4\u00e4k\u00e4ri- tai ruokakuluihin? Savon El\u00e4insuojelu ei l\u00e4ht\u00f6kohtaisesti tue yksityisten ihmisten lemmikkien pitoa, vaan ruokalahjoitukset menev\u00e4t paikallisille l\u00f6yt\u00f6l\u00f6ille, sijaiskodeille ja luonnonvaraisten el\u00e4inten hoitajiille.&nbsp; Ulkoilevien kissojen leikkaus- ja sirutuskuluissa autetaan kampanjoiden yhteydess\u00e4. Ajankohtaista-sivulta voit tarkistaa, onko kampanjoita k\u00e4ynniss\u00e4 tai tulossa. Muihin l\u00e4\u00e4k\u00e4rikuluihin yhdistys ei anna tukea.&nbsp; Jos vasta harkitset lemmikin ottamista, [&hellip;]<\/p>\n","protected":false},"author":27,"featured_media":0,"parent":0,"menu_order":0,"comment_status":"closed","ping_status":"closed","template":"","meta":{"_acf_changed":false,"footnotes":""},"class_list":["post-212","page","type-page","status-publish","hentry"],"acf":[],"yoast_head":"<!-- This site is optimized with the Yoast SEO plugin v27.1.1 - https:\/\/yoast.com\/product\/yoast-seo-wordpress\/ -->\n<title>Usein kysyttyj\u00e4 kysymyksi\u00e4 - Savon El\u00e4insuojelu<\/title>\n<meta name=\"description\" content=\"Kysytt\u00e4v\u00e4\u00e4 el\u00e4imiin ja el\u00e4insuojeluun liittyen? T\u00e4\u00e4lt\u00e4 l\u00f6yd\u00e4t usein kysytyt kysymykset ja vastaukset niihin.\" \/>\n<meta name=\"robots\" content=\"index, follow, max-snippet:-1, max-image-preview:large, max-video-preview:-1\" \/>\n<link rel=\"canonical\" href=\"https:\/\/sey.fi\/savo\/usein-kysyttyja-kysymyksia\/\" \/>\n<meta property=\"og:locale\" content=\"fi_FI\" \/>\n<meta property=\"og:type\" content=\"article\" \/>\n<meta property=\"og:title\" content=\"Usein kysyttyj\u00e4 kysymyksi\u00e4 - Savon El\u00e4insuojelu\" \/>\n<meta property=\"og:description\" content=\"Kysytt\u00e4v\u00e4\u00e4 el\u00e4imiin ja el\u00e4insuojeluun liittyen? T\u00e4\u00e4lt\u00e4 l\u00f6yd\u00e4t usein kysytyt kysymykset ja vastaukset niihin.\" \/>\n<meta property=\"og:url\" content=\"https:\/\/sey.fi\/savo\/usein-kysyttyja-kysymyksia\/\" \/>\n<meta property=\"og:site_name\" content=\"Savon El\u00e4insuojelu\" \/>\n<meta property=\"article:modified_time\" content=\"2025-09-02T18:09:33+00:00\" \/>\n<meta property=\"og:image\" content=\"https:\/\/sey.fi\/wp-content\/uploads\/sites\/30\/2025\/03\/savon_elainsuojelu_usein_kysyttya.png\" \/>\n\t<meta property=\"og:image:width\" content=\"1024\" \/>\n\t<meta property=\"og:image:height\" content=\"512\" \/>\n\t<meta property=\"og:image:type\" content=\"image\/png\" \/>\n<meta name=\"twitter:card\" content=\"summary_large_image\" \/>\n<meta name=\"twitter:label1\" content=\"Arvioitu lukuaika\" \/>\n\t<meta name=\"twitter:data1\" content=\"3 minuuttia\" \/>\n<script type=\"application\/ld+json\" class=\"yoast-schema-graph\">{\"@context\":\"https:\/\/schema.org\",\"@graph\":[{\"@type\":\"WebPage\",\"@id\":\"https:\/\/sey.fi\/savo\/usein-kysyttyja-kysymyksia\/\",\"url\":\"https:\/\/sey.fi\/savo\/usein-kysyttyja-kysymyksia\/\",\"name\":\"Usein kysyttyj\u00e4 kysymyksi\u00e4 - Savon El\u00e4insuojelu\",\"isPartOf\":{\"@id\":\"https:\/\/sey.fi\/savo\/#website\"},\"primaryImageOfPage\":{\"@id\":\"https:\/\/sey.fi\/savo\/usein-kysyttyja-kysymyksia\/#primaryimage\"},\"image\":{\"@id\":\"https:\/\/sey.fi\/savo\/usein-kysyttyja-kysymyksia\/#primaryimage\"},\"thumbnailUrl\":\"https:\/\/sey.fi\/wp-content\/uploads\/sites\/30\/2025\/03\/savon_elainsuojelu_usein_kysyttya.png\",\"datePublished\":\"2020-07-21T14:50:18+00:00\",\"dateModified\":\"2025-09-02T18:09:33+00:00\",\"description\":\"Kysytt\u00e4v\u00e4\u00e4 el\u00e4imiin ja el\u00e4insuojeluun liittyen? T\u00e4\u00e4lt\u00e4 l\u00f6yd\u00e4t usein kysytyt kysymykset ja vastaukset niihin.\",\"breadcrumb\":{\"@id\":\"https:\/\/sey.fi\/savo\/usein-kysyttyja-kysymyksia\/#breadcrumb\"},\"inLanguage\":\"fi\",\"potentialAction\":[{\"@type\":\"ReadAction\",\"target\":[\"https:\/\/sey.fi\/savo\/usein-kysyttyja-kysymyksia\/\"]}]},{\"@type\":\"ImageObject\",\"inLanguage\":\"fi\",\"@id\":\"https:\/\/sey.fi\/savo\/usein-kysyttyja-kysymyksia\/#primaryimage\",\"url\":\"https:\/\/sey.fi\/wp-content\/uploads\/sites\/30\/2025\/03\/savon_elainsuojelu_usein_kysyttya.png\",\"contentUrl\":\"https:\/\/sey.fi\/wp-content\/uploads\/sites\/30\/2025\/03\/savon_elainsuojelu_usein_kysyttya.png\"},{\"@type\":\"BreadcrumbList\",\"@id\":\"https:\/\/sey.fi\/savo\/usein-kysyttyja-kysymyksia\/#breadcrumb\",\"itemListElement\":[{\"@type\":\"ListItem\",\"position\":1,\"name\":\"Home\",\"item\":\"https:\/\/sey.fi\/savo\/\"},{\"@type\":\"ListItem\",\"position\":2,\"name\":\"Usein kysyttyj\u00e4 kysymyksi\u00e4\"}]},{\"@type\":\"WebSite\",\"@id\":\"https:\/\/sey.fi\/savo\/#website\",\"url\":\"https:\/\/sey.fi\/savo\/\",\"name\":\"Savon El\u00e4insuojelu\",\"description\":\"Uusi SEY J\u00e4senyhdistykset -sivusto\",\"potentialAction\":[{\"@type\":\"SearchAction\",\"target\":{\"@type\":\"EntryPoint\",\"urlTemplate\":\"https:\/\/sey.fi\/savo\/?s={search_term_string}\"},\"query-input\":{\"@type\":\"PropertyValueSpecification\",\"valueRequired\":true,\"valueName\":\"search_term_string\"}}],\"inLanguage\":\"fi\"}]}<\/script>\n<!-- \/ Yoast SEO plugin. -->","yoast_head_json":{"title":"Usein kysyttyj\u00e4 kysymyksi\u00e4 - Savon El\u00e4insuojelu","description":"Kysytt\u00e4v\u00e4\u00e4 el\u00e4imiin ja el\u00e4insuojeluun liittyen? T\u00e4\u00e4lt\u00e4 l\u00f6yd\u00e4t usein kysytyt kysymykset ja vastaukset niihin.","robots":{"index":"index","follow":"follow","max-snippet":"max-snippet:-1","max-image-preview":"max-image-preview:large","max-video-preview":"max-video-preview:-1"},"canonical":"https:\/\/sey.fi\/savo\/usein-kysyttyja-kysymyksia\/","og_locale":"fi_FI","og_type":"article","og_title":"Usein kysyttyj\u00e4 kysymyksi\u00e4 - Savon El\u00e4insuojelu","og_description":"Kysytt\u00e4v\u00e4\u00e4 el\u00e4imiin ja el\u00e4insuojeluun liittyen? T\u00e4\u00e4lt\u00e4 l\u00f6yd\u00e4t usein kysytyt kysymykset ja vastaukset niihin.","og_url":"https:\/\/sey.fi\/savo\/usein-kysyttyja-kysymyksia\/","og_site_name":"Savon El\u00e4insuojelu","article_modified_time":"2025-09-02T18:09:33+00:00","og_image":[{"width":1024,"height":512,"url":"https:\/\/sey.fi\/wp-content\/uploads\/sites\/30\/2025\/03\/savon_elainsuojelu_usein_kysyttya.png","type":"image\/png"}],"twitter_card":"summary_large_image","twitter_misc":{"Arvioitu lukuaika":"3 minuuttia"},"schema":{"@context":"https:\/\/schema.org","@graph":[{"@type":"WebPage","@id":"https:\/\/sey.fi\/savo\/usein-kysyttyja-kysymyksia\/","url":"https:\/\/sey.fi\/savo\/usein-kysyttyja-kysymyksia\/","name":"Usein kysyttyj\u00e4 kysymyksi\u00e4 - Savon El\u00e4insuojelu","isPartOf":{"@id":"https:\/\/sey.fi\/savo\/#website"},"primaryImageOfPage":{"@id":"https:\/\/sey.fi\/savo\/usein-kysyttyja-kysymyksia\/#primaryimage"},"image":{"@id":"https:\/\/sey.fi\/savo\/usein-kysyttyja-kysymyksia\/#primaryimage"},"thumbnailUrl":"https:\/\/sey.fi\/wp-content\/uploads\/sites\/30\/2025\/03\/savon_elainsuojelu_usein_kysyttya.png","datePublished":"2020-07-21T14:50:18+00:00","dateModified":"2025-09-02T18:09:33+00:00","description":"Kysytt\u00e4v\u00e4\u00e4 el\u00e4imiin ja el\u00e4insuojeluun liittyen? T\u00e4\u00e4lt\u00e4 l\u00f6yd\u00e4t usein kysytyt kysymykset ja vastaukset niihin.","breadcrumb":{"@id":"https:\/\/sey.fi\/savo\/usein-kysyttyja-kysymyksia\/#breadcrumb"},"inLanguage":"fi","potentialAction":[{"@type":"ReadAction","target":["https:\/\/sey.fi\/savo\/usein-kysyttyja-kysymyksia\/"]}]},{"@type":"ImageObject","inLanguage":"fi","@id":"https:\/\/sey.fi\/savo\/usein-kysyttyja-kysymyksia\/#primaryimage","url":"https:\/\/sey.fi\/wp-content\/uploads\/sites\/30\/2025\/03\/savon_elainsuojelu_usein_kysyttya.png","contentUrl":"https:\/\/sey.fi\/wp-content\/uploads\/sites\/30\/2025\/03\/savon_elainsuojelu_usein_kysyttya.png"},{"@type":"BreadcrumbList","@id":"https:\/\/sey.fi\/savo\/usein-kysyttyja-kysymyksia\/#breadcrumb","itemListElement":[{"@type":"ListItem","position":1,"name":"Home","item":"https:\/\/sey.fi\/savo\/"},{"@type":"ListItem","position":2,"name":"Usein kysyttyj\u00e4 kysymyksi\u00e4"}]},{"@type":"WebSite","@id":"https:\/\/sey.fi\/savo\/#website","url":"https:\/\/sey.fi\/savo\/","name":"Savon El\u00e4insuojelu","description":"Uusi SEY J\u00e4senyhdistykset -sivusto","potentialAction":[{"@type":"SearchAction","target":{"@type":"EntryPoint","urlTemplate":"https:\/\/sey.fi\/savo\/?s={search_term_string}"},"query-input":{"@type":"PropertyValueSpecification","valueRequired":true,"valueName":"search_term_string"}}],"inLanguage":"fi"}]}},"_links":{"self":[{"href":"https:\/\/sey.fi\/savo\/wp-json\/wp\/v2\/pages\/212","targetHints":{"allow":["GET"]}}],"collection":[{"href":"https:\/\/sey.fi\/savo\/wp-json\/wp\/v2\/pages"}],"about":[{"href":"https:\/\/sey.fi\/savo\/wp-json\/wp\/v2\/types\/page"}],"author":[{"embeddable":true,"href":"https:\/\/sey.fi\/savo\/wp-json\/wp\/v2\/users\/27"}],"replies":[{"embeddable":true,"href":"https:\/\/sey.fi\/savo\/wp-json\/wp\/v2\/comments?post=212"}],"version-history":[{"count":16,"href":"https:\/\/sey.fi\/savo\/wp-json\/wp\/v2\/pages\/212\/revisions"}],"predecessor-version":[{"id":767,"href":"https:\/\/sey.fi\/savo\/wp-json\/wp\/v2\/pages\/212\/revisions\/767"}],"wp:attachment":[{"href":"https:\/\/sey.fi\/savo\/wp-json\/wp\/v2\/media?parent=212"}],"curies":[{"name":"wp","href":"https:\/\/api.w.org\/{rel}","templated":true}]}}