{"id":39,"date":"2019-11-18T16:09:46","date_gmt":"2019-11-18T14:09:46","guid":{"rendered":"http:\/\/srvr10.xetpoint.com\/~seyfi\/savo\/?page_id=39"},"modified":"2025-03-30T17:39:01","modified_gmt":"2025-03-30T14:39:01","slug":"loytoelaimet-ja-kodittomat","status":"publish","type":"page","link":"https:\/\/sey.fi\/savo\/savon-elainsuojelu-ry\/loytoelaimet-ja-kodittomat\/","title":{"rendered":"L\u00f6yt\u00f6el\u00e4imet ja kodittomat"},"content":{"rendered":"\n<figure class=\"wp-block-image size-full\"><img loading=\"lazy\" decoding=\"async\" width=\"1024\" height=\"512\" src=\"https:\/\/sey.fi\/wp-content\/uploads\/sites\/30\/2025\/03\/loytoelaimet_ja_kodittomat_savon_elainsuojelu_ry.png\" alt=\"\" class=\"wp-image-506\" srcset=\"https:\/\/sey.fi\/wp-content\/uploads\/sites\/30\/2025\/03\/loytoelaimet_ja_kodittomat_savon_elainsuojelu_ry.png 1024w, https:\/\/sey.fi\/wp-content\/uploads\/sites\/30\/2025\/03\/loytoelaimet_ja_kodittomat_savon_elainsuojelu_ry-300x150.png 300w, https:\/\/sey.fi\/wp-content\/uploads\/sites\/30\/2025\/03\/loytoelaimet_ja_kodittomat_savon_elainsuojelu_ry-768x384.png 768w, https:\/\/sey.fi\/wp-content\/uploads\/sites\/30\/2025\/03\/loytoelaimet_ja_kodittomat_savon_elainsuojelu_ry-640x320.png 640w, https:\/\/sey.fi\/wp-content\/uploads\/sites\/30\/2025\/03\/loytoelaimet_ja_kodittomat_savon_elainsuojelu_ry-320x160.png 320w\" sizes=\"auto, (max-width: 1024px) 100vw, 1024px\" \/><\/figure>\n\n\n\n<p><em>Savon El\u00e4insuojelulla ei ole omaa l\u00f6yt\u00f6el\u00e4inkotia tai el\u00e4inhoitolaa. L\u00f6yt\u00f6el\u00e4inasioissa auttavat alueen l\u00f6yt\u00f6el\u00e4insuojat, joiden yhteystiedot&nbsp;l\u00f6ytyv\u00e4t alta<\/em>.<\/p>\n\n\n\n<h3 class=\"wp-block-heading\">L\u00f6yt\u00f6el\u00e4insuojat Pohjois-Savossa<\/h3>\n\n\n\n<p><strong>Kuopio (Juankoski, Maaninka, Nilsi\u00e4), Kaavi, Lapinlahti, Rautavaara, Siilinj\u00e4rvi,&nbsp;Tuusniemi&nbsp;<br><\/strong>El\u00e4inhoitola Ilo, p. 045 7839 7721, Lotteisentie 32, 70900 Toivala (<em><a href=\"https:\/\/www.facebook.com\/elainhoitola\" target=\"_blank\" rel=\"noreferrer noopener\">Facebook<\/a><\/em>)<\/p>\n\n\n\n<p><strong>Suonenjoki, Rautalampi, Tervo, Vesanto&nbsp;<\/strong><br>Maukolan tila,&nbsp;Minna V\u00e4\u00e4n\u00e4nen p. 040 576 3123, Joutenlahdentie 164, 72210 Tervo (<a href=\"https:\/\/www.facebook.com\/maukolantila\/\" target=\"_blank\" rel=\"noreferrer noopener\" aria-label=\"Facebook (avautuu uudessa v\u00e4lilehdess\u00e4)\"><em>Facebook<\/em><\/a>)<\/p>\n\n\n\n<p><strong>Pielavesi, Keitele<br><\/strong>Pakan tila, Anu Turunen p. 050 326 7293, L\u00e4nsi-S\u00e4vi\u00e4ntie 611, 72810 Jylh\u00e4nkyl\u00e4 (<em><a href=\"https:\/\/www.facebook.com\/Pakantila\" target=\"_blank\" rel=\"noreferrer noopener\" aria-label=\"Facebook (avautuu uudessa v\u00e4lilehdess\u00e4)\">Facebook<\/a><\/em>)<\/p>\n\n\n\n<p><strong>Kiuruvesi, Iisalmi, Sonkaj\u00e4rvi, Vierem\u00e4<\/strong><br>Kiuruveden l\u00f6yt\u00f6l\u00e4, Anniina Ylitalo p.\u00a0040 157 1091, Lahdentie 70, 74680 Myllyniemi (<em><a href=\"https:\/\/www.facebook.com\/profile.php?id=100068192196490\">Facebook<\/a><\/em>)<\/p>\n\n\n\n<hr class=\"wp-block-separator has-alpha-channel-opacity\" \/>\n\n\n\n<h4 class=\"wp-block-heading\">JOS LEMMIKKI KATOAA \/ L\u00d6YD\u00c4T KARKUTEILL\u00c4 OLEVAN<\/h4>\n\n\n\n<p>Jos lemmikkisi katoaa tai kohtaat karkuteill\u00e4 olevan el\u00e4imen, ole yhteydess\u00e4 alueesi l\u00f6yt\u00f6el\u00e4insuojaan. <br><br>Jos saat karkulaisen kiinni, katsele hetki rauhassa ymp\u00e4rillesi. N\u00e4kyyk\u00f6  l\u00e4hist\u00f6ll\u00e4 ihmist\u00e4 jolle el\u00e4in voisi kuulua? Kysele l\u00e4hitaloista onko lemmikki tutun n\u00e4k\u00f6inen. Jos kukaan ei tunnista el\u00e4int\u00e4, toimita se l\u00f6yt\u00f6el\u00e4insuojaan. Monet suojat my\u00f6s noutavat lemmikit.<\/p>\n\n\n\n<hr class=\"wp-block-separator has-alpha-channel-opacity\" \/>\n\n\n\n<h4 class=\"wp-block-heading\">TEE ILMOITUS KADONNEESTA \/ L\u00d6YDETYST\u00c4 EL\u00c4IMEST\u00c4<\/h4>\n\n\n\n<p><a href=\"https:\/\/www.karkurit.fi\" target=\"_blank\" rel=\"noreferrer noopener\" aria-label=\" (avautuu uudessa v\u00e4lilehdess\u00e4)\"><em>Karkurit.fi<\/em><\/a> on sivusto, jossa kuka vain voi tehd\u00e4 ilmotuksen joko kadonneesta tai l\u00f6ydetyst\u00e4 el\u00e4imest\u00e4. My\u00f6s monet l\u00f6yt\u00f6el\u00e4insuojat ilmoittavat sivulla heille p\u00e4\u00e4tyneist\u00e4 lemmikeist\u00e4.<\/p>\n\n\n\n<p><a href=\"https:\/\/www.etsijakoiraliitto.fi\/\">Etsij\u00e4koiraliitosta<\/a> voi kysy\u00e4 neuvoja puhelimitse ja saada apua k\u00e4yt\u00e4nn\u00f6ss\u00e4 kadonneen lemmikin etsimiseen. Neuvontanumero on 040 724 8614.<\/p>\n\n\n\n<hr class=\"wp-block-separator has-alpha-channel-opacity\" \/>\n\n\n\n<h3 class=\"wp-block-heading\">Kodittomat el\u00e4imet<\/h3>\n\n\n\n<p>Lain velvoite on pit\u00e4\u00e4 l\u00f6ydetty\u00e4 lemmikki\u00e4 tallessa 15 vuorokauden ajan. Jos t\u00e4m\u00e4n ajan sis\u00e4ll\u00e4 ei omistajaa l\u00f6ydy, on kunnalla oikeus joko myyd\u00e4 tai lopettaa lemmikki. Kodittomille lemmikeille uusia koteja Pohjois-Savossa etsiv\u00e4t mm. seuraavat tahot:<\/p>\n\n\n\n<p>&#8211; <a aria-label=\"Kallan el\u00e4insuojelu (avautuu uudessa v\u00e4lilehdess\u00e4)\" href=\"https:\/\/www.facebook.com\/KallanEsy\/\" target=\"_blank\" rel=\"noreferrer noopener\"><em>Kallan el\u00e4insuojelu<\/em><\/a>, kallanesy@gmail.com, Kuopio<\/p>\n\n\n\n<p>-Pakan tila, Anu Turunen p. 050 326 7293, L\u00e4nsi-S\u00e4vi\u00e4ntie 611, 72810 Jylh\u00e4nkyl\u00e4, Pielavesi (<em><a aria-label=\"Facebook (avautuu uudessa v\u00e4lilehdess\u00e4)\" href=\"https:\/\/www.facebook.com\/Pakantila\" target=\"_blank\" rel=\"noreferrer noopener\">Facebook<\/a><\/em>)<\/p>\n\n\n\n<p>-Kiuruveden l\u00f6yt\u00f6l\u00e4, Anniina Ylitalo p.&nbsp;040 157 1091 (varalla 0400 426 128), Lahdentie 70, 74680 Myllyniemi, Kiuruvesi (<em><a aria-label=\"Facebook (avautuu uudessa v\u00e4lilehdess\u00e4)\" href=\"https:\/\/www.facebook.com\/pages\/category\/Animal-Shelter\/Kiuruveden-l\u00f6yt\u00f6l\u00e4-509498862522729\/\" target=\"_blank\" rel=\"noreferrer noopener\">Facebook<\/a><\/em>)<\/p>\n","protected":false},"excerpt":{"rendered":"<p>Savon El\u00e4insuojelulla ei ole omaa l\u00f6yt\u00f6el\u00e4inkotia tai el\u00e4inhoitolaa. L\u00f6yt\u00f6el\u00e4inasioissa auttavat alueen l\u00f6yt\u00f6el\u00e4insuojat, joiden yhteystiedot&nbsp;l\u00f6ytyv\u00e4t alta. L\u00f6yt\u00f6el\u00e4insuojat Pohjois-Savossa Kuopio (Juankoski, Maaninka, Nilsi\u00e4), Kaavi, Lapinlahti, Rautavaara, Siilinj\u00e4rvi,&nbsp;Tuusniemi&nbsp;El\u00e4inhoitola Ilo, p. 045 7839 7721, Lotteisentie 32, 70900 Toivala (Facebook) Suonenjoki, Rautalampi, Tervo, Vesanto&nbsp;Maukolan tila,&nbsp;Minna V\u00e4\u00e4n\u00e4nen p. 040 576 3123, Joutenlahdentie 164, 72210 Tervo (Facebook) Pielavesi, KeitelePakan tila, Anu Turunen [&hellip;]<\/p>\n","protected":false},"author":8,"featured_media":0,"parent":2,"menu_order":0,"comment_status":"closed","ping_status":"closed","template":"","meta":{"_acf_changed":false,"footnotes":""},"class_list":["post-39","page","type-page","status-publish","hentry"],"acf":[],"yoast_head":"<!-- This site is optimized with the Yoast SEO plugin v27.1.1 - https:\/\/yoast.com\/product\/yoast-seo-wordpress\/ -->\n<title>L\u00f6yt\u00f6el\u00e4imet ja kodittomat - Savon El\u00e4insuojelu<\/title>\n<meta name=\"description\" content=\"Jos lemmikkisi katoaa tai kohtaat karkuteill\u00e4 olevan el\u00e4imen, ole yhteydess\u00e4 alueesi l\u00f6yt\u00f6el\u00e4insuojaan.\" \/>\n<meta name=\"robots\" content=\"index, follow, max-snippet:-1, max-image-preview:large, max-video-preview:-1\" \/>\n<link rel=\"canonical\" href=\"https:\/\/sey.fi\/savo\/savon-elainsuojelu-ry\/loytoelaimet-ja-kodittomat\/\" \/>\n<meta property=\"og:locale\" content=\"fi_FI\" \/>\n<meta property=\"og:type\" content=\"article\" \/>\n<meta property=\"og:title\" content=\"L\u00f6yt\u00f6el\u00e4imet ja kodittomat - Savon El\u00e4insuojelu\" \/>\n<meta property=\"og:description\" content=\"Jos lemmikkisi katoaa tai kohtaat karkuteill\u00e4 olevan el\u00e4imen, ole yhteydess\u00e4 alueesi l\u00f6yt\u00f6el\u00e4insuojaan.\" \/>\n<meta property=\"og:url\" content=\"https:\/\/sey.fi\/savo\/savon-elainsuojelu-ry\/loytoelaimet-ja-kodittomat\/\" \/>\n<meta property=\"og:site_name\" content=\"Savon El\u00e4insuojelu\" \/>\n<meta property=\"article:modified_time\" content=\"2025-03-30T14:39:01+00:00\" \/>\n<meta property=\"og:image\" content=\"https:\/\/sey.fi\/wp-content\/uploads\/sites\/30\/2025\/03\/loytoelaimet_ja_kodittomat_savon_elainsuojelu_ry.png\" \/>\n\t<meta property=\"og:image:width\" content=\"1024\" \/>\n\t<meta property=\"og:image:height\" content=\"512\" \/>\n\t<meta property=\"og:image:type\" content=\"image\/png\" \/>\n<meta name=\"twitter:card\" content=\"summary_large_image\" \/>\n<meta name=\"twitter:label1\" content=\"Arvioitu lukuaika\" \/>\n\t<meta name=\"twitter:data1\" content=\"2 minuuttia\" \/>\n<script type=\"application\/ld+json\" class=\"yoast-schema-graph\">{\"@context\":\"https:\/\/schema.org\",\"@graph\":[{\"@type\":\"WebPage\",\"@id\":\"https:\/\/sey.fi\/savo\/savon-elainsuojelu-ry\/loytoelaimet-ja-kodittomat\/\",\"url\":\"https:\/\/sey.fi\/savo\/savon-elainsuojelu-ry\/loytoelaimet-ja-kodittomat\/\",\"name\":\"L\u00f6yt\u00f6el\u00e4imet ja kodittomat - Savon El\u00e4insuojelu\",\"isPartOf\":{\"@id\":\"https:\/\/sey.fi\/savo\/#website\"},\"primaryImageOfPage\":{\"@id\":\"https:\/\/sey.fi\/savo\/savon-elainsuojelu-ry\/loytoelaimet-ja-kodittomat\/#primaryimage\"},\"image\":{\"@id\":\"https:\/\/sey.fi\/savo\/savon-elainsuojelu-ry\/loytoelaimet-ja-kodittomat\/#primaryimage\"},\"thumbnailUrl\":\"https:\/\/sey.fi\/wp-content\/uploads\/sites\/30\/2025\/03\/loytoelaimet_ja_kodittomat_savon_elainsuojelu_ry.png\",\"datePublished\":\"2019-11-18T14:09:46+00:00\",\"dateModified\":\"2025-03-30T14:39:01+00:00\",\"description\":\"Jos lemmikkisi katoaa tai kohtaat karkuteill\u00e4 olevan el\u00e4imen, ole yhteydess\u00e4 alueesi l\u00f6yt\u00f6el\u00e4insuojaan.\",\"breadcrumb\":{\"@id\":\"https:\/\/sey.fi\/savo\/savon-elainsuojelu-ry\/loytoelaimet-ja-kodittomat\/#breadcrumb\"},\"inLanguage\":\"fi\",\"potentialAction\":[{\"@type\":\"ReadAction\",\"target\":[\"https:\/\/sey.fi\/savo\/savon-elainsuojelu-ry\/loytoelaimet-ja-kodittomat\/\"]}]},{\"@type\":\"ImageObject\",\"inLanguage\":\"fi\",\"@id\":\"https:\/\/sey.fi\/savo\/savon-elainsuojelu-ry\/loytoelaimet-ja-kodittomat\/#primaryimage\",\"url\":\"https:\/\/sey.fi\/wp-content\/uploads\/sites\/30\/2025\/03\/loytoelaimet_ja_kodittomat_savon_elainsuojelu_ry.png\",\"contentUrl\":\"https:\/\/sey.fi\/wp-content\/uploads\/sites\/30\/2025\/03\/loytoelaimet_ja_kodittomat_savon_elainsuojelu_ry.png\"},{\"@type\":\"BreadcrumbList\",\"@id\":\"https:\/\/sey.fi\/savo\/savon-elainsuojelu-ry\/loytoelaimet-ja-kodittomat\/#breadcrumb\",\"itemListElement\":[{\"@type\":\"ListItem\",\"position\":1,\"name\":\"Home\",\"item\":\"https:\/\/sey.fi\/savo\/\"},{\"@type\":\"ListItem\",\"position\":2,\"name\":\"Savon el\u00e4insuojelu\",\"item\":\"https:\/\/sey.fi\/savo\/\"},{\"@type\":\"ListItem\",\"position\":3,\"name\":\"L\u00f6yt\u00f6el\u00e4imet ja kodittomat\"}]},{\"@type\":\"WebSite\",\"@id\":\"https:\/\/sey.fi\/savo\/#website\",\"url\":\"https:\/\/sey.fi\/savo\/\",\"name\":\"Savon El\u00e4insuojelu\",\"description\":\"Uusi SEY J\u00e4senyhdistykset -sivusto\",\"potentialAction\":[{\"@type\":\"SearchAction\",\"target\":{\"@type\":\"EntryPoint\",\"urlTemplate\":\"https:\/\/sey.fi\/savo\/?s={search_term_string}\"},\"query-input\":{\"@type\":\"PropertyValueSpecification\",\"valueRequired\":true,\"valueName\":\"search_term_string\"}}],\"inLanguage\":\"fi\"}]}<\/script>\n<!-- \/ Yoast SEO plugin. -->","yoast_head_json":{"title":"L\u00f6yt\u00f6el\u00e4imet ja kodittomat - Savon El\u00e4insuojelu","description":"Jos lemmikkisi katoaa tai kohtaat karkuteill\u00e4 olevan el\u00e4imen, ole yhteydess\u00e4 alueesi l\u00f6yt\u00f6el\u00e4insuojaan.","robots":{"index":"index","follow":"follow","max-snippet":"max-snippet:-1","max-image-preview":"max-image-preview:large","max-video-preview":"max-video-preview:-1"},"canonical":"https:\/\/sey.fi\/savo\/savon-elainsuojelu-ry\/loytoelaimet-ja-kodittomat\/","og_locale":"fi_FI","og_type":"article","og_title":"L\u00f6yt\u00f6el\u00e4imet ja kodittomat - Savon El\u00e4insuojelu","og_description":"Jos lemmikkisi katoaa tai kohtaat karkuteill\u00e4 olevan el\u00e4imen, ole yhteydess\u00e4 alueesi l\u00f6yt\u00f6el\u00e4insuojaan.","og_url":"https:\/\/sey.fi\/savo\/savon-elainsuojelu-ry\/loytoelaimet-ja-kodittomat\/","og_site_name":"Savon El\u00e4insuojelu","article_modified_time":"2025-03-30T14:39:01+00:00","og_image":[{"width":1024,"height":512,"url":"https:\/\/sey.fi\/wp-content\/uploads\/sites\/30\/2025\/03\/loytoelaimet_ja_kodittomat_savon_elainsuojelu_ry.png","type":"image\/png"}],"twitter_card":"summary_large_image","twitter_misc":{"Arvioitu lukuaika":"2 minuuttia"},"schema":{"@context":"https:\/\/schema.org","@graph":[{"@type":"WebPage","@id":"https:\/\/sey.fi\/savo\/savon-elainsuojelu-ry\/loytoelaimet-ja-kodittomat\/","url":"https:\/\/sey.fi\/savo\/savon-elainsuojelu-ry\/loytoelaimet-ja-kodittomat\/","name":"L\u00f6yt\u00f6el\u00e4imet ja kodittomat - Savon El\u00e4insuojelu","isPartOf":{"@id":"https:\/\/sey.fi\/savo\/#website"},"primaryImageOfPage":{"@id":"https:\/\/sey.fi\/savo\/savon-elainsuojelu-ry\/loytoelaimet-ja-kodittomat\/#primaryimage"},"image":{"@id":"https:\/\/sey.fi\/savo\/savon-elainsuojelu-ry\/loytoelaimet-ja-kodittomat\/#primaryimage"},"thumbnailUrl":"https:\/\/sey.fi\/wp-content\/uploads\/sites\/30\/2025\/03\/loytoelaimet_ja_kodittomat_savon_elainsuojelu_ry.png","datePublished":"2019-11-18T14:09:46+00:00","dateModified":"2025-03-30T14:39:01+00:00","description":"Jos lemmikkisi katoaa tai kohtaat karkuteill\u00e4 olevan el\u00e4imen, ole yhteydess\u00e4 alueesi l\u00f6yt\u00f6el\u00e4insuojaan.","breadcrumb":{"@id":"https:\/\/sey.fi\/savo\/savon-elainsuojelu-ry\/loytoelaimet-ja-kodittomat\/#breadcrumb"},"inLanguage":"fi","potentialAction":[{"@type":"ReadAction","target":["https:\/\/sey.fi\/savo\/savon-elainsuojelu-ry\/loytoelaimet-ja-kodittomat\/"]}]},{"@type":"ImageObject","inLanguage":"fi","@id":"https:\/\/sey.fi\/savo\/savon-elainsuojelu-ry\/loytoelaimet-ja-kodittomat\/#primaryimage","url":"https:\/\/sey.fi\/wp-content\/uploads\/sites\/30\/2025\/03\/loytoelaimet_ja_kodittomat_savon_elainsuojelu_ry.png","contentUrl":"https:\/\/sey.fi\/wp-content\/uploads\/sites\/30\/2025\/03\/loytoelaimet_ja_kodittomat_savon_elainsuojelu_ry.png"},{"@type":"BreadcrumbList","@id":"https:\/\/sey.fi\/savo\/savon-elainsuojelu-ry\/loytoelaimet-ja-kodittomat\/#breadcrumb","itemListElement":[{"@type":"ListItem","position":1,"name":"Home","item":"https:\/\/sey.fi\/savo\/"},{"@type":"ListItem","position":2,"name":"Savon el\u00e4insuojelu","item":"https:\/\/sey.fi\/savo\/"},{"@type":"ListItem","position":3,"name":"L\u00f6yt\u00f6el\u00e4imet ja kodittomat"}]},{"@type":"WebSite","@id":"https:\/\/sey.fi\/savo\/#website","url":"https:\/\/sey.fi\/savo\/","name":"Savon El\u00e4insuojelu","description":"Uusi SEY J\u00e4senyhdistykset -sivusto","potentialAction":[{"@type":"SearchAction","target":{"@type":"EntryPoint","urlTemplate":"https:\/\/sey.fi\/savo\/?s={search_term_string}"},"query-input":{"@type":"PropertyValueSpecification","valueRequired":true,"valueName":"search_term_string"}}],"inLanguage":"fi"}]}},"_links":{"self":[{"href":"https:\/\/sey.fi\/savo\/wp-json\/wp\/v2\/pages\/39","targetHints":{"allow":["GET"]}}],"collection":[{"href":"https:\/\/sey.fi\/savo\/wp-json\/wp\/v2\/pages"}],"about":[{"href":"https:\/\/sey.fi\/savo\/wp-json\/wp\/v2\/types\/page"}],"author":[{"embeddable":true,"href":"https:\/\/sey.fi\/savo\/wp-json\/wp\/v2\/users\/8"}],"replies":[{"embeddable":true,"href":"https:\/\/sey.fi\/savo\/wp-json\/wp\/v2\/comments?post=39"}],"version-history":[{"count":27,"href":"https:\/\/sey.fi\/savo\/wp-json\/wp\/v2\/pages\/39\/revisions"}],"predecessor-version":[{"id":651,"href":"https:\/\/sey.fi\/savo\/wp-json\/wp\/v2\/pages\/39\/revisions\/651"}],"up":[{"embeddable":true,"href":"https:\/\/sey.fi\/savo\/wp-json\/wp\/v2\/pages\/2"}],"wp:attachment":[{"href":"https:\/\/sey.fi\/savo\/wp-json\/wp\/v2\/media?parent=39"}],"curies":[{"name":"wp","href":"https:\/\/api.w.org\/{rel}","templated":true}]}}