{"id":710,"date":"2025-06-18T22:32:07","date_gmt":"2025-06-18T19:32:07","guid":{"rendered":"https:\/\/sey.fi\/savo\/?page_id=710"},"modified":"2025-06-21T21:23:22","modified_gmt":"2025-06-21T18:23:22","slug":"mihin-otan-yhteytta-pohjois-savon-alueella","status":"publish","type":"page","link":"https:\/\/sey.fi\/savo\/mihin-otan-yhteytta-pohjois-savon-alueella\/","title":{"rendered":"Pohjois-Savon el\u00e4insuojelutoimijat, yhteystietoja"},"content":{"rendered":"\n<figure class=\"wp-block-image size-full\"><img loading=\"lazy\" decoding=\"async\" width=\"1024\" height=\"512\" src=\"https:\/\/sey.fi\/wp-content\/uploads\/sites\/30\/2025\/06\/minne_otan_yheytta_elainsuojeluasioissa_savon_elainsuojelu.png\" alt=\"\" class=\"wp-image-711\" srcset=\"https:\/\/sey.fi\/wp-content\/uploads\/sites\/30\/2025\/06\/minne_otan_yheytta_elainsuojeluasioissa_savon_elainsuojelu.png 1024w, https:\/\/sey.fi\/wp-content\/uploads\/sites\/30\/2025\/06\/minne_otan_yheytta_elainsuojeluasioissa_savon_elainsuojelu-300x150.png 300w, https:\/\/sey.fi\/wp-content\/uploads\/sites\/30\/2025\/06\/minne_otan_yheytta_elainsuojeluasioissa_savon_elainsuojelu-768x384.png 768w, https:\/\/sey.fi\/wp-content\/uploads\/sites\/30\/2025\/06\/minne_otan_yheytta_elainsuojeluasioissa_savon_elainsuojelu-640x320.png 640w, https:\/\/sey.fi\/wp-content\/uploads\/sites\/30\/2025\/06\/minne_otan_yheytta_elainsuojeluasioissa_savon_elainsuojelu-320x160.png 320w\" sizes=\"auto, (max-width: 1024px) 100vw, 1024px\" \/><\/figure>\n\n\n\n<h4 class=\"wp-block-heading\" style=\"text-decoration:underline\">Kissoihin liittyv\u00e4t asiat<\/h4>\n\n\n\n<p>*<strong>Kissoja<\/strong> koskevissa asioissa ota yhteys <a href=\"https:\/\/kallanesy.fi\/kallanesy\/\">Kallan El\u00e4insuojeluun<\/a>. Yhdistys hoitaa kodittomia kissoja, tekee populaatiokissojen loukutuksia sek\u00e4 mahdollisuuksien mukaan ottaa vastaan kodinvaihtajia.<\/p>\n\n\n\n<p>&#8211; yhteydenotot ensisijaisesti s\u00e4hk\u00f6postitse: kallanesy@gmail.com<br>&#8211; puh. 044 2437665 (mik\u00e4li et saa yhteytt\u00e4, j\u00e4t\u00e4 viesti)<\/p>\n\n\n\n<p>Huom! Kallan El\u00e4insuojelu <strong>EI<\/strong> yll\u00e4pid\u00e4 Kuopion kaupungin l\u00f6yt\u00f6el\u00e4insuojaa. L\u00f6yt\u00f6el\u00e4insuojaa yll\u00e4pit\u00e4\u00e4&nbsp;El\u00e4inhoitola Ilo.<\/p>\n\n\n\n<p>*<strong>L\u00f6ysitk\u00f6 karkuteill\u00e4 olevan kissan \/ p\u00e4\u00e4sik\u00f6 kissasi karkuun?<\/strong><\/p>\n\n\n\n<p>Mik\u00e4li l\u00f6yd\u00e4t kissan, mutta omistaja ei ole tiedossa, ota yhteytt\u00e4 <strong>Kuopion kaupungin l\u00f6yt\u00f6el\u00e4insuojaan,<\/strong> <strong>El\u00e4inhoitola Iloon<\/strong>. P\u00e4\u00e4s\u00e4\u00e4nt\u00f6isesti l\u00f6yt\u00f6el\u00e4imet kiinniottaa ja toimittaa el\u00e4insuojaan el\u00e4imen l\u00f6yt\u00e4j\u00e4. L\u00f6yt\u00f6el\u00e4insuoja voi kuitenkin j\u00e4rjest\u00e4\u00e4 kuljetuksen, mik\u00e4li se ei ole l\u00f6yt\u00e4j\u00e4n puolesta mahdollista. <br><br>&#8211; puh. 045&nbsp; 7839 7721 <br>&#8211; Lotteisentie 32, Toivala <br>&#8211; Toimipiste on avoinna arkisin kello 12\u201317, viikonloppuisin ja arkipyhin\u00e4 kello 12\u201316<\/p>\n\n\n\n<p>Ilmoita l\u00f6yt\u00f6el\u00e4insuojaan my\u00f6s kadonneesta lemmikist\u00e4si. T\u00e4m\u00e4 nopeuttaa ja auttaa karkulaisen omistajan etsinn\u00e4ss\u00e4.<\/p>\n\n\n\n<p>Muut Pohjois-Savon l\u00f6yt\u00f6el\u00e4insuojat l\u00f6yd\u00e4t <a href=\"https:\/\/sey.fi\/savo\/savon-elainsuojelu-ry\/loytoelaimet-ja-kodittomat\/\">t\u00e4\u00e4lt\u00e4.<\/a><\/p>\n\n\n\n<hr class=\"wp-block-separator has-alpha-channel-opacity\" \/>\n\n\n\n<h4 class=\"wp-block-heading\" style=\"text-decoration:underline\">Koiriin liittyv\u00e4t asiat<\/h4>\n\n\n\n<p>*<strong>Koiriin<\/strong> liittyviss\u00e4 asioissa ota yhteytt\u00e4 <a href=\"https:\/\/kuopionseudunesy.fi\/\">Kuopion Seudun El\u00e4insuojeluyhdistykseen<\/a>. Yhdistys hoitaa p\u00e4\u00e4asiassa kodittomia koiria, mutta my\u00f6s kissoja ja kaneja.<\/p>\n\n\n\n<p>&#8211; s\u00e4hk\u00f6posti: kuopionseudunesy@gmail.com <br>&#8211; puh: 044 4938 711 \/ 044 9017 288 (kanit) <\/p>\n\n\n\n<p><\/p>\n\n\n\n<p>*<strong>L\u00f6ysitk\u00f6 koiran \/ onko koirasi kateissa?<\/strong><br>Mik\u00e4li l\u00f6yd\u00e4t koiran karkuteill\u00e4 ja omistaja ei ole tiedossa, ota yhteytt\u00e4 <strong>Kuopion kaupungin l\u00f6yt\u00f6el\u00e4insuojaan,<\/strong> <strong>El\u00e4inhoitola Iloon<\/strong>. P\u00e4\u00e4s\u00e4\u00e4nt\u00f6isesti l\u00f6yt\u00f6el\u00e4imet kiinniottaa ja toimittaa el\u00e4insuojaan el\u00e4imen l\u00f6yt\u00e4j\u00e4. L\u00f6yt\u00f6el\u00e4insuoja voi kuitenkin j\u00e4rjest\u00e4\u00e4 kuljetuksen, mik\u00e4li se ei ole l\u00f6yt\u00e4j\u00e4n puolesta mahdollista. <br><br>&#8211; puh. 045&nbsp; 7839 7721 <br>&#8211; Lotteisentie 32, Toivala <br>&#8211; Toimipiste on avoinna arkisin kello 12\u201317, viikonloppuisin ja arkipyhin\u00e4 kello 12\u201316<\/p>\n\n\n\n<p>Ilmoita l\u00f6yt\u00f6el\u00e4insuojaan my\u00f6s kadonneesta lemmikist\u00e4si. T\u00e4m\u00e4 nopeuttaa ja auttaa karkulaisen omistajan etsinn\u00e4ss\u00e4.<\/p>\n\n\n\n<p>Muut Pohjois-Savon l\u00f6yt\u00f6el\u00e4insuojat l\u00f6yd\u00e4t <a href=\"https:\/\/sey.fi\/savo\/savon-elainsuojelu-ry\/loytoelaimet-ja-kodittomat\/\">t\u00e4\u00e4lt\u00e4.<\/a><\/p>\n\n\n\n<hr class=\"wp-block-separator has-alpha-channel-opacity\" \/>\n\n\n\n<h4 class=\"wp-block-heading\" style=\"text-decoration:underline\">El\u00e4inten kaltoinkohtelu<\/h4>\n\n\n\n<p>Mik\u00e4li ep\u00e4ilet el\u00e4imen kaltoinkohtelua, tee asiasta el\u00e4insuojeluilmoitus.  <br><br><strong>SIILINJ\u00c4RVEN YMP\u00c4RIST\u00d6TERVEYSPALVELUIDEN alueella<\/strong>:&nbsp;Siilinj\u00e4rvi, Kuopio (sis. Karttula, Vehmersalmi, Maaninka, Nilsi\u00e4, Juankoski), Lapinlahti, Rautavaara, Kaavi ja Tuusniemi ilmoitus tehd\u00e4\u00e4n Siilinj\u00e4rven kunnan sivuilta l\u00f6ytyv\u00e4ll\u00e4 lomakkeella. <br><a href=\"https:\/\/sey.fi\/savo\/savon-elainsuojelu-ry\/elainsuojelu\/\">Katso tarkemmat tiedot t\u00e4\u00e4lt\u00e4.<\/a><\/p>\n\n\n\n<p style=\"text-decoration:underline\"><strong>Kiireellisessa tapauksessa<\/strong>&nbsp;saat poliisin yhteyden soittamalla h\u00e4t\u00e4numeroon 112.<\/p>\n\n\n\n<hr class=\"wp-block-separator has-alpha-channel-opacity\" \/>\n\n\n\n<h4 class=\"wp-block-heading\" style=\"text-decoration:underline\">Kaipaatko neuvoja ja ohjeita el\u00e4intenpitoon liittyen?<\/h4>\n\n\n\n<p>SEYn kouluttamat vapaaehtoiset el\u00e4insuojeluneuvojat auttavat el\u00e4intenpitoon liittyviss\u00e4 ongelmissa. Heille voi tehd\u00e4 my\u00f6s ilmoituksen, mik\u00e4li ep\u00e4ilee el\u00e4imen huonoa kohtelua.<\/p>\n\n\n\n<p>Vapaaehtoisten el\u00e4insuojeluneuvojien yhteystiedot alueittain <a href=\"https:\/\/sey.fi\/savo\/savon-elainsuojelu-ry\/elainsuojelu\/\">l\u00f6yd\u00e4t t\u00e4\u00e4lt\u00e4.<\/a><\/p>\n\n\n\n<hr class=\"wp-block-separator has-alpha-channel-opacity\" \/>\n\n\n\n<h4 class=\"wp-block-heading\" style=\"text-decoration:underline\">Luonnonvaraiset el\u00e4imet<\/h4>\n\n\n\n<p>El\u00e4insuojelulain mukaan sairasta, vahingoittunutta tai muuten avuttomassa tilassa olevaa luonnonvaraista el\u00e4int\u00e4 tulee auttaa.&nbsp;<\/p>\n\n\n\n<p>Yhteystiedot ja tarkempia ohjeita <a href=\"https:\/\/sey.fi\/savo\/luonnonvaraisten-elainten-auttaminen\/\">l\u00f6yd\u00e4t t\u00e4\u00e4lt\u00e4.<\/a><\/p>\n","protected":false},"excerpt":{"rendered":"<p>Kissoihin liittyv\u00e4t asiat *Kissoja koskevissa asioissa ota yhteys Kallan El\u00e4insuojeluun. Yhdistys hoitaa kodittomia kissoja, tekee populaatiokissojen loukutuksia sek\u00e4 mahdollisuuksien mukaan ottaa vastaan kodinvaihtajia. &#8211; yhteydenotot ensisijaisesti s\u00e4hk\u00f6postitse: kallanesy@gmail.com&#8211; puh. 044 2437665 (mik\u00e4li et saa yhteytt\u00e4, j\u00e4t\u00e4 viesti) Huom! Kallan El\u00e4insuojelu EI yll\u00e4pid\u00e4 Kuopion kaupungin l\u00f6yt\u00f6el\u00e4insuojaa. L\u00f6yt\u00f6el\u00e4insuojaa yll\u00e4pit\u00e4\u00e4&nbsp;El\u00e4inhoitola Ilo. *L\u00f6ysitk\u00f6 karkuteill\u00e4 olevan kissan \/ p\u00e4\u00e4sik\u00f6 kissasi [&hellip;]<\/p>\n","protected":false},"author":27,"featured_media":0,"parent":0,"menu_order":0,"comment_status":"closed","ping_status":"closed","template":"","meta":{"_acf_changed":false,"footnotes":""},"class_list":["post-710","page","type-page","status-publish","hentry"],"acf":[],"yoast_head":"<!-- This site is optimized with the Yoast SEO plugin v27.1.1 - https:\/\/yoast.com\/product\/yoast-seo-wordpress\/ -->\n<title>Pohjois-Savon el\u00e4insuojelutoimijat, yhteystietoja - Savon El\u00e4insuojelu<\/title>\n<meta name=\"description\" content=\"Mihin otan yhteytt\u00e4 jos l\u00f6yd\u00e4n kissan tai koiran? Mist\u00e4 saan apua luonnonvaraisten el\u00e4inten auttamiseen? Mihin teen el\u00e4insuojeluilmoituksen?\" \/>\n<meta name=\"robots\" content=\"index, follow, max-snippet:-1, max-image-preview:large, max-video-preview:-1\" \/>\n<link rel=\"canonical\" href=\"https:\/\/sey.fi\/savo\/mihin-otan-yhteytta-pohjois-savon-alueella\/\" \/>\n<meta property=\"og:locale\" content=\"fi_FI\" \/>\n<meta property=\"og:type\" content=\"article\" \/>\n<meta property=\"og:title\" content=\"Pohjois-Savon el\u00e4insuojelutoimijat, yhteystietoja - Savon El\u00e4insuojelu\" \/>\n<meta property=\"og:description\" content=\"Mihin otan yhteytt\u00e4 jos l\u00f6yd\u00e4n kissan tai koiran? Mist\u00e4 saan apua luonnonvaraisten el\u00e4inten auttamiseen? Mihin teen el\u00e4insuojeluilmoituksen?\" \/>\n<meta property=\"og:url\" content=\"https:\/\/sey.fi\/savo\/mihin-otan-yhteytta-pohjois-savon-alueella\/\" \/>\n<meta property=\"og:site_name\" content=\"Savon El\u00e4insuojelu\" \/>\n<meta property=\"article:modified_time\" content=\"2025-06-21T18:23:22+00:00\" \/>\n<meta property=\"og:image\" content=\"https:\/\/sey.fi\/wp-content\/uploads\/sites\/30\/2025\/06\/minne_otan_yheytta_elainsuojeluasioissa_savon_elainsuojelu.png\" \/>\n\t<meta property=\"og:image:width\" content=\"1024\" \/>\n\t<meta property=\"og:image:height\" content=\"512\" \/>\n\t<meta property=\"og:image:type\" content=\"image\/png\" \/>\n<meta name=\"twitter:card\" content=\"summary_large_image\" \/>\n<meta name=\"twitter:label1\" content=\"Arvioitu lukuaika\" \/>\n\t<meta name=\"twitter:data1\" content=\"3 minuuttia\" \/>\n<script type=\"application\/ld+json\" class=\"yoast-schema-graph\">{\"@context\":\"https:\/\/schema.org\",\"@graph\":[{\"@type\":\"WebPage\",\"@id\":\"https:\/\/sey.fi\/savo\/mihin-otan-yhteytta-pohjois-savon-alueella\/\",\"url\":\"https:\/\/sey.fi\/savo\/mihin-otan-yhteytta-pohjois-savon-alueella\/\",\"name\":\"Pohjois-Savon el\u00e4insuojelutoimijat, yhteystietoja - Savon El\u00e4insuojelu\",\"isPartOf\":{\"@id\":\"https:\/\/sey.fi\/savo\/#website\"},\"primaryImageOfPage\":{\"@id\":\"https:\/\/sey.fi\/savo\/mihin-otan-yhteytta-pohjois-savon-alueella\/#primaryimage\"},\"image\":{\"@id\":\"https:\/\/sey.fi\/savo\/mihin-otan-yhteytta-pohjois-savon-alueella\/#primaryimage\"},\"thumbnailUrl\":\"https:\/\/sey.fi\/wp-content\/uploads\/sites\/30\/2025\/06\/minne_otan_yheytta_elainsuojeluasioissa_savon_elainsuojelu.png\",\"datePublished\":\"2025-06-18T19:32:07+00:00\",\"dateModified\":\"2025-06-21T18:23:22+00:00\",\"description\":\"Mihin otan yhteytt\u00e4 jos l\u00f6yd\u00e4n kissan tai koiran? Mist\u00e4 saan apua luonnonvaraisten el\u00e4inten auttamiseen? Mihin teen el\u00e4insuojeluilmoituksen?\",\"breadcrumb\":{\"@id\":\"https:\/\/sey.fi\/savo\/mihin-otan-yhteytta-pohjois-savon-alueella\/#breadcrumb\"},\"inLanguage\":\"fi\",\"potentialAction\":[{\"@type\":\"ReadAction\",\"target\":[\"https:\/\/sey.fi\/savo\/mihin-otan-yhteytta-pohjois-savon-alueella\/\"]}]},{\"@type\":\"ImageObject\",\"inLanguage\":\"fi\",\"@id\":\"https:\/\/sey.fi\/savo\/mihin-otan-yhteytta-pohjois-savon-alueella\/#primaryimage\",\"url\":\"https:\/\/sey.fi\/wp-content\/uploads\/sites\/30\/2025\/06\/minne_otan_yheytta_elainsuojeluasioissa_savon_elainsuojelu.png\",\"contentUrl\":\"https:\/\/sey.fi\/wp-content\/uploads\/sites\/30\/2025\/06\/minne_otan_yheytta_elainsuojeluasioissa_savon_elainsuojelu.png\"},{\"@type\":\"BreadcrumbList\",\"@id\":\"https:\/\/sey.fi\/savo\/mihin-otan-yhteytta-pohjois-savon-alueella\/#breadcrumb\",\"itemListElement\":[{\"@type\":\"ListItem\",\"position\":1,\"name\":\"Home\",\"item\":\"https:\/\/sey.fi\/savo\/\"},{\"@type\":\"ListItem\",\"position\":2,\"name\":\"Pohjois-Savon el\u00e4insuojelutoimijat, yhteystietoja\"}]},{\"@type\":\"WebSite\",\"@id\":\"https:\/\/sey.fi\/savo\/#website\",\"url\":\"https:\/\/sey.fi\/savo\/\",\"name\":\"Savon El\u00e4insuojelu\",\"description\":\"Uusi SEY J\u00e4senyhdistykset -sivusto\",\"potentialAction\":[{\"@type\":\"SearchAction\",\"target\":{\"@type\":\"EntryPoint\",\"urlTemplate\":\"https:\/\/sey.fi\/savo\/?s={search_term_string}\"},\"query-input\":{\"@type\":\"PropertyValueSpecification\",\"valueRequired\":true,\"valueName\":\"search_term_string\"}}],\"inLanguage\":\"fi\"}]}<\/script>\n<!-- \/ Yoast SEO plugin. -->","yoast_head_json":{"title":"Pohjois-Savon el\u00e4insuojelutoimijat, yhteystietoja - Savon El\u00e4insuojelu","description":"Mihin otan yhteytt\u00e4 jos l\u00f6yd\u00e4n kissan tai koiran? Mist\u00e4 saan apua luonnonvaraisten el\u00e4inten auttamiseen? Mihin teen el\u00e4insuojeluilmoituksen?","robots":{"index":"index","follow":"follow","max-snippet":"max-snippet:-1","max-image-preview":"max-image-preview:large","max-video-preview":"max-video-preview:-1"},"canonical":"https:\/\/sey.fi\/savo\/mihin-otan-yhteytta-pohjois-savon-alueella\/","og_locale":"fi_FI","og_type":"article","og_title":"Pohjois-Savon el\u00e4insuojelutoimijat, yhteystietoja - Savon El\u00e4insuojelu","og_description":"Mihin otan yhteytt\u00e4 jos l\u00f6yd\u00e4n kissan tai koiran? Mist\u00e4 saan apua luonnonvaraisten el\u00e4inten auttamiseen? Mihin teen el\u00e4insuojeluilmoituksen?","og_url":"https:\/\/sey.fi\/savo\/mihin-otan-yhteytta-pohjois-savon-alueella\/","og_site_name":"Savon El\u00e4insuojelu","article_modified_time":"2025-06-21T18:23:22+00:00","og_image":[{"width":1024,"height":512,"url":"https:\/\/sey.fi\/wp-content\/uploads\/sites\/30\/2025\/06\/minne_otan_yheytta_elainsuojeluasioissa_savon_elainsuojelu.png","type":"image\/png"}],"twitter_card":"summary_large_image","twitter_misc":{"Arvioitu lukuaika":"3 minuuttia"},"schema":{"@context":"https:\/\/schema.org","@graph":[{"@type":"WebPage","@id":"https:\/\/sey.fi\/savo\/mihin-otan-yhteytta-pohjois-savon-alueella\/","url":"https:\/\/sey.fi\/savo\/mihin-otan-yhteytta-pohjois-savon-alueella\/","name":"Pohjois-Savon el\u00e4insuojelutoimijat, yhteystietoja - Savon El\u00e4insuojelu","isPartOf":{"@id":"https:\/\/sey.fi\/savo\/#website"},"primaryImageOfPage":{"@id":"https:\/\/sey.fi\/savo\/mihin-otan-yhteytta-pohjois-savon-alueella\/#primaryimage"},"image":{"@id":"https:\/\/sey.fi\/savo\/mihin-otan-yhteytta-pohjois-savon-alueella\/#primaryimage"},"thumbnailUrl":"https:\/\/sey.fi\/wp-content\/uploads\/sites\/30\/2025\/06\/minne_otan_yheytta_elainsuojeluasioissa_savon_elainsuojelu.png","datePublished":"2025-06-18T19:32:07+00:00","dateModified":"2025-06-21T18:23:22+00:00","description":"Mihin otan yhteytt\u00e4 jos l\u00f6yd\u00e4n kissan tai koiran? Mist\u00e4 saan apua luonnonvaraisten el\u00e4inten auttamiseen? Mihin teen el\u00e4insuojeluilmoituksen?","breadcrumb":{"@id":"https:\/\/sey.fi\/savo\/mihin-otan-yhteytta-pohjois-savon-alueella\/#breadcrumb"},"inLanguage":"fi","potentialAction":[{"@type":"ReadAction","target":["https:\/\/sey.fi\/savo\/mihin-otan-yhteytta-pohjois-savon-alueella\/"]}]},{"@type":"ImageObject","inLanguage":"fi","@id":"https:\/\/sey.fi\/savo\/mihin-otan-yhteytta-pohjois-savon-alueella\/#primaryimage","url":"https:\/\/sey.fi\/wp-content\/uploads\/sites\/30\/2025\/06\/minne_otan_yheytta_elainsuojeluasioissa_savon_elainsuojelu.png","contentUrl":"https:\/\/sey.fi\/wp-content\/uploads\/sites\/30\/2025\/06\/minne_otan_yheytta_elainsuojeluasioissa_savon_elainsuojelu.png"},{"@type":"BreadcrumbList","@id":"https:\/\/sey.fi\/savo\/mihin-otan-yhteytta-pohjois-savon-alueella\/#breadcrumb","itemListElement":[{"@type":"ListItem","position":1,"name":"Home","item":"https:\/\/sey.fi\/savo\/"},{"@type":"ListItem","position":2,"name":"Pohjois-Savon el\u00e4insuojelutoimijat, yhteystietoja"}]},{"@type":"WebSite","@id":"https:\/\/sey.fi\/savo\/#website","url":"https:\/\/sey.fi\/savo\/","name":"Savon El\u00e4insuojelu","description":"Uusi SEY J\u00e4senyhdistykset -sivusto","potentialAction":[{"@type":"SearchAction","target":{"@type":"EntryPoint","urlTemplate":"https:\/\/sey.fi\/savo\/?s={search_term_string}"},"query-input":{"@type":"PropertyValueSpecification","valueRequired":true,"valueName":"search_term_string"}}],"inLanguage":"fi"}]}},"_links":{"self":[{"href":"https:\/\/sey.fi\/savo\/wp-json\/wp\/v2\/pages\/710","targetHints":{"allow":["GET"]}}],"collection":[{"href":"https:\/\/sey.fi\/savo\/wp-json\/wp\/v2\/pages"}],"about":[{"href":"https:\/\/sey.fi\/savo\/wp-json\/wp\/v2\/types\/page"}],"author":[{"embeddable":true,"href":"https:\/\/sey.fi\/savo\/wp-json\/wp\/v2\/users\/27"}],"replies":[{"embeddable":true,"href":"https:\/\/sey.fi\/savo\/wp-json\/wp\/v2\/comments?post=710"}],"version-history":[{"count":7,"href":"https:\/\/sey.fi\/savo\/wp-json\/wp\/v2\/pages\/710\/revisions"}],"predecessor-version":[{"id":724,"href":"https:\/\/sey.fi\/savo\/wp-json\/wp\/v2\/pages\/710\/revisions\/724"}],"wp:attachment":[{"href":"https:\/\/sey.fi\/savo\/wp-json\/wp\/v2\/media?parent=710"}],"curies":[{"name":"wp","href":"https:\/\/api.w.org\/{rel}","templated":true}]}}