{"id":969,"date":"2026-01-28T21:55:19","date_gmt":"2026-01-28T19:55:19","guid":{"rendered":"https:\/\/sey.fi\/savo\/?page_id=969"},"modified":"2026-01-28T22:35:25","modified_gmt":"2026-01-28T20:35:25","slug":"mikrosiru-ilman-rekisterointia-hyodyton","status":"publish","type":"page","link":"https:\/\/sey.fi\/savo\/mikrosiru-ilman-rekisterointia-hyodyton\/","title":{"rendered":"Mikrosiru &#8211; ilman rekister\u00f6inti\u00e4 hy\u00f6dyt\u00f6n"},"content":{"rendered":"\n<figure class=\"wp-block-image size-full\"><img loading=\"lazy\" decoding=\"async\" width=\"1024\" height=\"512\" src=\"https:\/\/sey.fi\/wp-content\/uploads\/sites\/30\/2026\/01\/lemmikin_turvasiru_auttaa_karkulaisen_takaisin_kotiin.png\" alt=\"\" class=\"wp-image-970\" srcset=\"https:\/\/sey.fi\/wp-content\/uploads\/sites\/30\/2026\/01\/lemmikin_turvasiru_auttaa_karkulaisen_takaisin_kotiin.png 1024w, https:\/\/sey.fi\/wp-content\/uploads\/sites\/30\/2026\/01\/lemmikin_turvasiru_auttaa_karkulaisen_takaisin_kotiin-300x150.png 300w, https:\/\/sey.fi\/wp-content\/uploads\/sites\/30\/2026\/01\/lemmikin_turvasiru_auttaa_karkulaisen_takaisin_kotiin-768x384.png 768w, https:\/\/sey.fi\/wp-content\/uploads\/sites\/30\/2026\/01\/lemmikin_turvasiru_auttaa_karkulaisen_takaisin_kotiin-640x320.png 640w, https:\/\/sey.fi\/wp-content\/uploads\/sites\/30\/2026\/01\/lemmikin_turvasiru_auttaa_karkulaisen_takaisin_kotiin-320x160.png 320w\" sizes=\"auto, (max-width: 1024px) 100vw, 1024px\" \/><\/figure>\n\n\n\n<p><strong>Tiesitk\u00f6, ett\u00e4 lemmikkisi mikrosiru si\u00e4lt\u00e4\u00e4 yksil\u00f6llisen numerosarjan, mutta muuta tietoa siit\u00e4 ei l\u00f6ydy? <\/strong>Jotta karkuteille l\u00e4hteneen el\u00e4imen omistaja pystyt\u00e4\u00e4n selvitt\u00e4m\u00e4\u00e4n, on siru pit\u00e4nyt rekister\u00f6id\u00e4 johonkin mikrosirurekisteriin.<strong> Ilman rekister\u00f6inti\u00e4 siru on hy\u00f6dyt\u00f6n.<\/strong><\/p>\n\n\n\n<p>Sirun asentaa el\u00e4inl\u00e4\u00e4k\u00e4ri tai muu asiaan koulutettu henkil\u00f6. Sirun tekister\u00f6iminen puolestaan kuuluu lemmikin omistajalle, tiedot eiv\u00e4t siirry rekistereihin automaattisesti.<\/p>\n\n\n\n<p>Harva j\u00e4tt\u00e4\u00e4 sirun rekister\u00f6im\u00e4tt\u00e4 v\u00e4linpit\u00e4m\u00e4tt\u00f6myytt\u00e4\u00e4n, vaan kyse on useimmiten v\u00e4\u00e4rinymm\u00e4rryksest\u00e4 tai unohduksesta. Sirun rekister\u00f6im\u00e4tt\u00e4 j\u00e4\u00e4minen tarkoittaa harmittavasti sit\u00e4, ett\u00e4 lemmikin turvaksi hankittu siru ei t\u00e4yt\u00e4k\u00e4\u00e4n teht\u00e4v\u00e4\u00e4ns\u00e4. <\/p>\n\n\n\n<p>My\u00f6s l\u00f6yt\u00f6el\u00e4insuojissa sirujen rekister\u00f6im\u00e4tt\u00f6myys aiheuttaa p\u00e4\u00e4nvaivaa. On turhauttavaa, ett\u00e4 karkuteille l\u00e4htenyt el\u00e4in saadaan turvaan, mutta omistajaan ei pystyt\u00e4 ottamaan yhteytt\u00e4 sirun rekister\u00f6innin puuttumisen vuoksi.<\/p>\n\n\n\n<p>Sirurekisterej\u00e4 on Suomessa useita, lemmikin omistaja itse valitsee, mihin niist\u00e4 lemmikkins\u00e4 haluaa rekister\u00f6id\u00e4. T\u00e4llaisia ovat mm. <a href=\"https:\/\/siruhaku.fi\/\">siruhaku.fi<\/a>, <a href=\"https:\/\/turvasiru.fi\/\">Turvasiru.fi<\/a>, <a href=\"https:\/\/kissaliitto.fi\/kissan-omistaminen\/tunnistusmerkinta\/\">Suomen Kissaliitto Omakissa<\/a> (my\u00f6s kotikissojen rekister\u00f6inti mahdollista).<\/p>\n\n\n\n<p><strong>Savon El\u00e4insuojelu ry j\u00e4rjest\u00e4\u00e4 mahdollisuuksiensa mukaan sirutustapahtumia Pohjois-Savon alueella. Viestimme tapahtumista kotisivujemme &#8221;ajankohtaista&#8221;-osiossa sek\u00e4 sosiaalisessa mediassa. <\/strong><\/p>\n\n\n\n<h2 class=\"wp-block-heading\">Ruokaviraston koirarekisteri<\/h2>\n\n\n\n<p>Koirarekisteri on Ruokaviraston yll\u00e4pit\u00e4m\u00e4 viranomaisrekisteri. Maa- ja mets\u00e4talousministeri\u00f6 p\u00e4\u00e4tti vuonna 2021, ett\u00e4 kaikki Suomessa asuvat koirat tulee jatkossa tunnistusmerkit\u00e4 ja rekister\u00f6id\u00e4 viranomaisrekisteriin.&nbsp;<\/p>\n\n\n\n<p>Ruokaviraston ohjeet rekister\u00f6innin suhteen:<\/p>\n\n\n\n<p>Ennen 1.1.2023 syntyneet koirat:<\/p>\n\n\n\n<ul class=\"wp-block-list\">\n<li>koira tulee merkit\u00e4 mikrosirulla (jos sirua ei jo ole)<\/li>\n\n\n\n<li>koiran tiedot tulee ilmoittaa rekisteriin<\/li>\n\n\n\n<li>m\u00e4\u00e4r\u00e4aika vuoden 2023 loppu<\/li>\n<\/ul>\n\n\n\n<p>1.1.2023 j\u00e4lkeen syntyneet koirat:<\/p>\n\n\n\n<ul class=\"wp-block-list\">\n<li>koirat tulee merkit\u00e4 mikrosirulla<\/li>\n\n\n\n<li>koiran tiedot tulee ilmoittaa rekisteriin<\/li>\n\n\n\n<li>viimeist\u00e4\u00e4n 3 kk i\u00e4ss\u00e4&nbsp;tai&nbsp;aiemmin, jos koira luovutetaan uudelle haltijalle ennen 3 kk ik\u00e4\u00e4<\/li>\n<\/ul>\n\n\n\n<p>1.1.2023 j\u00e4lkeen maahantuodut koirat:<\/p>\n\n\n\n<ul class=\"wp-block-list\">\n<li>koiralla on jo mikrosiru<\/li>\n\n\n\n<li>koiran tiedot tulee ilmoittaa rekisteriin<\/li>\n\n\n\n<li>nelj\u00e4n viikon kuluessa saapumisesta&nbsp;tai&nbsp;aiemmin, jos koira luovutetaan uudelle haltijalle ennen nelj\u00e4n viikon m\u00e4\u00e4r\u00e4aikaa<\/li>\n<\/ul>\n\n\n\n<p><a href=\"https:\/\/sey.fi\/savo\/ruokaviraston-koirarekisteri\/\">Lis\u00e4tietoja asiasta l\u00f6yd\u00e4t t\u00e4\u00e4lt\u00e4.<\/a><\/p>\n","protected":false},"excerpt":{"rendered":"<p>Tiesitk\u00f6, ett\u00e4 lemmikkisi mikrosiru si\u00e4lt\u00e4\u00e4 yksil\u00f6llisen numerosarjan, mutta muuta tietoa siit\u00e4 ei l\u00f6ydy? Jotta karkuteille l\u00e4hteneen el\u00e4imen omistaja pystyt\u00e4\u00e4n selvitt\u00e4m\u00e4\u00e4n, on siru pit\u00e4nyt rekister\u00f6id\u00e4 johonkin mikrosirurekisteriin. Ilman rekister\u00f6inti\u00e4 siru on hy\u00f6dyt\u00f6n. Sirun asentaa el\u00e4inl\u00e4\u00e4k\u00e4ri tai muu asiaan koulutettu henkil\u00f6. Sirun tekister\u00f6iminen puolestaan kuuluu lemmikin omistajalle, tiedot eiv\u00e4t siirry rekistereihin automaattisesti. Harva j\u00e4tt\u00e4\u00e4 sirun rekister\u00f6im\u00e4tt\u00e4 v\u00e4linpit\u00e4m\u00e4tt\u00f6myytt\u00e4\u00e4n, [&hellip;]<\/p>\n","protected":false},"author":27,"featured_media":0,"parent":0,"menu_order":0,"comment_status":"closed","ping_status":"closed","template":"","meta":{"_acf_changed":false,"footnotes":""},"class_list":["post-969","page","type-page","status-publish","hentry"],"acf":[],"yoast_head":"<!-- This site is optimized with the Yoast SEO plugin v27.1.1 - https:\/\/yoast.com\/product\/yoast-seo-wordpress\/ -->\n<title>Mikrosiru - ilman rekister\u00f6inti\u00e4 hy\u00f6dyt\u00f6n - Savon El\u00e4insuojelu<\/title>\n<meta name=\"robots\" content=\"index, follow, max-snippet:-1, max-image-preview:large, max-video-preview:-1\" \/>\n<link rel=\"canonical\" href=\"https:\/\/sey.fi\/savo\/mikrosiru-ilman-rekisterointia-hyodyton\/\" \/>\n<meta property=\"og:locale\" content=\"fi_FI\" \/>\n<meta property=\"og:type\" content=\"article\" \/>\n<meta property=\"og:title\" content=\"Mikrosiru - ilman rekister\u00f6inti\u00e4 hy\u00f6dyt\u00f6n - Savon El\u00e4insuojelu\" \/>\n<meta property=\"og:description\" content=\"Tiesitk\u00f6, ett\u00e4 lemmikkisi mikrosiru si\u00e4lt\u00e4\u00e4 yksil\u00f6llisen numerosarjan, mutta muuta tietoa siit\u00e4 ei l\u00f6ydy? Jotta karkuteille l\u00e4hteneen el\u00e4imen omistaja pystyt\u00e4\u00e4n selvitt\u00e4m\u00e4\u00e4n, on siru pit\u00e4nyt rekister\u00f6id\u00e4 johonkin mikrosirurekisteriin. Ilman rekister\u00f6inti\u00e4 siru on hy\u00f6dyt\u00f6n. Sirun asentaa el\u00e4inl\u00e4\u00e4k\u00e4ri tai muu asiaan koulutettu henkil\u00f6. Sirun tekister\u00f6iminen puolestaan kuuluu lemmikin omistajalle, tiedot eiv\u00e4t siirry rekistereihin automaattisesti. Harva j\u00e4tt\u00e4\u00e4 sirun rekister\u00f6im\u00e4tt\u00e4 v\u00e4linpit\u00e4m\u00e4tt\u00f6myytt\u00e4\u00e4n, [&hellip;]\" \/>\n<meta property=\"og:url\" content=\"https:\/\/sey.fi\/savo\/mikrosiru-ilman-rekisterointia-hyodyton\/\" \/>\n<meta property=\"og:site_name\" content=\"Savon El\u00e4insuojelu\" \/>\n<meta property=\"article:modified_time\" content=\"2026-01-28T20:35:25+00:00\" \/>\n<meta property=\"og:image\" content=\"https:\/\/sey.fi\/wp-content\/uploads\/sites\/30\/2026\/01\/lemmikin_turvasiru_auttaa_karkulaisen_takaisin_kotiin.png\" \/>\n\t<meta property=\"og:image:width\" content=\"1024\" \/>\n\t<meta property=\"og:image:height\" content=\"512\" \/>\n\t<meta property=\"og:image:type\" content=\"image\/png\" \/>\n<meta name=\"twitter:card\" content=\"summary_large_image\" \/>\n<meta name=\"twitter:label1\" content=\"Arvioitu lukuaika\" \/>\n\t<meta name=\"twitter:data1\" content=\"2 minuuttia\" \/>\n<script type=\"application\/ld+json\" class=\"yoast-schema-graph\">{\"@context\":\"https:\/\/schema.org\",\"@graph\":[{\"@type\":\"WebPage\",\"@id\":\"https:\/\/sey.fi\/savo\/mikrosiru-ilman-rekisterointia-hyodyton\/\",\"url\":\"https:\/\/sey.fi\/savo\/mikrosiru-ilman-rekisterointia-hyodyton\/\",\"name\":\"Mikrosiru - ilman rekister\u00f6inti\u00e4 hy\u00f6dyt\u00f6n - Savon El\u00e4insuojelu\",\"isPartOf\":{\"@id\":\"https:\/\/sey.fi\/savo\/#website\"},\"primaryImageOfPage\":{\"@id\":\"https:\/\/sey.fi\/savo\/mikrosiru-ilman-rekisterointia-hyodyton\/#primaryimage\"},\"image\":{\"@id\":\"https:\/\/sey.fi\/savo\/mikrosiru-ilman-rekisterointia-hyodyton\/#primaryimage\"},\"thumbnailUrl\":\"https:\/\/sey.fi\/wp-content\/uploads\/sites\/30\/2026\/01\/lemmikin_turvasiru_auttaa_karkulaisen_takaisin_kotiin.png\",\"datePublished\":\"2026-01-28T19:55:19+00:00\",\"dateModified\":\"2026-01-28T20:35:25+00:00\",\"breadcrumb\":{\"@id\":\"https:\/\/sey.fi\/savo\/mikrosiru-ilman-rekisterointia-hyodyton\/#breadcrumb\"},\"inLanguage\":\"fi\",\"potentialAction\":[{\"@type\":\"ReadAction\",\"target\":[\"https:\/\/sey.fi\/savo\/mikrosiru-ilman-rekisterointia-hyodyton\/\"]}]},{\"@type\":\"ImageObject\",\"inLanguage\":\"fi\",\"@id\":\"https:\/\/sey.fi\/savo\/mikrosiru-ilman-rekisterointia-hyodyton\/#primaryimage\",\"url\":\"https:\/\/sey.fi\/wp-content\/uploads\/sites\/30\/2026\/01\/lemmikin_turvasiru_auttaa_karkulaisen_takaisin_kotiin.png\",\"contentUrl\":\"https:\/\/sey.fi\/wp-content\/uploads\/sites\/30\/2026\/01\/lemmikin_turvasiru_auttaa_karkulaisen_takaisin_kotiin.png\"},{\"@type\":\"BreadcrumbList\",\"@id\":\"https:\/\/sey.fi\/savo\/mikrosiru-ilman-rekisterointia-hyodyton\/#breadcrumb\",\"itemListElement\":[{\"@type\":\"ListItem\",\"position\":1,\"name\":\"Home\",\"item\":\"https:\/\/sey.fi\/savo\/\"},{\"@type\":\"ListItem\",\"position\":2,\"name\":\"Mikrosiru &#8211; ilman rekister\u00f6inti\u00e4 hy\u00f6dyt\u00f6n\"}]},{\"@type\":\"WebSite\",\"@id\":\"https:\/\/sey.fi\/savo\/#website\",\"url\":\"https:\/\/sey.fi\/savo\/\",\"name\":\"Savon El\u00e4insuojelu\",\"description\":\"Uusi SEY J\u00e4senyhdistykset -sivusto\",\"potentialAction\":[{\"@type\":\"SearchAction\",\"target\":{\"@type\":\"EntryPoint\",\"urlTemplate\":\"https:\/\/sey.fi\/savo\/?s={search_term_string}\"},\"query-input\":{\"@type\":\"PropertyValueSpecification\",\"valueRequired\":true,\"valueName\":\"search_term_string\"}}],\"inLanguage\":\"fi\"}]}<\/script>\n<!-- \/ Yoast SEO plugin. -->","yoast_head_json":{"title":"Mikrosiru - ilman rekister\u00f6inti\u00e4 hy\u00f6dyt\u00f6n - Savon El\u00e4insuojelu","robots":{"index":"index","follow":"follow","max-snippet":"max-snippet:-1","max-image-preview":"max-image-preview:large","max-video-preview":"max-video-preview:-1"},"canonical":"https:\/\/sey.fi\/savo\/mikrosiru-ilman-rekisterointia-hyodyton\/","og_locale":"fi_FI","og_type":"article","og_title":"Mikrosiru - ilman rekister\u00f6inti\u00e4 hy\u00f6dyt\u00f6n - Savon El\u00e4insuojelu","og_description":"Tiesitk\u00f6, ett\u00e4 lemmikkisi mikrosiru si\u00e4lt\u00e4\u00e4 yksil\u00f6llisen numerosarjan, mutta muuta tietoa siit\u00e4 ei l\u00f6ydy? Jotta karkuteille l\u00e4hteneen el\u00e4imen omistaja pystyt\u00e4\u00e4n selvitt\u00e4m\u00e4\u00e4n, on siru pit\u00e4nyt rekister\u00f6id\u00e4 johonkin mikrosirurekisteriin. Ilman rekister\u00f6inti\u00e4 siru on hy\u00f6dyt\u00f6n. Sirun asentaa el\u00e4inl\u00e4\u00e4k\u00e4ri tai muu asiaan koulutettu henkil\u00f6. Sirun tekister\u00f6iminen puolestaan kuuluu lemmikin omistajalle, tiedot eiv\u00e4t siirry rekistereihin automaattisesti. Harva j\u00e4tt\u00e4\u00e4 sirun rekister\u00f6im\u00e4tt\u00e4 v\u00e4linpit\u00e4m\u00e4tt\u00f6myytt\u00e4\u00e4n, [&hellip;]","og_url":"https:\/\/sey.fi\/savo\/mikrosiru-ilman-rekisterointia-hyodyton\/","og_site_name":"Savon El\u00e4insuojelu","article_modified_time":"2026-01-28T20:35:25+00:00","og_image":[{"width":1024,"height":512,"url":"https:\/\/sey.fi\/wp-content\/uploads\/sites\/30\/2026\/01\/lemmikin_turvasiru_auttaa_karkulaisen_takaisin_kotiin.png","type":"image\/png"}],"twitter_card":"summary_large_image","twitter_misc":{"Arvioitu lukuaika":"2 minuuttia"},"schema":{"@context":"https:\/\/schema.org","@graph":[{"@type":"WebPage","@id":"https:\/\/sey.fi\/savo\/mikrosiru-ilman-rekisterointia-hyodyton\/","url":"https:\/\/sey.fi\/savo\/mikrosiru-ilman-rekisterointia-hyodyton\/","name":"Mikrosiru - ilman rekister\u00f6inti\u00e4 hy\u00f6dyt\u00f6n - Savon El\u00e4insuojelu","isPartOf":{"@id":"https:\/\/sey.fi\/savo\/#website"},"primaryImageOfPage":{"@id":"https:\/\/sey.fi\/savo\/mikrosiru-ilman-rekisterointia-hyodyton\/#primaryimage"},"image":{"@id":"https:\/\/sey.fi\/savo\/mikrosiru-ilman-rekisterointia-hyodyton\/#primaryimage"},"thumbnailUrl":"https:\/\/sey.fi\/wp-content\/uploads\/sites\/30\/2026\/01\/lemmikin_turvasiru_auttaa_karkulaisen_takaisin_kotiin.png","datePublished":"2026-01-28T19:55:19+00:00","dateModified":"2026-01-28T20:35:25+00:00","breadcrumb":{"@id":"https:\/\/sey.fi\/savo\/mikrosiru-ilman-rekisterointia-hyodyton\/#breadcrumb"},"inLanguage":"fi","potentialAction":[{"@type":"ReadAction","target":["https:\/\/sey.fi\/savo\/mikrosiru-ilman-rekisterointia-hyodyton\/"]}]},{"@type":"ImageObject","inLanguage":"fi","@id":"https:\/\/sey.fi\/savo\/mikrosiru-ilman-rekisterointia-hyodyton\/#primaryimage","url":"https:\/\/sey.fi\/wp-content\/uploads\/sites\/30\/2026\/01\/lemmikin_turvasiru_auttaa_karkulaisen_takaisin_kotiin.png","contentUrl":"https:\/\/sey.fi\/wp-content\/uploads\/sites\/30\/2026\/01\/lemmikin_turvasiru_auttaa_karkulaisen_takaisin_kotiin.png"},{"@type":"BreadcrumbList","@id":"https:\/\/sey.fi\/savo\/mikrosiru-ilman-rekisterointia-hyodyton\/#breadcrumb","itemListElement":[{"@type":"ListItem","position":1,"name":"Home","item":"https:\/\/sey.fi\/savo\/"},{"@type":"ListItem","position":2,"name":"Mikrosiru &#8211; ilman rekister\u00f6inti\u00e4 hy\u00f6dyt\u00f6n"}]},{"@type":"WebSite","@id":"https:\/\/sey.fi\/savo\/#website","url":"https:\/\/sey.fi\/savo\/","name":"Savon El\u00e4insuojelu","description":"Uusi SEY J\u00e4senyhdistykset -sivusto","potentialAction":[{"@type":"SearchAction","target":{"@type":"EntryPoint","urlTemplate":"https:\/\/sey.fi\/savo\/?s={search_term_string}"},"query-input":{"@type":"PropertyValueSpecification","valueRequired":true,"valueName":"search_term_string"}}],"inLanguage":"fi"}]}},"_links":{"self":[{"href":"https:\/\/sey.fi\/savo\/wp-json\/wp\/v2\/pages\/969","targetHints":{"allow":["GET"]}}],"collection":[{"href":"https:\/\/sey.fi\/savo\/wp-json\/wp\/v2\/pages"}],"about":[{"href":"https:\/\/sey.fi\/savo\/wp-json\/wp\/v2\/types\/page"}],"author":[{"embeddable":true,"href":"https:\/\/sey.fi\/savo\/wp-json\/wp\/v2\/users\/27"}],"replies":[{"embeddable":true,"href":"https:\/\/sey.fi\/savo\/wp-json\/wp\/v2\/comments?post=969"}],"version-history":[{"count":4,"href":"https:\/\/sey.fi\/savo\/wp-json\/wp\/v2\/pages\/969\/revisions"}],"predecessor-version":[{"id":980,"href":"https:\/\/sey.fi\/savo\/wp-json\/wp\/v2\/pages\/969\/revisions\/980"}],"wp:attachment":[{"href":"https:\/\/sey.fi\/savo\/wp-json\/wp\/v2\/media?parent=969"}],"curies":[{"name":"wp","href":"https:\/\/api.w.org\/{rel}","templated":true}]}}