{"id":38,"date":"2019-11-22T15:14:18","date_gmt":"2019-11-22T13:14:18","guid":{"rendered":"http:\/\/srvr10.xetpoint.com\/~seyfi\/savonlinna\/?page_id=38"},"modified":"2024-07-13T12:50:52","modified_gmt":"2024-07-13T09:50:52","slug":"yhteystiedot","status":"publish","type":"page","link":"https:\/\/sey.fi\/savonlinna\/sey-savonlinna\/yhteystiedot\/","title":{"rendered":"Yhteystiedot"},"content":{"rendered":"\n<h2 class=\"wp-block-heading\">SEY SAVONLINNA RY<\/h2>\n\n\n\n<h3 class=\"wp-block-heading\">EL\u00c4IMIIN LIITTYVISS\u00c4 ASIOISSA OTA YHTEYTT\u00c4 SEURAAVIIN TAHOIHIN:<\/h3>\n\n\n\n<p><strong>El\u00e4inl\u00e4\u00e4k\u00e4rit:<\/strong><br><br><a href=\"https:\/\/www.savonlinna.fi\/asukas\/elainlaakinta-ja-loytoelaimet\/\" target=\"_blank\" rel=\"noreferrer noopener\">Anttolan kunnallinen el\u00e4inl\u00e4\u00e4k\u00e4riasema<\/a><br><br>Valvontael\u00e4inl\u00e4\u00e4k\u00e4rit ja el\u00e4insuojeluneuvonta:<br>&#8211; valvontael\u00e4inl\u00e4\u00e4k\u00e4ri Auli Koponen puh. 044 417 2399<br>&#8211; valvontael\u00e4inl\u00e4\u00e4k\u00e4ri Tiiu J\u00e4rvensivu puh. 044 417 2591<br>&#8211; ma. valvontael\u00e4inl\u00e4\u00e4k\u00e4ri Anri Pesonen puh. 044 417 2406<br>S\u00e4hk\u00f6postilla: valvontaelainlaakari@savonlinna.fi<\/p>\n\n\n\n<p>H\u00e4t\u00e4tapauksissa<br>&#8211; Yleinen h\u00e4t\u00e4numero 112<br>&#8211; Poliisip\u00e4ivystys<br>0295 415 455<br>ma\u2013pe 8.00\u201316.00<br>(071) 8755200<\/p>\n\n\n\n<p><strong>L\u00f6yt\u00f6el\u00e4inkodit:<\/strong><\/p>\n\n\n\n<p>Savonlinna<br><a href=\"https:\/\/esyelamanlanka.fi\/\" target=\"_blank\" rel=\"noreferrer noopener\">ESY El\u00e4m\u00e4nlanka ry<\/a><\/p>\n\n\n\n<p>Juva, Rantasalmi ja Sulkava<br><a href=\"https:\/\/www.facebook.com\/p\/L%C3%B6yt%C3%B6el%C3%A4intalo-Sepsis-100067150392177\/?paipv=0&amp;eav=AfZA2t8-lzNoLB6Jk8CRX_KwFbQu_EWjMmE-UkiSiXSRqfQ6TPENsyxCVrxsj08Wodk&amp;_rdr\" target=\"_blank\" rel=\"noreferrer noopener\">L\u00f6yt\u00f6el\u00e4intalo Sepsis<\/a><br>Pirttisel\u00e4ntie 442, Kolkontaipale<br>puh. 040 715 6257<\/p>\n\n\n\n<p>Enonkoski<br>Vehkan Lemmikkihoitola, Alakuonantie 564, Kerim\u00e4ki<br>puh. 044 240 5436<\/p>\n\n\n\n<p>Puumala<br><a href=\"https:\/\/mesy.fi\/\">Mikkelin el\u00e4insuojeluyhdistys<\/a><br>050 547 9054<\/p>\n\n\n\n<p>Lis\u00e4tietoja: savonlinna@sey.fi<\/p>\n","protected":false},"excerpt":{"rendered":"<p>SEY SAVONLINNA RY EL\u00c4IMIIN LIITTYVISS\u00c4 ASIOISSA OTA YHTEYTT\u00c4 SEURAAVIIN TAHOIHIN: El\u00e4inl\u00e4\u00e4k\u00e4rit: Anttolan kunnallinen el\u00e4inl\u00e4\u00e4k\u00e4riasema Valvontael\u00e4inl\u00e4\u00e4k\u00e4rit ja el\u00e4insuojeluneuvonta:&#8211; valvontael\u00e4inl\u00e4\u00e4k\u00e4ri Auli Koponen puh. 044 417 2399&#8211; valvontael\u00e4inl\u00e4\u00e4k\u00e4ri Tiiu J\u00e4rvensivu puh. 044 417 2591&#8211; ma. valvontael\u00e4inl\u00e4\u00e4k\u00e4ri Anri Pesonen puh. 044 417 2406S\u00e4hk\u00f6postilla: valvontaelainlaakari@savonlinna.fi H\u00e4t\u00e4tapauksissa&#8211; Yleinen h\u00e4t\u00e4numero 112&#8211; Poliisip\u00e4ivystys0295 415 455ma\u2013pe 8.00\u201316.00(071) 8755200 L\u00f6yt\u00f6el\u00e4inkodit: SavonlinnaESY El\u00e4m\u00e4nlanka ry Juva, Rantasalmi [&hellip;]<\/p>\n","protected":false},"author":8,"featured_media":0,"parent":2,"menu_order":0,"comment_status":"closed","ping_status":"closed","template":"","meta":{"_acf_changed":false,"footnotes":""},"class_list":["post-38","page","type-page","status-publish","hentry"],"acf":[],"yoast_head":"<!-- This site is optimized with the Yoast SEO plugin v27.1.1 - https:\/\/yoast.com\/product\/yoast-seo-wordpress\/ -->\n<title>Yhteystiedot - SEY Savonlinna<\/title>\n<meta name=\"robots\" content=\"index, follow, max-snippet:-1, max-image-preview:large, max-video-preview:-1\" \/>\n<link rel=\"canonical\" href=\"https:\/\/sey.fi\/savonlinna\/sey-savonlinna\/yhteystiedot\/\" \/>\n<meta property=\"og:locale\" content=\"fi_FI\" \/>\n<meta property=\"og:type\" content=\"article\" \/>\n<meta property=\"og:title\" content=\"Yhteystiedot - SEY Savonlinna\" \/>\n<meta property=\"og:description\" content=\"SEY SAVONLINNA RY EL\u00c4IMIIN LIITTYVISS\u00c4 ASIOISSA OTA YHTEYTT\u00c4 SEURAAVIIN TAHOIHIN: El\u00e4inl\u00e4\u00e4k\u00e4rit: Anttolan kunnallinen el\u00e4inl\u00e4\u00e4k\u00e4riasema Valvontael\u00e4inl\u00e4\u00e4k\u00e4rit ja el\u00e4insuojeluneuvonta:&#8211; valvontael\u00e4inl\u00e4\u00e4k\u00e4ri Auli Koponen puh. 044 417 2399&#8211; valvontael\u00e4inl\u00e4\u00e4k\u00e4ri Tiiu J\u00e4rvensivu puh. 044 417 2591&#8211; ma. valvontael\u00e4inl\u00e4\u00e4k\u00e4ri Anri Pesonen puh. 044 417 2406S\u00e4hk\u00f6postilla: valvontaelainlaakari@savonlinna.fi H\u00e4t\u00e4tapauksissa&#8211; Yleinen h\u00e4t\u00e4numero 112&#8211; Poliisip\u00e4ivystys0295 415 455ma\u2013pe 8.00\u201316.00(071) 8755200 L\u00f6yt\u00f6el\u00e4inkodit: SavonlinnaESY El\u00e4m\u00e4nlanka ry Juva, Rantasalmi [&hellip;]\" \/>\n<meta property=\"og:url\" content=\"https:\/\/sey.fi\/savonlinna\/sey-savonlinna\/yhteystiedot\/\" \/>\n<meta property=\"og:site_name\" content=\"SEY Savonlinna\" \/>\n<meta property=\"article:modified_time\" content=\"2024-07-13T09:50:52+00:00\" \/>\n<meta name=\"twitter:card\" content=\"summary_large_image\" \/>\n<meta name=\"twitter:label1\" content=\"Arvioitu lukuaika\" \/>\n\t<meta name=\"twitter:data1\" content=\"1 minuutti\" \/>\n<script type=\"application\/ld+json\" class=\"yoast-schema-graph\">{\"@context\":\"https:\/\/schema.org\",\"@graph\":[{\"@type\":\"WebPage\",\"@id\":\"https:\/\/sey.fi\/savonlinna\/sey-savonlinna\/yhteystiedot\/\",\"url\":\"https:\/\/sey.fi\/savonlinna\/sey-savonlinna\/yhteystiedot\/\",\"name\":\"Yhteystiedot - SEY Savonlinna\",\"isPartOf\":{\"@id\":\"https:\/\/sey.fi\/savonlinna\/#website\"},\"datePublished\":\"2019-11-22T13:14:18+00:00\",\"dateModified\":\"2024-07-13T09:50:52+00:00\",\"breadcrumb\":{\"@id\":\"https:\/\/sey.fi\/savonlinna\/sey-savonlinna\/yhteystiedot\/#breadcrumb\"},\"inLanguage\":\"fi\",\"potentialAction\":[{\"@type\":\"ReadAction\",\"target\":[\"https:\/\/sey.fi\/savonlinna\/sey-savonlinna\/yhteystiedot\/\"]}]},{\"@type\":\"BreadcrumbList\",\"@id\":\"https:\/\/sey.fi\/savonlinna\/sey-savonlinna\/yhteystiedot\/#breadcrumb\",\"itemListElement\":[{\"@type\":\"ListItem\",\"position\":1,\"name\":\"Home\",\"item\":\"https:\/\/sey.fi\/savonlinna\/\"},{\"@type\":\"ListItem\",\"position\":2,\"name\":\"SEY Savonlinna\",\"item\":\"https:\/\/sey.fi\/savonlinna\/\"},{\"@type\":\"ListItem\",\"position\":3,\"name\":\"Yhteystiedot\"}]},{\"@type\":\"WebSite\",\"@id\":\"https:\/\/sey.fi\/savonlinna\/#website\",\"url\":\"https:\/\/sey.fi\/savonlinna\/\",\"name\":\"SEY Savonlinna\",\"description\":\"Uusi SEY J\u00e4senyhdistykset -sivusto\",\"potentialAction\":[{\"@type\":\"SearchAction\",\"target\":{\"@type\":\"EntryPoint\",\"urlTemplate\":\"https:\/\/sey.fi\/savonlinna\/?s={search_term_string}\"},\"query-input\":{\"@type\":\"PropertyValueSpecification\",\"valueRequired\":true,\"valueName\":\"search_term_string\"}}],\"inLanguage\":\"fi\"}]}<\/script>\n<!-- \/ Yoast SEO plugin. -->","yoast_head_json":{"title":"Yhteystiedot - SEY Savonlinna","robots":{"index":"index","follow":"follow","max-snippet":"max-snippet:-1","max-image-preview":"max-image-preview:large","max-video-preview":"max-video-preview:-1"},"canonical":"https:\/\/sey.fi\/savonlinna\/sey-savonlinna\/yhteystiedot\/","og_locale":"fi_FI","og_type":"article","og_title":"Yhteystiedot - SEY Savonlinna","og_description":"SEY SAVONLINNA RY EL\u00c4IMIIN LIITTYVISS\u00c4 ASIOISSA OTA YHTEYTT\u00c4 SEURAAVIIN TAHOIHIN: El\u00e4inl\u00e4\u00e4k\u00e4rit: Anttolan kunnallinen el\u00e4inl\u00e4\u00e4k\u00e4riasema Valvontael\u00e4inl\u00e4\u00e4k\u00e4rit ja el\u00e4insuojeluneuvonta:&#8211; valvontael\u00e4inl\u00e4\u00e4k\u00e4ri Auli Koponen puh. 044 417 2399&#8211; valvontael\u00e4inl\u00e4\u00e4k\u00e4ri Tiiu J\u00e4rvensivu puh. 044 417 2591&#8211; ma. valvontael\u00e4inl\u00e4\u00e4k\u00e4ri Anri Pesonen puh. 044 417 2406S\u00e4hk\u00f6postilla: valvontaelainlaakari@savonlinna.fi H\u00e4t\u00e4tapauksissa&#8211; Yleinen h\u00e4t\u00e4numero 112&#8211; Poliisip\u00e4ivystys0295 415 455ma\u2013pe 8.00\u201316.00(071) 8755200 L\u00f6yt\u00f6el\u00e4inkodit: SavonlinnaESY El\u00e4m\u00e4nlanka ry Juva, Rantasalmi [&hellip;]","og_url":"https:\/\/sey.fi\/savonlinna\/sey-savonlinna\/yhteystiedot\/","og_site_name":"SEY Savonlinna","article_modified_time":"2024-07-13T09:50:52+00:00","twitter_card":"summary_large_image","twitter_misc":{"Arvioitu lukuaika":"1 minuutti"},"schema":{"@context":"https:\/\/schema.org","@graph":[{"@type":"WebPage","@id":"https:\/\/sey.fi\/savonlinna\/sey-savonlinna\/yhteystiedot\/","url":"https:\/\/sey.fi\/savonlinna\/sey-savonlinna\/yhteystiedot\/","name":"Yhteystiedot - SEY Savonlinna","isPartOf":{"@id":"https:\/\/sey.fi\/savonlinna\/#website"},"datePublished":"2019-11-22T13:14:18+00:00","dateModified":"2024-07-13T09:50:52+00:00","breadcrumb":{"@id":"https:\/\/sey.fi\/savonlinna\/sey-savonlinna\/yhteystiedot\/#breadcrumb"},"inLanguage":"fi","potentialAction":[{"@type":"ReadAction","target":["https:\/\/sey.fi\/savonlinna\/sey-savonlinna\/yhteystiedot\/"]}]},{"@type":"BreadcrumbList","@id":"https:\/\/sey.fi\/savonlinna\/sey-savonlinna\/yhteystiedot\/#breadcrumb","itemListElement":[{"@type":"ListItem","position":1,"name":"Home","item":"https:\/\/sey.fi\/savonlinna\/"},{"@type":"ListItem","position":2,"name":"SEY Savonlinna","item":"https:\/\/sey.fi\/savonlinna\/"},{"@type":"ListItem","position":3,"name":"Yhteystiedot"}]},{"@type":"WebSite","@id":"https:\/\/sey.fi\/savonlinna\/#website","url":"https:\/\/sey.fi\/savonlinna\/","name":"SEY Savonlinna","description":"Uusi SEY J\u00e4senyhdistykset -sivusto","potentialAction":[{"@type":"SearchAction","target":{"@type":"EntryPoint","urlTemplate":"https:\/\/sey.fi\/savonlinna\/?s={search_term_string}"},"query-input":{"@type":"PropertyValueSpecification","valueRequired":true,"valueName":"search_term_string"}}],"inLanguage":"fi"}]}},"_links":{"self":[{"href":"https:\/\/sey.fi\/savonlinna\/wp-json\/wp\/v2\/pages\/38","targetHints":{"allow":["GET"]}}],"collection":[{"href":"https:\/\/sey.fi\/savonlinna\/wp-json\/wp\/v2\/pages"}],"about":[{"href":"https:\/\/sey.fi\/savonlinna\/wp-json\/wp\/v2\/types\/page"}],"author":[{"embeddable":true,"href":"https:\/\/sey.fi\/savonlinna\/wp-json\/wp\/v2\/users\/8"}],"replies":[{"embeddable":true,"href":"https:\/\/sey.fi\/savonlinna\/wp-json\/wp\/v2\/comments?post=38"}],"version-history":[{"count":12,"href":"https:\/\/sey.fi\/savonlinna\/wp-json\/wp\/v2\/pages\/38\/revisions"}],"predecessor-version":[{"id":123,"href":"https:\/\/sey.fi\/savonlinna\/wp-json\/wp\/v2\/pages\/38\/revisions\/123"}],"up":[{"embeddable":true,"href":"https:\/\/sey.fi\/savonlinna\/wp-json\/wp\/v2\/pages\/2"}],"wp:attachment":[{"href":"https:\/\/sey.fi\/savonlinna\/wp-json\/wp\/v2\/media?parent=38"}],"curies":[{"name":"wp","href":"https:\/\/api.w.org\/{rel}","templated":true}]}}