{"id":32,"date":"2019-11-22T16:28:43","date_gmt":"2019-11-22T14:28:43","guid":{"rendered":"http:\/\/srvr10.xetpoint.com\/~seyfi\/urjala\/?page_id=32"},"modified":"2026-02-01T20:11:53","modified_gmt":"2026-02-01T18:11:53","slug":"tue-toimintaa","status":"publish","type":"page","link":"https:\/\/sey.fi\/urjala\/urjalan-elainsuojelu\/tue-toimintaa\/","title":{"rendered":"Tue toimintaa"},"content":{"rendered":"\n<h2 class=\"wp-block-heading\">Ojenna auttava tassu! \ud83d\udc3e<\/h2>\n\n\n\n<p>Voit tukea toimintaamme ja kodittomia el\u00e4imi\u00e4 lahjoituksin, <a href=\"https:\/\/sey.fi\/urjala\/urjalan-elainsuojelu\/tue-toimintaa\/liity-jaseneksi\/\">liittym\u00e4ll\u00e4 j\u00e4seneksemme<\/a> ja osallistumalla tapahtumiimme! Yhdistyksemme toiminta perustuu vapaaehtoistoimintaan ja k\u00e4yt\u00e4mme lahjoitukset el\u00e4inten hyv\u00e4ksi. Kiitos tuestasi!<\/p>\n\n\n\n<h3 class=\"wp-block-heading\">Tee rahalahjoitus yhdistykselle<\/h3>\n\n\n\n<p>Voit tehd\u00e4 lahjoituksen Urjalan el\u00e4insuojeluyhdistyksen tilille FI29 5488 4320 0291 94.<\/p>\n\n\n\n<h3 class=\"wp-block-heading\">Lahjoita ruokaa<\/h3>\n\n\n\n<p>Ole yhteydess\u00e4 esyurjala@gmail.com, jos haluat tehd\u00e4 ruokalahjoituksen kodittomien el\u00e4inten hyv\u00e4ksi. J\u00e4rjest\u00e4mme my\u00f6s el\u00e4inruokaker\u00e4yksi\u00e4 el\u00e4intenviikolla ja muulloin tarpeen mukaan.<\/p>\n\n\n\n<h3 class=\"wp-block-heading\">Tarjoa sijaiskoti<\/h3>\n\n\n\n<p>Urjalan el\u00e4insuojeluyhdistyksell\u00e4 on kissojen sijaiskotitoimintaa. Autamme kodinvaihtajakissoja ja -koiria uusien kotien etsinn\u00e4ss\u00e4. Ilmoitamme kissoista kodittomat.fi -sivustolla.<\/p>\n\n\n\n<p><a href=\"https:\/\/sey.fi\/urjala\/urjalan-elainsuojelu\/tue-toimintaa\/sijaiskotitoiminta\/\">Lue lis\u00e4\u00e4 kissojen sijaiskotitoiminnasta<\/a><\/p>\n","protected":false},"excerpt":{"rendered":"<p>Ojenna auttava tassu! \ud83d\udc3e Voit tukea toimintaamme ja kodittomia el\u00e4imi\u00e4 lahjoituksin, liittym\u00e4ll\u00e4 j\u00e4seneksemme ja osallistumalla tapahtumiimme! Yhdistyksemme toiminta perustuu vapaaehtoistoimintaan ja k\u00e4yt\u00e4mme lahjoitukset el\u00e4inten hyv\u00e4ksi. Kiitos tuestasi! Tee rahalahjoitus yhdistykselle Voit tehd\u00e4 lahjoituksen Urjalan el\u00e4insuojeluyhdistyksen tilille FI29 5488 4320 0291 94. Lahjoita ruokaa Ole yhteydess\u00e4 esyurjala@gmail.com, jos haluat tehd\u00e4 ruokalahjoituksen kodittomien el\u00e4inten hyv\u00e4ksi. J\u00e4rjest\u00e4mme my\u00f6s [&hellip;]<\/p>\n","protected":false},"author":8,"featured_media":0,"parent":2,"menu_order":0,"comment_status":"closed","ping_status":"closed","template":"","meta":{"_acf_changed":false,"footnotes":""},"class_list":["post-32","page","type-page","status-publish","hentry"],"acf":[],"yoast_head":"<!-- This site is optimized with the Yoast SEO plugin v27.1.1 - https:\/\/yoast.com\/product\/yoast-seo-wordpress\/ -->\n<title>Tue toimintaa - Urjalan el\u00e4insuojeluyhdistys<\/title>\n<meta name=\"robots\" content=\"index, follow, max-snippet:-1, max-image-preview:large, max-video-preview:-1\" \/>\n<link rel=\"canonical\" href=\"https:\/\/sey.fi\/urjala\/urjalan-elainsuojelu\/tue-toimintaa\/\" \/>\n<meta property=\"og:locale\" content=\"fi_FI\" \/>\n<meta property=\"og:type\" content=\"article\" \/>\n<meta property=\"og:title\" content=\"Tue toimintaa - Urjalan el\u00e4insuojeluyhdistys\" \/>\n<meta property=\"og:description\" content=\"Ojenna auttava tassu! \ud83d\udc3e Voit tukea toimintaamme ja kodittomia el\u00e4imi\u00e4 lahjoituksin, liittym\u00e4ll\u00e4 j\u00e4seneksemme ja osallistumalla tapahtumiimme! Yhdistyksemme toiminta perustuu vapaaehtoistoimintaan ja k\u00e4yt\u00e4mme lahjoitukset el\u00e4inten hyv\u00e4ksi. Kiitos tuestasi! Tee rahalahjoitus yhdistykselle Voit tehd\u00e4 lahjoituksen Urjalan el\u00e4insuojeluyhdistyksen tilille FI29 5488 4320 0291 94. Lahjoita ruokaa Ole yhteydess\u00e4 esyurjala@gmail.com, jos haluat tehd\u00e4 ruokalahjoituksen kodittomien el\u00e4inten hyv\u00e4ksi. J\u00e4rjest\u00e4mme my\u00f6s [&hellip;]\" \/>\n<meta property=\"og:url\" content=\"https:\/\/sey.fi\/urjala\/urjalan-elainsuojelu\/tue-toimintaa\/\" \/>\n<meta property=\"og:site_name\" content=\"Urjalan el\u00e4insuojeluyhdistys\" \/>\n<meta property=\"article:modified_time\" content=\"2026-02-01T18:11:53+00:00\" \/>\n<meta name=\"twitter:card\" content=\"summary_large_image\" \/>\n<meta name=\"twitter:label1\" content=\"Arvioitu lukuaika\" \/>\n\t<meta name=\"twitter:data1\" content=\"1 minuutti\" \/>\n<script type=\"application\/ld+json\" class=\"yoast-schema-graph\">{\"@context\":\"https:\/\/schema.org\",\"@graph\":[{\"@type\":\"WebPage\",\"@id\":\"https:\/\/sey.fi\/urjala\/urjalan-elainsuojelu\/tue-toimintaa\/\",\"url\":\"https:\/\/sey.fi\/urjala\/urjalan-elainsuojelu\/tue-toimintaa\/\",\"name\":\"Tue toimintaa - Urjalan el\u00e4insuojeluyhdistys\",\"isPartOf\":{\"@id\":\"https:\/\/sey.fi\/urjala\/#website\"},\"datePublished\":\"2019-11-22T14:28:43+00:00\",\"dateModified\":\"2026-02-01T18:11:53+00:00\",\"breadcrumb\":{\"@id\":\"https:\/\/sey.fi\/urjala\/urjalan-elainsuojelu\/tue-toimintaa\/#breadcrumb\"},\"inLanguage\":\"fi\",\"potentialAction\":[{\"@type\":\"ReadAction\",\"target\":[\"https:\/\/sey.fi\/urjala\/urjalan-elainsuojelu\/tue-toimintaa\/\"]}]},{\"@type\":\"BreadcrumbList\",\"@id\":\"https:\/\/sey.fi\/urjala\/urjalan-elainsuojelu\/tue-toimintaa\/#breadcrumb\",\"itemListElement\":[{\"@type\":\"ListItem\",\"position\":1,\"name\":\"Home\",\"item\":\"https:\/\/sey.fi\/urjala\/\"},{\"@type\":\"ListItem\",\"position\":2,\"name\":\"Urjalan El\u00e4insuojeluyhdistys\",\"item\":\"https:\/\/sey.fi\/urjala\/\"},{\"@type\":\"ListItem\",\"position\":3,\"name\":\"Tue toimintaa\"}]},{\"@type\":\"WebSite\",\"@id\":\"https:\/\/sey.fi\/urjala\/#website\",\"url\":\"https:\/\/sey.fi\/urjala\/\",\"name\":\"Urjalan el\u00e4insuojeluyhdistys\",\"description\":\"Uusi SEY J\u00e4senyhdistykset -sivusto\",\"potentialAction\":[{\"@type\":\"SearchAction\",\"target\":{\"@type\":\"EntryPoint\",\"urlTemplate\":\"https:\/\/sey.fi\/urjala\/?s={search_term_string}\"},\"query-input\":{\"@type\":\"PropertyValueSpecification\",\"valueRequired\":true,\"valueName\":\"search_term_string\"}}],\"inLanguage\":\"fi\"}]}<\/script>\n<!-- \/ Yoast SEO plugin. -->","yoast_head_json":{"title":"Tue toimintaa - Urjalan el\u00e4insuojeluyhdistys","robots":{"index":"index","follow":"follow","max-snippet":"max-snippet:-1","max-image-preview":"max-image-preview:large","max-video-preview":"max-video-preview:-1"},"canonical":"https:\/\/sey.fi\/urjala\/urjalan-elainsuojelu\/tue-toimintaa\/","og_locale":"fi_FI","og_type":"article","og_title":"Tue toimintaa - Urjalan el\u00e4insuojeluyhdistys","og_description":"Ojenna auttava tassu! \ud83d\udc3e Voit tukea toimintaamme ja kodittomia el\u00e4imi\u00e4 lahjoituksin, liittym\u00e4ll\u00e4 j\u00e4seneksemme ja osallistumalla tapahtumiimme! Yhdistyksemme toiminta perustuu vapaaehtoistoimintaan ja k\u00e4yt\u00e4mme lahjoitukset el\u00e4inten hyv\u00e4ksi. Kiitos tuestasi! Tee rahalahjoitus yhdistykselle Voit tehd\u00e4 lahjoituksen Urjalan el\u00e4insuojeluyhdistyksen tilille FI29 5488 4320 0291 94. Lahjoita ruokaa Ole yhteydess\u00e4 esyurjala@gmail.com, jos haluat tehd\u00e4 ruokalahjoituksen kodittomien el\u00e4inten hyv\u00e4ksi. J\u00e4rjest\u00e4mme my\u00f6s [&hellip;]","og_url":"https:\/\/sey.fi\/urjala\/urjalan-elainsuojelu\/tue-toimintaa\/","og_site_name":"Urjalan el\u00e4insuojeluyhdistys","article_modified_time":"2026-02-01T18:11:53+00:00","twitter_card":"summary_large_image","twitter_misc":{"Arvioitu lukuaika":"1 minuutti"},"schema":{"@context":"https:\/\/schema.org","@graph":[{"@type":"WebPage","@id":"https:\/\/sey.fi\/urjala\/urjalan-elainsuojelu\/tue-toimintaa\/","url":"https:\/\/sey.fi\/urjala\/urjalan-elainsuojelu\/tue-toimintaa\/","name":"Tue toimintaa - Urjalan el\u00e4insuojeluyhdistys","isPartOf":{"@id":"https:\/\/sey.fi\/urjala\/#website"},"datePublished":"2019-11-22T14:28:43+00:00","dateModified":"2026-02-01T18:11:53+00:00","breadcrumb":{"@id":"https:\/\/sey.fi\/urjala\/urjalan-elainsuojelu\/tue-toimintaa\/#breadcrumb"},"inLanguage":"fi","potentialAction":[{"@type":"ReadAction","target":["https:\/\/sey.fi\/urjala\/urjalan-elainsuojelu\/tue-toimintaa\/"]}]},{"@type":"BreadcrumbList","@id":"https:\/\/sey.fi\/urjala\/urjalan-elainsuojelu\/tue-toimintaa\/#breadcrumb","itemListElement":[{"@type":"ListItem","position":1,"name":"Home","item":"https:\/\/sey.fi\/urjala\/"},{"@type":"ListItem","position":2,"name":"Urjalan El\u00e4insuojeluyhdistys","item":"https:\/\/sey.fi\/urjala\/"},{"@type":"ListItem","position":3,"name":"Tue toimintaa"}]},{"@type":"WebSite","@id":"https:\/\/sey.fi\/urjala\/#website","url":"https:\/\/sey.fi\/urjala\/","name":"Urjalan el\u00e4insuojeluyhdistys","description":"Uusi SEY J\u00e4senyhdistykset -sivusto","potentialAction":[{"@type":"SearchAction","target":{"@type":"EntryPoint","urlTemplate":"https:\/\/sey.fi\/urjala\/?s={search_term_string}"},"query-input":{"@type":"PropertyValueSpecification","valueRequired":true,"valueName":"search_term_string"}}],"inLanguage":"fi"}]}},"_links":{"self":[{"href":"https:\/\/sey.fi\/urjala\/wp-json\/wp\/v2\/pages\/32","targetHints":{"allow":["GET"]}}],"collection":[{"href":"https:\/\/sey.fi\/urjala\/wp-json\/wp\/v2\/pages"}],"about":[{"href":"https:\/\/sey.fi\/urjala\/wp-json\/wp\/v2\/types\/page"}],"author":[{"embeddable":true,"href":"https:\/\/sey.fi\/urjala\/wp-json\/wp\/v2\/users\/8"}],"replies":[{"embeddable":true,"href":"https:\/\/sey.fi\/urjala\/wp-json\/wp\/v2\/comments?post=32"}],"version-history":[{"count":6,"href":"https:\/\/sey.fi\/urjala\/wp-json\/wp\/v2\/pages\/32\/revisions"}],"predecessor-version":[{"id":163,"href":"https:\/\/sey.fi\/urjala\/wp-json\/wp\/v2\/pages\/32\/revisions\/163"}],"up":[{"embeddable":true,"href":"https:\/\/sey.fi\/urjala\/wp-json\/wp\/v2\/pages\/2"}],"wp:attachment":[{"href":"https:\/\/sey.fi\/urjala\/wp-json\/wp\/v2\/media?parent=32"}],"curies":[{"name":"wp","href":"https:\/\/api.w.org\/{rel}","templated":true}]}}