{"id":39,"date":"2019-11-22T17:28:27","date_gmt":"2019-11-22T15:28:27","guid":{"rendered":"http:\/\/srvr10.xetpoint.com\/~seyfi\/vaasa\/?page_id=39"},"modified":"2026-01-29T12:31:51","modified_gmt":"2026-01-29T10:31:51","slug":"hallitus-2023","status":"publish","type":"page","link":"https:\/\/sey.fi\/vaasa\/vaasan-elainsuojelu\/yhdistys\/hallitus-2023\/","title":{"rendered":"Hallitus"},"content":{"rendered":"\n<h4 class=\"wp-block-heading\"><strong>Puheenjohtaja, M<\/strong>aija Raatikainen<\/h4>\n\n\n\n<h4 class=\"wp-block-heading\"><strong>Hallituksen varsinaiset j\u00e4senet:<\/strong><\/h4>\n\n\n\n<p>Milla Kauppi, varapuheenjohtaja<br>Taina Piikkil\u00e4, sihteeri<br>Suvi M\u00e4kel\u00e4, rahastonhoitaja <br>Jessica Gullblom<br>Anniina Ihalainen<br>Meri Lehti\u00f6<br>Lily Salolehto<\/p>\n\n\n\n<p><\/p>\n\n\n\n<p><\/p>\n\n\n\n<p><\/p>\n\n\n\n<p><\/p>\n\n\n\n<p><\/p>\n","protected":false},"excerpt":{"rendered":"<p>Puheenjohtaja, Maija Raatikainen Hallituksen varsinaiset j\u00e4senet: Milla Kauppi, varapuheenjohtajaTaina Piikkil\u00e4, sihteeriSuvi M\u00e4kel\u00e4, rahastonhoitaja Jessica GullblomAnniina IhalainenMeri Lehti\u00f6Lily Salolehto<\/p>\n","protected":false},"author":8,"featured_media":0,"parent":37,"menu_order":0,"comment_status":"closed","ping_status":"closed","template":"","meta":{"_acf_changed":false,"footnotes":""},"class_list":["post-39","page","type-page","status-publish","hentry"],"acf":[],"yoast_head":"<!-- This site is optimized with the Yoast SEO plugin v27.1.1 - https:\/\/yoast.com\/product\/yoast-seo-wordpress\/ -->\n<title>Hallitus - Vaasan seudun el\u00e4insuojeluyhdistys<\/title>\n<meta name=\"robots\" content=\"index, follow, max-snippet:-1, max-image-preview:large, max-video-preview:-1\" \/>\n<link rel=\"canonical\" href=\"https:\/\/sey.fi\/vaasa\/vaasan-elainsuojelu\/yhdistys\/hallitus-2023\/\" \/>\n<meta property=\"og:locale\" content=\"fi_FI\" \/>\n<meta property=\"og:type\" content=\"article\" \/>\n<meta property=\"og:title\" content=\"Hallitus - Vaasan seudun el\u00e4insuojeluyhdistys\" \/>\n<meta property=\"og:description\" content=\"Puheenjohtaja, Maija Raatikainen Hallituksen varsinaiset j\u00e4senet: Milla Kauppi, varapuheenjohtajaTaina Piikkil\u00e4, sihteeriSuvi M\u00e4kel\u00e4, rahastonhoitaja Jessica GullblomAnniina IhalainenMeri Lehti\u00f6Lily Salolehto\" \/>\n<meta property=\"og:url\" content=\"https:\/\/sey.fi\/vaasa\/vaasan-elainsuojelu\/yhdistys\/hallitus-2023\/\" \/>\n<meta property=\"og:site_name\" content=\"Vaasan seudun el\u00e4insuojeluyhdistys\" \/>\n<meta property=\"article:modified_time\" content=\"2026-01-29T10:31:51+00:00\" \/>\n<meta name=\"twitter:card\" content=\"summary_large_image\" \/>\n<meta name=\"twitter:label1\" content=\"Arvioitu lukuaika\" \/>\n\t<meta name=\"twitter:data1\" content=\"1 minuutti\" \/>\n<script type=\"application\/ld+json\" class=\"yoast-schema-graph\">{\"@context\":\"https:\/\/schema.org\",\"@graph\":[{\"@type\":\"WebPage\",\"@id\":\"https:\/\/sey.fi\/vaasa\/vaasan-elainsuojelu\/yhdistys\/hallitus-2023\/\",\"url\":\"https:\/\/sey.fi\/vaasa\/vaasan-elainsuojelu\/yhdistys\/hallitus-2023\/\",\"name\":\"Hallitus - Vaasan seudun el\u00e4insuojeluyhdistys\",\"isPartOf\":{\"@id\":\"https:\/\/sey.fi\/vaasa\/#website\"},\"datePublished\":\"2019-11-22T15:28:27+00:00\",\"dateModified\":\"2026-01-29T10:31:51+00:00\",\"breadcrumb\":{\"@id\":\"https:\/\/sey.fi\/vaasa\/vaasan-elainsuojelu\/yhdistys\/hallitus-2023\/#breadcrumb\"},\"inLanguage\":\"fi\",\"potentialAction\":[{\"@type\":\"ReadAction\",\"target\":[\"https:\/\/sey.fi\/vaasa\/vaasan-elainsuojelu\/yhdistys\/hallitus-2023\/\"]}]},{\"@type\":\"BreadcrumbList\",\"@id\":\"https:\/\/sey.fi\/vaasa\/vaasan-elainsuojelu\/yhdistys\/hallitus-2023\/#breadcrumb\",\"itemListElement\":[{\"@type\":\"ListItem\",\"position\":1,\"name\":\"Home\",\"item\":\"https:\/\/sey.fi\/vaasa\/\"},{\"@type\":\"ListItem\",\"position\":2,\"name\":\"Vaasan seudun el\u00e4insuojeluyhdistys\",\"item\":\"https:\/\/sey.fi\/vaasa\/\"},{\"@type\":\"ListItem\",\"position\":3,\"name\":\"Yhdistys\",\"item\":\"https:\/\/sey.fi\/vaasa\/vaasan-elainsuojelu\/yhdistys\/\"},{\"@type\":\"ListItem\",\"position\":4,\"name\":\"Hallitus\"}]},{\"@type\":\"WebSite\",\"@id\":\"https:\/\/sey.fi\/vaasa\/#website\",\"url\":\"https:\/\/sey.fi\/vaasa\/\",\"name\":\"Vaasan seudun el\u00e4insuojeluyhdistys\",\"description\":\"Uusi SEY J\u00e4senyhdistykset -sivusto\",\"potentialAction\":[{\"@type\":\"SearchAction\",\"target\":{\"@type\":\"EntryPoint\",\"urlTemplate\":\"https:\/\/sey.fi\/vaasa\/?s={search_term_string}\"},\"query-input\":{\"@type\":\"PropertyValueSpecification\",\"valueRequired\":true,\"valueName\":\"search_term_string\"}}],\"inLanguage\":\"fi\"}]}<\/script>\n<!-- \/ Yoast SEO plugin. -->","yoast_head_json":{"title":"Hallitus - Vaasan seudun el\u00e4insuojeluyhdistys","robots":{"index":"index","follow":"follow","max-snippet":"max-snippet:-1","max-image-preview":"max-image-preview:large","max-video-preview":"max-video-preview:-1"},"canonical":"https:\/\/sey.fi\/vaasa\/vaasan-elainsuojelu\/yhdistys\/hallitus-2023\/","og_locale":"fi_FI","og_type":"article","og_title":"Hallitus - Vaasan seudun el\u00e4insuojeluyhdistys","og_description":"Puheenjohtaja, Maija Raatikainen Hallituksen varsinaiset j\u00e4senet: Milla Kauppi, varapuheenjohtajaTaina Piikkil\u00e4, sihteeriSuvi M\u00e4kel\u00e4, rahastonhoitaja Jessica GullblomAnniina IhalainenMeri Lehti\u00f6Lily Salolehto","og_url":"https:\/\/sey.fi\/vaasa\/vaasan-elainsuojelu\/yhdistys\/hallitus-2023\/","og_site_name":"Vaasan seudun el\u00e4insuojeluyhdistys","article_modified_time":"2026-01-29T10:31:51+00:00","twitter_card":"summary_large_image","twitter_misc":{"Arvioitu lukuaika":"1 minuutti"},"schema":{"@context":"https:\/\/schema.org","@graph":[{"@type":"WebPage","@id":"https:\/\/sey.fi\/vaasa\/vaasan-elainsuojelu\/yhdistys\/hallitus-2023\/","url":"https:\/\/sey.fi\/vaasa\/vaasan-elainsuojelu\/yhdistys\/hallitus-2023\/","name":"Hallitus - Vaasan seudun el\u00e4insuojeluyhdistys","isPartOf":{"@id":"https:\/\/sey.fi\/vaasa\/#website"},"datePublished":"2019-11-22T15:28:27+00:00","dateModified":"2026-01-29T10:31:51+00:00","breadcrumb":{"@id":"https:\/\/sey.fi\/vaasa\/vaasan-elainsuojelu\/yhdistys\/hallitus-2023\/#breadcrumb"},"inLanguage":"fi","potentialAction":[{"@type":"ReadAction","target":["https:\/\/sey.fi\/vaasa\/vaasan-elainsuojelu\/yhdistys\/hallitus-2023\/"]}]},{"@type":"BreadcrumbList","@id":"https:\/\/sey.fi\/vaasa\/vaasan-elainsuojelu\/yhdistys\/hallitus-2023\/#breadcrumb","itemListElement":[{"@type":"ListItem","position":1,"name":"Home","item":"https:\/\/sey.fi\/vaasa\/"},{"@type":"ListItem","position":2,"name":"Vaasan seudun el\u00e4insuojeluyhdistys","item":"https:\/\/sey.fi\/vaasa\/"},{"@type":"ListItem","position":3,"name":"Yhdistys","item":"https:\/\/sey.fi\/vaasa\/vaasan-elainsuojelu\/yhdistys\/"},{"@type":"ListItem","position":4,"name":"Hallitus"}]},{"@type":"WebSite","@id":"https:\/\/sey.fi\/vaasa\/#website","url":"https:\/\/sey.fi\/vaasa\/","name":"Vaasan seudun el\u00e4insuojeluyhdistys","description":"Uusi SEY J\u00e4senyhdistykset -sivusto","potentialAction":[{"@type":"SearchAction","target":{"@type":"EntryPoint","urlTemplate":"https:\/\/sey.fi\/vaasa\/?s={search_term_string}"},"query-input":{"@type":"PropertyValueSpecification","valueRequired":true,"valueName":"search_term_string"}}],"inLanguage":"fi"}]}},"_links":{"self":[{"href":"https:\/\/sey.fi\/vaasa\/wp-json\/wp\/v2\/pages\/39","targetHints":{"allow":["GET"]}}],"collection":[{"href":"https:\/\/sey.fi\/vaasa\/wp-json\/wp\/v2\/pages"}],"about":[{"href":"https:\/\/sey.fi\/vaasa\/wp-json\/wp\/v2\/types\/page"}],"author":[{"embeddable":true,"href":"https:\/\/sey.fi\/vaasa\/wp-json\/wp\/v2\/users\/8"}],"replies":[{"embeddable":true,"href":"https:\/\/sey.fi\/vaasa\/wp-json\/wp\/v2\/comments?post=39"}],"version-history":[{"count":13,"href":"https:\/\/sey.fi\/vaasa\/wp-json\/wp\/v2\/pages\/39\/revisions"}],"predecessor-version":[{"id":212,"href":"https:\/\/sey.fi\/vaasa\/wp-json\/wp\/v2\/pages\/39\/revisions\/212"}],"up":[{"embeddable":true,"href":"https:\/\/sey.fi\/vaasa\/wp-json\/wp\/v2\/pages\/37"}],"wp:attachment":[{"href":"https:\/\/sey.fi\/vaasa\/wp-json\/wp\/v2\/media?parent=39"}],"curies":[{"name":"wp","href":"https:\/\/api.w.org\/{rel}","templated":true}]}}

<h4 class="wp-block-heading"><strong>Puheenjohtaja, M</strong>aija Raatikainen</h4>



<h4 class="wp-block-heading"><strong>Hallituksen varsinaiset jäsenet:</strong></h4>



<p>Milla Kauppi, varapuheenjohtaja<br>Taina Piikkilä, sihteeri<br>Suvi Mäkelä, rahastonhoitaja <br>Jessica Gullblom<br>Anniina Ihalainen<br>Meri Lehtiö<br>Lily Salolehto</p>



<p></p>



<p></p>



<p></p>



<p></p>



<p></p>

<p>Puheenjohtaja, Maija Raatikainen Hallituksen varsinaiset jäsenet: Milla Kauppi, varapuheenjohtajaTaina Piikkilä, sihteeriSuvi Mäkelä, rahastonhoitaja Jessica GullblomAnniina IhalainenMeri LehtiöLily Salolehto</p>

<!-- This site is optimized with the Yoast SEO plugin v27.1.1 - https://yoast.com/product/yoast-seo-wordpress/ -->
<title>Hallitus - Vaasan seudun eläinsuojeluyhdistys</title>
<meta name="robots" content="index, follow, max-snippet:-1, max-image-preview:large, max-video-preview:-1" />
<link rel="canonical" href="https://sey.fi/vaasa/vaasan-elainsuojelu/yhdistys/hallitus-2023/" />
<meta property="og:locale" content="fi_FI" />
<meta property="og:type" content="article" />
<meta property="og:title" content="Hallitus - Vaasan seudun eläinsuojeluyhdistys" />
<meta property="og:description" content="Puheenjohtaja, Maija Raatikainen Hallituksen varsinaiset jäsenet: Milla Kauppi, varapuheenjohtajaTaina Piikkilä, sihteeriSuvi Mäkelä, rahastonhoitaja Jessica GullblomAnniina IhalainenMeri LehtiöLily Salolehto" />
<meta property="og:url" content="https://sey.fi/vaasa/vaasan-elainsuojelu/yhdistys/hallitus-2023/" />
<meta property="og:site_name" content="Vaasan seudun eläinsuojeluyhdistys" />
<meta property="article:modified_time" content="2026-01-29T10:31:51+00:00" />
<meta name="twitter:card" content="summary_large_image" />
<meta name="twitter:label1" content="Arvioitu lukuaika" />
	<meta name="twitter:data1" content="1 minuutti" />
<script type="application/ld+json" class="yoast-schema-graph">{"@context":"https://schema.org","@graph":[{"@type":"WebPage","@id":"https://sey.fi/vaasa/vaasan-elainsuojelu/yhdistys/hallitus-2023/","url":"https://sey.fi/vaasa/vaasan-elainsuojelu/yhdistys/hallitus-2023/","name":"Hallitus - Vaasan seudun eläinsuojeluyhdistys","isPartOf":{"@id":"https://sey.fi/vaasa/#website"},"datePublished":"2019-11-22T15:28:27+00:00","dateModified":"2026-01-29T10:31:51+00:00","breadcrumb":{"@id":"https://sey.fi/vaasa/vaasan-elainsuojelu/yhdistys/hallitus-2023/#breadcrumb"},"inLanguage":"fi","potentialAction":[{"@type":"ReadAction","target":["https://sey.fi/vaasa/vaasan-elainsuojelu/yhdistys/hallitus-2023/"]}]},{"@type":"BreadcrumbList","@id":"https://sey.fi/vaasa/vaasan-elainsuojelu/yhdistys/hallitus-2023/#breadcrumb","itemListElement":[{"@type":"ListItem","position":1,"name":"Home","item":"https://sey.fi/vaasa/"},{"@type":"ListItem","position":2,"name":"Vaasan seudun eläinsuojeluyhdistys","item":"https://sey.fi/vaasa/"},{"@type":"ListItem","position":3,"name":"Yhdistys","item":"https://sey.fi/vaasa/vaasan-elainsuojelu/yhdistys/"},{"@type":"ListItem","position":4,"name":"Hallitus"}]},{"@type":"WebSite","@id":"https://sey.fi/vaasa/#website","url":"https://sey.fi/vaasa/","name":"Vaasan seudun eläinsuojeluyhdistys","description":"Uusi SEY Jäsenyhdistykset -sivusto","potentialAction":[{"@type":"SearchAction","target":{"@type":"EntryPoint","urlTemplate":"https://sey.fi/vaasa/?s={search_term_string}"},"query-input":{"@type":"PropertyValueSpecification","valueRequired":true,"valueName":"search_term_string"}}],"inLanguage":"fi"}]}</script>
<!-- / Yoast SEO plugin. -->

Hallitus - Vaasan seudun eläinsuojeluyhdistys

Puheenjohtaja, Maija Raatikainen Hallituksen varsinaiset jäsenet: Milla Kauppi, varapuheenjohtajaTaina Piikkilä, sihteeriSuvi Mäkelä, rahastonhoitaja Jessica GullblomAnniina IhalainenMeri LehtiöLily Salolehto

Vaasan seudun eläinsuojeluyhdistys

Uusi SEY Jäsenyhdistykset -sivusto
