{"id":47,"date":"2019-11-22T17:30:21","date_gmt":"2019-11-22T15:30:21","guid":{"rendered":"http:\/\/srvr10.xetpoint.com\/~seyfi\/vaasa\/?page_id=47"},"modified":"2026-02-23T13:59:31","modified_gmt":"2026-02-23T11:59:31","slug":"yhdistyksen-historiasta","status":"publish","type":"page","link":"https:\/\/sey.fi\/vaasa\/vaasan-elainsuojelu\/yhdistys\/yhdistyksen-historiasta\/","title":{"rendered":"Yhdistyksen historiasta"},"content":{"rendered":"\n<p>Vaasanseudun el\u00e4insuojeluyhdistyksen perustava kokous pidettiin 20.2.1961&nbsp;Yhteiskoululla osoitteessa Kirkkopuistikko 1. Kokouksessa oli l\u00e4sn\u00e4 seuraavat henkil\u00f6t:<\/p>\n\n\n\n<p>Hovioikeuden presidentti Eero Corell<br>Piiriel\u00e4inl\u00e4\u00e4k\u00e4ri Ossi Andersson<br>El\u00e4insuojeluvalvoja K.J.Pallaspuro<br>Rouvat Anne-Maria Kahela, Kaisu Pollari, Rauha Bj\u00f6rs, Tyyni Lehtonen, Toini Pyyk\u00f6nen, Sylvi Heiskanen, Maija Risku<br>Herra Kalervo Berg<br>Neidit Martta Hautala ja Impi Arvola<\/p>\n","protected":false},"excerpt":{"rendered":"<p>Vaasanseudun el\u00e4insuojeluyhdistyksen perustava kokous pidettiin 20.2.1961&nbsp;Yhteiskoululla osoitteessa Kirkkopuistikko 1. Kokouksessa oli l\u00e4sn\u00e4 seuraavat henkil\u00f6t: Hovioikeuden presidentti Eero CorellPiiriel\u00e4inl\u00e4\u00e4k\u00e4ri Ossi AnderssonEl\u00e4insuojeluvalvoja K.J.PallaspuroRouvat Anne-Maria Kahela, Kaisu Pollari, Rauha Bj\u00f6rs, Tyyni Lehtonen, Toini Pyyk\u00f6nen, Sylvi Heiskanen, Maija RiskuHerra Kalervo BergNeidit Martta Hautala ja Impi Arvola<\/p>\n","protected":false},"author":8,"featured_media":0,"parent":37,"menu_order":0,"comment_status":"closed","ping_status":"closed","template":"","meta":{"_acf_changed":false,"footnotes":""},"class_list":["post-47","page","type-page","status-publish","hentry"],"acf":[],"yoast_head":"<!-- This site is optimized with the Yoast SEO plugin v27.1.1 - https:\/\/yoast.com\/product\/yoast-seo-wordpress\/ -->\n<title>Yhdistyksen historiasta - Vaasan seudun el\u00e4insuojeluyhdistys<\/title>\n<meta name=\"robots\" content=\"index, follow, max-snippet:-1, max-image-preview:large, max-video-preview:-1\" \/>\n<link rel=\"canonical\" href=\"https:\/\/sey.fi\/vaasa\/vaasan-elainsuojelu\/yhdistys\/yhdistyksen-historiasta\/\" \/>\n<meta property=\"og:locale\" content=\"fi_FI\" \/>\n<meta property=\"og:type\" content=\"article\" \/>\n<meta property=\"og:title\" content=\"Yhdistyksen historiasta - Vaasan seudun el\u00e4insuojeluyhdistys\" \/>\n<meta property=\"og:description\" content=\"Vaasanseudun el\u00e4insuojeluyhdistyksen perustava kokous pidettiin 20.2.1961&nbsp;Yhteiskoululla osoitteessa Kirkkopuistikko 1. Kokouksessa oli l\u00e4sn\u00e4 seuraavat henkil\u00f6t: Hovioikeuden presidentti Eero CorellPiiriel\u00e4inl\u00e4\u00e4k\u00e4ri Ossi AnderssonEl\u00e4insuojeluvalvoja K.J.PallaspuroRouvat Anne-Maria Kahela, Kaisu Pollari, Rauha Bj\u00f6rs, Tyyni Lehtonen, Toini Pyyk\u00f6nen, Sylvi Heiskanen, Maija RiskuHerra Kalervo BergNeidit Martta Hautala ja Impi Arvola\" \/>\n<meta property=\"og:url\" content=\"https:\/\/sey.fi\/vaasa\/vaasan-elainsuojelu\/yhdistys\/yhdistyksen-historiasta\/\" \/>\n<meta property=\"og:site_name\" content=\"Vaasan seudun el\u00e4insuojeluyhdistys\" \/>\n<meta property=\"article:modified_time\" content=\"2026-02-23T11:59:31+00:00\" \/>\n<meta name=\"twitter:card\" content=\"summary_large_image\" \/>\n<meta name=\"twitter:label1\" content=\"Arvioitu lukuaika\" \/>\n\t<meta name=\"twitter:data1\" content=\"1 minuutti\" \/>\n<script type=\"application\/ld+json\" class=\"yoast-schema-graph\">{\"@context\":\"https:\/\/schema.org\",\"@graph\":[{\"@type\":\"WebPage\",\"@id\":\"https:\/\/sey.fi\/vaasa\/vaasan-elainsuojelu\/yhdistys\/yhdistyksen-historiasta\/\",\"url\":\"https:\/\/sey.fi\/vaasa\/vaasan-elainsuojelu\/yhdistys\/yhdistyksen-historiasta\/\",\"name\":\"Yhdistyksen historiasta - Vaasan seudun el\u00e4insuojeluyhdistys\",\"isPartOf\":{\"@id\":\"https:\/\/sey.fi\/vaasa\/#website\"},\"datePublished\":\"2019-11-22T15:30:21+00:00\",\"dateModified\":\"2026-02-23T11:59:31+00:00\",\"breadcrumb\":{\"@id\":\"https:\/\/sey.fi\/vaasa\/vaasan-elainsuojelu\/yhdistys\/yhdistyksen-historiasta\/#breadcrumb\"},\"inLanguage\":\"fi\",\"potentialAction\":[{\"@type\":\"ReadAction\",\"target\":[\"https:\/\/sey.fi\/vaasa\/vaasan-elainsuojelu\/yhdistys\/yhdistyksen-historiasta\/\"]}]},{\"@type\":\"BreadcrumbList\",\"@id\":\"https:\/\/sey.fi\/vaasa\/vaasan-elainsuojelu\/yhdistys\/yhdistyksen-historiasta\/#breadcrumb\",\"itemListElement\":[{\"@type\":\"ListItem\",\"position\":1,\"name\":\"Home\",\"item\":\"https:\/\/sey.fi\/vaasa\/\"},{\"@type\":\"ListItem\",\"position\":2,\"name\":\"Vaasan seudun el\u00e4insuojeluyhdistys\",\"item\":\"https:\/\/sey.fi\/vaasa\/\"},{\"@type\":\"ListItem\",\"position\":3,\"name\":\"Yhdistys\",\"item\":\"https:\/\/sey.fi\/vaasa\/vaasan-elainsuojelu\/yhdistys\/\"},{\"@type\":\"ListItem\",\"position\":4,\"name\":\"Yhdistyksen historiasta\"}]},{\"@type\":\"WebSite\",\"@id\":\"https:\/\/sey.fi\/vaasa\/#website\",\"url\":\"https:\/\/sey.fi\/vaasa\/\",\"name\":\"Vaasan seudun el\u00e4insuojeluyhdistys\",\"description\":\"Uusi SEY J\u00e4senyhdistykset -sivusto\",\"potentialAction\":[{\"@type\":\"SearchAction\",\"target\":{\"@type\":\"EntryPoint\",\"urlTemplate\":\"https:\/\/sey.fi\/vaasa\/?s={search_term_string}\"},\"query-input\":{\"@type\":\"PropertyValueSpecification\",\"valueRequired\":true,\"valueName\":\"search_term_string\"}}],\"inLanguage\":\"fi\"}]}<\/script>\n<!-- \/ Yoast SEO plugin. -->","yoast_head_json":{"title":"Yhdistyksen historiasta - Vaasan seudun el\u00e4insuojeluyhdistys","robots":{"index":"index","follow":"follow","max-snippet":"max-snippet:-1","max-image-preview":"max-image-preview:large","max-video-preview":"max-video-preview:-1"},"canonical":"https:\/\/sey.fi\/vaasa\/vaasan-elainsuojelu\/yhdistys\/yhdistyksen-historiasta\/","og_locale":"fi_FI","og_type":"article","og_title":"Yhdistyksen historiasta - Vaasan seudun el\u00e4insuojeluyhdistys","og_description":"Vaasanseudun el\u00e4insuojeluyhdistyksen perustava kokous pidettiin 20.2.1961&nbsp;Yhteiskoululla osoitteessa Kirkkopuistikko 1. Kokouksessa oli l\u00e4sn\u00e4 seuraavat henkil\u00f6t: Hovioikeuden presidentti Eero CorellPiiriel\u00e4inl\u00e4\u00e4k\u00e4ri Ossi AnderssonEl\u00e4insuojeluvalvoja K.J.PallaspuroRouvat Anne-Maria Kahela, Kaisu Pollari, Rauha Bj\u00f6rs, Tyyni Lehtonen, Toini Pyyk\u00f6nen, Sylvi Heiskanen, Maija RiskuHerra Kalervo BergNeidit Martta Hautala ja Impi Arvola","og_url":"https:\/\/sey.fi\/vaasa\/vaasan-elainsuojelu\/yhdistys\/yhdistyksen-historiasta\/","og_site_name":"Vaasan seudun el\u00e4insuojeluyhdistys","article_modified_time":"2026-02-23T11:59:31+00:00","twitter_card":"summary_large_image","twitter_misc":{"Arvioitu lukuaika":"1 minuutti"},"schema":{"@context":"https:\/\/schema.org","@graph":[{"@type":"WebPage","@id":"https:\/\/sey.fi\/vaasa\/vaasan-elainsuojelu\/yhdistys\/yhdistyksen-historiasta\/","url":"https:\/\/sey.fi\/vaasa\/vaasan-elainsuojelu\/yhdistys\/yhdistyksen-historiasta\/","name":"Yhdistyksen historiasta - Vaasan seudun el\u00e4insuojeluyhdistys","isPartOf":{"@id":"https:\/\/sey.fi\/vaasa\/#website"},"datePublished":"2019-11-22T15:30:21+00:00","dateModified":"2026-02-23T11:59:31+00:00","breadcrumb":{"@id":"https:\/\/sey.fi\/vaasa\/vaasan-elainsuojelu\/yhdistys\/yhdistyksen-historiasta\/#breadcrumb"},"inLanguage":"fi","potentialAction":[{"@type":"ReadAction","target":["https:\/\/sey.fi\/vaasa\/vaasan-elainsuojelu\/yhdistys\/yhdistyksen-historiasta\/"]}]},{"@type":"BreadcrumbList","@id":"https:\/\/sey.fi\/vaasa\/vaasan-elainsuojelu\/yhdistys\/yhdistyksen-historiasta\/#breadcrumb","itemListElement":[{"@type":"ListItem","position":1,"name":"Home","item":"https:\/\/sey.fi\/vaasa\/"},{"@type":"ListItem","position":2,"name":"Vaasan seudun el\u00e4insuojeluyhdistys","item":"https:\/\/sey.fi\/vaasa\/"},{"@type":"ListItem","position":3,"name":"Yhdistys","item":"https:\/\/sey.fi\/vaasa\/vaasan-elainsuojelu\/yhdistys\/"},{"@type":"ListItem","position":4,"name":"Yhdistyksen historiasta"}]},{"@type":"WebSite","@id":"https:\/\/sey.fi\/vaasa\/#website","url":"https:\/\/sey.fi\/vaasa\/","name":"Vaasan seudun el\u00e4insuojeluyhdistys","description":"Uusi SEY J\u00e4senyhdistykset -sivusto","potentialAction":[{"@type":"SearchAction","target":{"@type":"EntryPoint","urlTemplate":"https:\/\/sey.fi\/vaasa\/?s={search_term_string}"},"query-input":{"@type":"PropertyValueSpecification","valueRequired":true,"valueName":"search_term_string"}}],"inLanguage":"fi"}]}},"_links":{"self":[{"href":"https:\/\/sey.fi\/vaasa\/wp-json\/wp\/v2\/pages\/47","targetHints":{"allow":["GET"]}}],"collection":[{"href":"https:\/\/sey.fi\/vaasa\/wp-json\/wp\/v2\/pages"}],"about":[{"href":"https:\/\/sey.fi\/vaasa\/wp-json\/wp\/v2\/types\/page"}],"author":[{"embeddable":true,"href":"https:\/\/sey.fi\/vaasa\/wp-json\/wp\/v2\/users\/8"}],"replies":[{"embeddable":true,"href":"https:\/\/sey.fi\/vaasa\/wp-json\/wp\/v2\/comments?post=47"}],"version-history":[{"count":2,"href":"https:\/\/sey.fi\/vaasa\/wp-json\/wp\/v2\/pages\/47\/revisions"}],"predecessor-version":[{"id":214,"href":"https:\/\/sey.fi\/vaasa\/wp-json\/wp\/v2\/pages\/47\/revisions\/214"}],"up":[{"embeddable":true,"href":"https:\/\/sey.fi\/vaasa\/wp-json\/wp\/v2\/pages\/37"}],"wp:attachment":[{"href":"https:\/\/sey.fi\/vaasa\/wp-json\/wp\/v2\/media?parent=47"}],"curies":[{"name":"wp","href":"https:\/\/api.w.org\/{rel}","templated":true}]}}

<p>Vaasanseudun eläinsuojeluyhdistyksen perustava kokous pidettiin 20.2.1961&nbsp;Yhteiskoululla osoitteessa Kirkkopuistikko 1. Kokouksessa oli läsnä seuraavat henkilöt:</p>



<p>Hovioikeuden presidentti Eero Corell<br>Piirieläinlääkäri Ossi Andersson<br>Eläinsuojeluvalvoja K.J.Pallaspuro<br>Rouvat Anne-Maria Kahela, Kaisu Pollari, Rauha Björs, Tyyni Lehtonen, Toini Pyykönen, Sylvi Heiskanen, Maija Risku<br>Herra Kalervo Berg<br>Neidit Martta Hautala ja Impi Arvola</p>

<p>Vaasanseudun eläinsuojeluyhdistyksen perustava kokous pidettiin 20.2.1961&nbsp;Yhteiskoululla osoitteessa Kirkkopuistikko 1. Kokouksessa oli läsnä seuraavat henkilöt: Hovioikeuden presidentti Eero CorellPiirieläinlääkäri Ossi AnderssonEläinsuojeluvalvoja K.J.PallaspuroRouvat Anne-Maria Kahela, Kaisu Pollari, Rauha Björs, Tyyni Lehtonen, Toini Pyykönen, Sylvi Heiskanen, Maija RiskuHerra Kalervo BergNeidit Martta Hautala ja Impi Arvola</p>

<!-- This site is optimized with the Yoast SEO plugin v27.1.1 - https://yoast.com/product/yoast-seo-wordpress/ -->
<title>Yhdistyksen historiasta - Vaasan seudun eläinsuojeluyhdistys</title>
<meta name="robots" content="index, follow, max-snippet:-1, max-image-preview:large, max-video-preview:-1" />
<link rel="canonical" href="https://sey.fi/vaasa/vaasan-elainsuojelu/yhdistys/yhdistyksen-historiasta/" />
<meta property="og:locale" content="fi_FI" />
<meta property="og:type" content="article" />
<meta property="og:title" content="Yhdistyksen historiasta - Vaasan seudun eläinsuojeluyhdistys" />
<meta property="og:description" content="Vaasanseudun eläinsuojeluyhdistyksen perustava kokous pidettiin 20.2.1961&nbsp;Yhteiskoululla osoitteessa Kirkkopuistikko 1. Kokouksessa oli läsnä seuraavat henkilöt: Hovioikeuden presidentti Eero CorellPiirieläinlääkäri Ossi AnderssonEläinsuojeluvalvoja K.J.PallaspuroRouvat Anne-Maria Kahela, Kaisu Pollari, Rauha Björs, Tyyni Lehtonen, Toini Pyykönen, Sylvi Heiskanen, Maija RiskuHerra Kalervo BergNeidit Martta Hautala ja Impi Arvola" />
<meta property="og:url" content="https://sey.fi/vaasa/vaasan-elainsuojelu/yhdistys/yhdistyksen-historiasta/" />
<meta property="og:site_name" content="Vaasan seudun eläinsuojeluyhdistys" />
<meta property="article:modified_time" content="2026-02-23T11:59:31+00:00" />
<meta name="twitter:card" content="summary_large_image" />
<meta name="twitter:label1" content="Arvioitu lukuaika" />
	<meta name="twitter:data1" content="1 minuutti" />
<script type="application/ld+json" class="yoast-schema-graph">{"@context":"https://schema.org","@graph":[{"@type":"WebPage","@id":"https://sey.fi/vaasa/vaasan-elainsuojelu/yhdistys/yhdistyksen-historiasta/","url":"https://sey.fi/vaasa/vaasan-elainsuojelu/yhdistys/yhdistyksen-historiasta/","name":"Yhdistyksen historiasta - Vaasan seudun eläinsuojeluyhdistys","isPartOf":{"@id":"https://sey.fi/vaasa/#website"},"datePublished":"2019-11-22T15:30:21+00:00","dateModified":"2026-02-23T11:59:31+00:00","breadcrumb":{"@id":"https://sey.fi/vaasa/vaasan-elainsuojelu/yhdistys/yhdistyksen-historiasta/#breadcrumb"},"inLanguage":"fi","potentialAction":[{"@type":"ReadAction","target":["https://sey.fi/vaasa/vaasan-elainsuojelu/yhdistys/yhdistyksen-historiasta/"]}]},{"@type":"BreadcrumbList","@id":"https://sey.fi/vaasa/vaasan-elainsuojelu/yhdistys/yhdistyksen-historiasta/#breadcrumb","itemListElement":[{"@type":"ListItem","position":1,"name":"Home","item":"https://sey.fi/vaasa/"},{"@type":"ListItem","position":2,"name":"Vaasan seudun eläinsuojeluyhdistys","item":"https://sey.fi/vaasa/"},{"@type":"ListItem","position":3,"name":"Yhdistys","item":"https://sey.fi/vaasa/vaasan-elainsuojelu/yhdistys/"},{"@type":"ListItem","position":4,"name":"Yhdistyksen historiasta"}]},{"@type":"WebSite","@id":"https://sey.fi/vaasa/#website","url":"https://sey.fi/vaasa/","name":"Vaasan seudun eläinsuojeluyhdistys","description":"Uusi SEY Jäsenyhdistykset -sivusto","potentialAction":[{"@type":"SearchAction","target":{"@type":"EntryPoint","urlTemplate":"https://sey.fi/vaasa/?s={search_term_string}"},"query-input":{"@type":"PropertyValueSpecification","valueRequired":true,"valueName":"search_term_string"}}],"inLanguage":"fi"}]}</script>
<!-- / Yoast SEO plugin. -->

Yhdistyksen historiasta - Vaasan seudun eläinsuojeluyhdistys

Vaasanseudun eläinsuojeluyhdistyksen perustava kokous pidettiin 20.2.1961&nbsp;Yhteiskoululla osoitteessa Kirkkopuistikko 1. Kokouksessa oli läsnä seuraavat henkilöt: Hovioikeuden presidentti Eero CorellPiirieläinlääkäri Ossi AnderssonEläinsuojeluvalvoja K.J.PallaspuroRouvat Anne-Maria Kahela, Kaisu Pollari, Rauha Björs, Tyyni Lehtonen, Toini Pyykönen, Sylvi Heiskanen, Maija RiskuHerra Kalervo BergNeidit Martta Hautala ja Impi Arvola

Vaasan seudun eläinsuojeluyhdistys

Uusi SEY Jäsenyhdistykset -sivusto
