{"id":53,"date":"2019-11-22T17:32:41","date_gmt":"2019-11-22T15:32:41","guid":{"rendered":"http:\/\/srvr10.xetpoint.com\/~seyfi\/vaasa\/?page_id=53"},"modified":"2022-08-14T21:02:49","modified_gmt":"2022-08-14T18:02:49","slug":"luonnonvaraiset-elaimet","status":"publish","type":"page","link":"https:\/\/sey.fi\/vaasa\/vaasan-elainsuojelu\/luonnonvaraiset-elaimet\/","title":{"rendered":"Luonnonvaraiset el\u00e4imet"},"content":{"rendered":"\n<h2 class=\"wp-block-heading\">Yleisi\u00e4 k\u00e4yt\u00e4nt\u00f6j\u00e4<\/h2>\n\n\n\n<p><em>Tarkempia lajikohtaisia ohjeistuksia linnunpoikasista, oravanpoikasista ja siilinpoikasista l\u00f6yd\u00e4t sivun vasemmasta valikosta.<\/em><\/p>\n\n\n\n<p><strong>KONSULTOI AINA LUONNONVARAISTEN EL\u00c4INTEN ASIANTUNTIJAA, ENNEN KUIN KOSKET EL\u00c4IMEEN TAI HOIDAT SIT\u00c4!<\/strong><br><br>\u00c4l\u00e4 kosketa el\u00e4int\u00e4 turhaan. Yksin\u00e4\u00e4n l\u00f6ytynyt linnunpoikanen, j\u00e4niksenpoikanen tai siilinpoikanen on harvoin orpo. \u00c4l\u00e4 siirr\u00e4 sit\u00e4, muutoin kun poikanen on ajotiell\u00e4 yms. vaarallisessa paikassa. Siirr\u00e4 poikasta silloinkin mahdollisimman v\u00e4h\u00e4n. Emo on yleens\u00e4 l\u00e4hettyvill\u00e4 tai ruuan hakumatkalla. Useimmilla linnuilla molemmat vanhemmat osallistuvat poikasten kasvattamiseen. Vaikka toinen vanhemmista kuolisi, toinen hoitaa poikaset.<\/p>\n\n\n\n<p>Kun suunnitellaan el\u00e4imen hoitoon ottamista on ajateltava my\u00f6s sen kuntoutumismahdollisuuksia ja voidaanko se p\u00e4\u00e4st\u00e4\u00e4 takaisin luontoon. P\u00e4\u00e4s\u00e4\u00e4nt\u00f6isesti pahasti vammautuneet el\u00e4imet lopetetaan, ellei kysymyksess\u00e4 ole harvinainen laji, joka kuntoutettuna voidaan sijoittaa el\u00e4intarhaan.&nbsp;<\/p>\n\n\n\n<p><strong>Vapauta el\u00e4in luontoon heti kun olet varma, ett\u00e4 se on terve ja selviytyy luonnossa. Luonnonvaraista el\u00e4int\u00e4 ei saa ottaa lemmikiksi.<\/strong><\/p>\n","protected":false},"excerpt":{"rendered":"<p>Yleisi\u00e4 k\u00e4yt\u00e4nt\u00f6j\u00e4 Tarkempia lajikohtaisia ohjeistuksia linnunpoikasista, oravanpoikasista ja siilinpoikasista l\u00f6yd\u00e4t sivun vasemmasta valikosta. KONSULTOI AINA LUONNONVARAISTEN EL\u00c4INTEN ASIANTUNTIJAA, ENNEN KUIN KOSKET EL\u00c4IMEEN TAI HOIDAT SIT\u00c4! \u00c4l\u00e4 kosketa el\u00e4int\u00e4 turhaan. Yksin\u00e4\u00e4n l\u00f6ytynyt linnunpoikanen, j\u00e4niksenpoikanen tai siilinpoikanen on harvoin orpo. \u00c4l\u00e4 siirr\u00e4 sit\u00e4, muutoin kun poikanen on ajotiell\u00e4 yms. vaarallisessa paikassa. Siirr\u00e4 poikasta silloinkin mahdollisimman v\u00e4h\u00e4n. Emo [&hellip;]<\/p>\n","protected":false},"author":8,"featured_media":0,"parent":2,"menu_order":0,"comment_status":"closed","ping_status":"closed","template":"","meta":{"_acf_changed":false,"footnotes":""},"class_list":["post-53","page","type-page","status-publish","hentry"],"acf":[],"yoast_head":"<!-- This site is optimized with the Yoast SEO plugin v27.1.1 - https:\/\/yoast.com\/product\/yoast-seo-wordpress\/ -->\n<title>Luonnonvaraiset el\u00e4imet - Vaasan seudun el\u00e4insuojeluyhdistys<\/title>\n<meta name=\"robots\" content=\"index, follow, max-snippet:-1, max-image-preview:large, max-video-preview:-1\" \/>\n<link rel=\"canonical\" href=\"https:\/\/sey.fi\/vaasa\/vaasan-elainsuojelu\/luonnonvaraiset-elaimet\/\" \/>\n<meta property=\"og:locale\" content=\"fi_FI\" \/>\n<meta property=\"og:type\" content=\"article\" \/>\n<meta property=\"og:title\" content=\"Luonnonvaraiset el\u00e4imet - Vaasan seudun el\u00e4insuojeluyhdistys\" \/>\n<meta property=\"og:description\" content=\"Yleisi\u00e4 k\u00e4yt\u00e4nt\u00f6j\u00e4 Tarkempia lajikohtaisia ohjeistuksia linnunpoikasista, oravanpoikasista ja siilinpoikasista l\u00f6yd\u00e4t sivun vasemmasta valikosta. KONSULTOI AINA LUONNONVARAISTEN EL\u00c4INTEN ASIANTUNTIJAA, ENNEN KUIN KOSKET EL\u00c4IMEEN TAI HOIDAT SIT\u00c4! \u00c4l\u00e4 kosketa el\u00e4int\u00e4 turhaan. Yksin\u00e4\u00e4n l\u00f6ytynyt linnunpoikanen, j\u00e4niksenpoikanen tai siilinpoikanen on harvoin orpo. \u00c4l\u00e4 siirr\u00e4 sit\u00e4, muutoin kun poikanen on ajotiell\u00e4 yms. vaarallisessa paikassa. Siirr\u00e4 poikasta silloinkin mahdollisimman v\u00e4h\u00e4n. Emo [&hellip;]\" \/>\n<meta property=\"og:url\" content=\"https:\/\/sey.fi\/vaasa\/vaasan-elainsuojelu\/luonnonvaraiset-elaimet\/\" \/>\n<meta property=\"og:site_name\" content=\"Vaasan seudun el\u00e4insuojeluyhdistys\" \/>\n<meta property=\"article:modified_time\" content=\"2022-08-14T18:02:49+00:00\" \/>\n<meta name=\"twitter:card\" content=\"summary_large_image\" \/>\n<meta name=\"twitter:label1\" content=\"Arvioitu lukuaika\" \/>\n\t<meta name=\"twitter:data1\" content=\"1 minuutti\" \/>\n<script type=\"application\/ld+json\" class=\"yoast-schema-graph\">{\"@context\":\"https:\/\/schema.org\",\"@graph\":[{\"@type\":\"WebPage\",\"@id\":\"https:\/\/sey.fi\/vaasa\/vaasan-elainsuojelu\/luonnonvaraiset-elaimet\/\",\"url\":\"https:\/\/sey.fi\/vaasa\/vaasan-elainsuojelu\/luonnonvaraiset-elaimet\/\",\"name\":\"Luonnonvaraiset el\u00e4imet - Vaasan seudun el\u00e4insuojeluyhdistys\",\"isPartOf\":{\"@id\":\"https:\/\/sey.fi\/vaasa\/#website\"},\"datePublished\":\"2019-11-22T15:32:41+00:00\",\"dateModified\":\"2022-08-14T18:02:49+00:00\",\"breadcrumb\":{\"@id\":\"https:\/\/sey.fi\/vaasa\/vaasan-elainsuojelu\/luonnonvaraiset-elaimet\/#breadcrumb\"},\"inLanguage\":\"fi\",\"potentialAction\":[{\"@type\":\"ReadAction\",\"target\":[\"https:\/\/sey.fi\/vaasa\/vaasan-elainsuojelu\/luonnonvaraiset-elaimet\/\"]}]},{\"@type\":\"BreadcrumbList\",\"@id\":\"https:\/\/sey.fi\/vaasa\/vaasan-elainsuojelu\/luonnonvaraiset-elaimet\/#breadcrumb\",\"itemListElement\":[{\"@type\":\"ListItem\",\"position\":1,\"name\":\"Home\",\"item\":\"https:\/\/sey.fi\/vaasa\/\"},{\"@type\":\"ListItem\",\"position\":2,\"name\":\"Vaasan seudun el\u00e4insuojeluyhdistys\",\"item\":\"https:\/\/sey.fi\/vaasa\/\"},{\"@type\":\"ListItem\",\"position\":3,\"name\":\"Luonnonvaraiset el\u00e4imet\"}]},{\"@type\":\"WebSite\",\"@id\":\"https:\/\/sey.fi\/vaasa\/#website\",\"url\":\"https:\/\/sey.fi\/vaasa\/\",\"name\":\"Vaasan seudun el\u00e4insuojeluyhdistys\",\"description\":\"Uusi SEY J\u00e4senyhdistykset -sivusto\",\"potentialAction\":[{\"@type\":\"SearchAction\",\"target\":{\"@type\":\"EntryPoint\",\"urlTemplate\":\"https:\/\/sey.fi\/vaasa\/?s={search_term_string}\"},\"query-input\":{\"@type\":\"PropertyValueSpecification\",\"valueRequired\":true,\"valueName\":\"search_term_string\"}}],\"inLanguage\":\"fi\"}]}<\/script>\n<!-- \/ Yoast SEO plugin. -->","yoast_head_json":{"title":"Luonnonvaraiset el\u00e4imet - Vaasan seudun el\u00e4insuojeluyhdistys","robots":{"index":"index","follow":"follow","max-snippet":"max-snippet:-1","max-image-preview":"max-image-preview:large","max-video-preview":"max-video-preview:-1"},"canonical":"https:\/\/sey.fi\/vaasa\/vaasan-elainsuojelu\/luonnonvaraiset-elaimet\/","og_locale":"fi_FI","og_type":"article","og_title":"Luonnonvaraiset el\u00e4imet - Vaasan seudun el\u00e4insuojeluyhdistys","og_description":"Yleisi\u00e4 k\u00e4yt\u00e4nt\u00f6j\u00e4 Tarkempia lajikohtaisia ohjeistuksia linnunpoikasista, oravanpoikasista ja siilinpoikasista l\u00f6yd\u00e4t sivun vasemmasta valikosta. KONSULTOI AINA LUONNONVARAISTEN EL\u00c4INTEN ASIANTUNTIJAA, ENNEN KUIN KOSKET EL\u00c4IMEEN TAI HOIDAT SIT\u00c4! \u00c4l\u00e4 kosketa el\u00e4int\u00e4 turhaan. Yksin\u00e4\u00e4n l\u00f6ytynyt linnunpoikanen, j\u00e4niksenpoikanen tai siilinpoikanen on harvoin orpo. \u00c4l\u00e4 siirr\u00e4 sit\u00e4, muutoin kun poikanen on ajotiell\u00e4 yms. vaarallisessa paikassa. Siirr\u00e4 poikasta silloinkin mahdollisimman v\u00e4h\u00e4n. Emo [&hellip;]","og_url":"https:\/\/sey.fi\/vaasa\/vaasan-elainsuojelu\/luonnonvaraiset-elaimet\/","og_site_name":"Vaasan seudun el\u00e4insuojeluyhdistys","article_modified_time":"2022-08-14T18:02:49+00:00","twitter_card":"summary_large_image","twitter_misc":{"Arvioitu lukuaika":"1 minuutti"},"schema":{"@context":"https:\/\/schema.org","@graph":[{"@type":"WebPage","@id":"https:\/\/sey.fi\/vaasa\/vaasan-elainsuojelu\/luonnonvaraiset-elaimet\/","url":"https:\/\/sey.fi\/vaasa\/vaasan-elainsuojelu\/luonnonvaraiset-elaimet\/","name":"Luonnonvaraiset el\u00e4imet - Vaasan seudun el\u00e4insuojeluyhdistys","isPartOf":{"@id":"https:\/\/sey.fi\/vaasa\/#website"},"datePublished":"2019-11-22T15:32:41+00:00","dateModified":"2022-08-14T18:02:49+00:00","breadcrumb":{"@id":"https:\/\/sey.fi\/vaasa\/vaasan-elainsuojelu\/luonnonvaraiset-elaimet\/#breadcrumb"},"inLanguage":"fi","potentialAction":[{"@type":"ReadAction","target":["https:\/\/sey.fi\/vaasa\/vaasan-elainsuojelu\/luonnonvaraiset-elaimet\/"]}]},{"@type":"BreadcrumbList","@id":"https:\/\/sey.fi\/vaasa\/vaasan-elainsuojelu\/luonnonvaraiset-elaimet\/#breadcrumb","itemListElement":[{"@type":"ListItem","position":1,"name":"Home","item":"https:\/\/sey.fi\/vaasa\/"},{"@type":"ListItem","position":2,"name":"Vaasan seudun el\u00e4insuojeluyhdistys","item":"https:\/\/sey.fi\/vaasa\/"},{"@type":"ListItem","position":3,"name":"Luonnonvaraiset el\u00e4imet"}]},{"@type":"WebSite","@id":"https:\/\/sey.fi\/vaasa\/#website","url":"https:\/\/sey.fi\/vaasa\/","name":"Vaasan seudun el\u00e4insuojeluyhdistys","description":"Uusi SEY J\u00e4senyhdistykset -sivusto","potentialAction":[{"@type":"SearchAction","target":{"@type":"EntryPoint","urlTemplate":"https:\/\/sey.fi\/vaasa\/?s={search_term_string}"},"query-input":{"@type":"PropertyValueSpecification","valueRequired":true,"valueName":"search_term_string"}}],"inLanguage":"fi"}]}},"_links":{"self":[{"href":"https:\/\/sey.fi\/vaasa\/wp-json\/wp\/v2\/pages\/53","targetHints":{"allow":["GET"]}}],"collection":[{"href":"https:\/\/sey.fi\/vaasa\/wp-json\/wp\/v2\/pages"}],"about":[{"href":"https:\/\/sey.fi\/vaasa\/wp-json\/wp\/v2\/types\/page"}],"author":[{"embeddable":true,"href":"https:\/\/sey.fi\/vaasa\/wp-json\/wp\/v2\/users\/8"}],"replies":[{"embeddable":true,"href":"https:\/\/sey.fi\/vaasa\/wp-json\/wp\/v2\/comments?post=53"}],"version-history":[{"count":4,"href":"https:\/\/sey.fi\/vaasa\/wp-json\/wp\/v2\/pages\/53\/revisions"}],"predecessor-version":[{"id":167,"href":"https:\/\/sey.fi\/vaasa\/wp-json\/wp\/v2\/pages\/53\/revisions\/167"}],"up":[{"embeddable":true,"href":"https:\/\/sey.fi\/vaasa\/wp-json\/wp\/v2\/pages\/2"}],"wp:attachment":[{"href":"https:\/\/sey.fi\/vaasa\/wp-json\/wp\/v2\/media?parent=53"}],"curies":[{"name":"wp","href":"https:\/\/api.w.org\/{rel}","templated":true}]}}