{"id":24,"date":"2019-11-22T18:09:00","date_gmt":"2019-11-22T16:09:00","guid":{"rendered":"http:\/\/srvr10.xetpoint.com\/~seyfi\/valkeakoski\/?page_id=24"},"modified":"2023-05-02T21:40:56","modified_gmt":"2023-05-02T18:40:56","slug":"hyva-tietaa","status":"publish","type":"page","link":"https:\/\/sey.fi\/valkeakoski\/valkeakosken-elainsuojelu\/hyva-tietaa\/","title":{"rendered":"Hyv\u00e4 tiet\u00e4\u00e4"},"content":{"rendered":"\n<h2 class=\"wp-block-heading\">Miten voit toimia, kun el\u00e4in tarvitsee apuasi<\/h2>\n\n\n\n<p>Seuraava teksti on l\u00e4hes suora lainaus Pirkanmaan el\u00e4insuojeluyhdistyksen kotisivuilta. Tietoja on muokattu Valkeakosken alueelle sopiviksi.<\/p>\n\n\n\n<figure class=\"wp-block-image size-full\"><img loading=\"lazy\" decoding=\"async\" width=\"1380\" height=\"449\" src=\"https:\/\/sey.fi\/wp-content\/uploads\/sites\/34\/2019\/11\/kissasuikale.jpg\" alt=\"\" class=\"wp-image-6\" \/><\/figure>\n\n\n\n<p><strong>Tampereen alueen vapaaehtoisen el\u00e4insuojeluvalvojan Nanna Karlssonin ajatuksia el\u00e4insuojelusta:<\/strong><\/p>\n\n\n\n<p>El\u00e4insuojeluvalvoja on vapaaehtoinen, joka on k\u00e4ynyt Suomen El\u00e4insuojeluyhdistysten liiton j\u00e4rjest\u00e4m\u00e4n, Maa- ja Mets\u00e4talousministeri\u00f6n hyv\u00e4ksym\u00e4n kurssin. T\u00e4m\u00e4n lis\u00e4ksi l\u00e4\u00e4ninhallitukset voivat my\u00f6nt\u00e4\u00e4 oikeudet valvojatoimintaan tietyill\u00e4 paikkakunnilla, jolloin valvojalla on el\u00e4insuojelulain mukaiset toimintavaltuudet.<\/p>\n\n\n\n<p>El\u00e4insuojeluvalvojan p\u00e4\u00e4teht\u00e4v\u00e4n\u00e4 on pit\u00e4\u00e4 silm\u00e4ll\u00e4 el\u00e4inten kohtelua ja tarpeen vaatiessa antaa el\u00e4imen haltijalle el\u00e4imen pitoon liittyvi\u00e4 ohjeita ja neuvoja. Valvoja tekee el\u00e4insuojelutarkastuksia saamiensa ilmoitusten perusteella. Valvojalta voi kysy\u00e4 my\u00f6s pelk\u00e4st\u00e4\u00e4n neuvoja ep\u00e4selviin tapauksiin, yhteytt\u00e4 voi hyvin ottaa my\u00f6s jos ei ole varma onko kyse el\u00e4imen hoidon laiminly\u00f6nnist\u00e4. Ilmoituksen voi tehd\u00e4 my\u00f6s nimett\u00f6m\u00e4n\u00e4, mutta valvojat ovat aina vaitiolovelvollisia. Yhteytt\u00e4 kannattaa ottaa mieluummin liian aikaisin kun liian my\u00f6h\u00e4\u00e4n. Varsinaisia el\u00e4insuojeluviranomaisia joka paikkakunnalla ovat poliisi ja kunnanel\u00e4inl\u00e4\u00e4k\u00e4ri, joiden kanssa el\u00e4insuojeluvalvojat tekev\u00e4t yhteisty\u00f6t\u00e4. Valvojalla ei ikin\u00e4 ole oikeutta ottaa huostaan el\u00e4int\u00e4, vakavammissa tapauksissa jatko on poliisin ja el\u00e4inl\u00e4\u00e4k\u00e4rin p\u00e4\u00e4tett\u00e4viss\u00e4. Luonnonvaraisia el\u00e4imi\u00e4 koskevissa asioissa kannattaa ottaa yhteytt\u00e4 Markku Alankoon. Paikallisten el\u00e4insuojeluvalvojien yhteystiedot l\u00f6ytyv\u00e4t esimerkiksi SEY:n sivuilta.<\/p>\n\n\n\n<p>Millaiset tapaukset ty\u00f6llist\u00e4v\u00e4t el\u00e4insuojeluvalvojaa eniten?<\/p>\n\n\n\n<p>El\u00e4insuojeluvalvojille tulee vastaan hyvin monenlaisia tapauksia. Valvojan vastuulle kuuluvat niin lemmikkiel\u00e4imet kuin luonnonvaraiset ja tuotantoel\u00e4imetkin. Valvojan t\u00e4ytyy siis tuntea hyvin erilaisten el\u00e4inten elintavat, ja vaatimukset sek\u00e4 eri el\u00e4inlajeja koskeva lains\u00e4\u00e4d\u00e4nt\u00f6.<\/p>\n\n\n\n<p>Paikkakunnasta ja vuodenajasta riippuen valvojaa ty\u00f6llist\u00e4v\u00e4t erilaiset tapaukset. Kaupunkialueilla luonnollisesti tulee eniten ilmoituksia koirista, ne n\u00e4kyv\u00e4t muillekin ihmisille. Koiranpidossa edelleen yleisimpi\u00e4 ongelmia tuntuu olevan liikunnan puute: el\u00e4insuojeluasetuksessa kuitenkin mainitaan, ett\u00e4 koiran p\u00e4ivitt\u00e4isest\u00e4 liikunnantarpeesta on huolehdittava. T\u00e4m\u00e4 koskee my\u00f6s ulkotarhassa tai juoksulangassa el\u00e4vi\u00e4 koiria. Koira on laumael\u00e4in, jolle lauman eli perheen kanssa ulkoilu ja puuhailu on t\u00e4rke\u00e4\u00e4.<\/p>\n\n\n\n<p>My\u00f6s kissat ovat yleisi\u00e4 lemmikkej\u00e4. Niidenkin kohdalla ongelma on yleens\u00e4 ulkoilu, joskin v\u00e4h\u00e4n toiselta kannalta. Kissoja valitettavasti pidet\u00e4\u00e4n edelleen my\u00f6s kaupunkialueella vapaina, mist\u00e4 luonnollisesti monet ihmiset eiv\u00e4t pid\u00e4. Kissat my\u00f6s aiheuttavat vahinkoa kev\u00e4isin mm. linnun- ja oravanpoikasille. T\u00e4m\u00e4n lis\u00e4ksi tietysti vapaana ulkoilu on kissalle itselleen vaarallista. Kun kissa katoaa, kannattaa ottaa HETI yhteytt\u00e4 Sinnan el\u00e4inpalvelut &amp; Alpakat.<\/p>\n\n\n\n<p>Luonnonvaraisista el\u00e4imist\u00e4 tulee varsinkin kev\u00e4isin paljon ilmoituksia ja kysymyksi\u00e4, useimmiten orvoiksi luulluista poikasista. Varsinkin rusakon ja mets\u00e4j\u00e4niksen poikasia n\u00e4kyy kev\u00e4isin hyvinkin l\u00e4hell\u00e4 asutusta. Suurin osa n\u00e4ist\u00e4 poikasista on aivan terveit\u00e4 ja niill\u00e4 on kaikki kunnossa, niihin ei siis pit\u00e4isi menn\u00e4 koskemaan. J\u00e4nisemo ruokkii niit\u00e4 kerran tai pari kertaa p\u00e4iv\u00e4ss\u00e4, muun aikaa emo piileskelee kauempana, ettei se houkuttelisi saalistajia poikasen luokse. Emo kyll\u00e4 pit\u00e4\u00e4 poikasia silm\u00e4ll\u00e4. Jos poikanen vahingossa eksyy autotielle tms., sen voi siirt\u00e4\u00e4 esimerkiksi l\u00e4hettyville pensaan juureen. Vaikka usein luullaan, ett\u00e4 emo hylk\u00e4\u00e4 poikaset ihmisen koskettua niihin, t\u00e4m\u00e4 ei pid\u00e4 paikkaansa. Kyll\u00e4 emo etsii poikaset k\u00e4siins\u00e4, kunhan tilanne rauhoittuu ja ihmiset ovat tarpeeksi kaukana. Poikaset my\u00f6s j\u00e4\u00e4v\u00e4t kokonaan oman onnensa nojaan jo reilun viikon ik\u00e4isin\u00e4, eli aikuisen nyrkin kokoisena<\/p>\n\n\n\n<p>Kev\u00e4isin ja alkukes\u00e4st\u00e4 my\u00f6s oravanpoikaset alkavat liikkua ja jossain vaiheessa saattavat pudota puusta. Emo yleens\u00e4 hakee ne takaisin jossain vaiheessa, eik\u00e4 poikasilla pit\u00e4isi olla mit\u00e4\u00e4n h\u00e4t\u00e4\u00e4. Oravanpoikasiinkaan ei siis pit\u00e4isi menn\u00e4 turhaan koskemaan. Joskus kuitenkin emo j\u00e4\u00e4 auton alle, menehtyy muuten tai poikanen on maassa vaarallisella alueella. T\u00e4llaisia tapauksia olen ottanut hoitoon, ja siin\u00e4 vaiheessa kun poikaset osaavat sy\u00f6d\u00e4 ja kiipeill\u00e4 kunnolla, ne on p\u00e4\u00e4stetty takaisin luontoon.<\/p>\n\n\n\n<p>Loukkaantuneista linnuista tulee paljon ilmoituksia. El\u00e4insuojelulaki velvoittaa auttamaan loukkaantunutta el\u00e4int\u00e4.<\/p>\n\n\n\n<p>Useimmat linnut p\u00e4rj\u00e4\u00e4v\u00e4t kuitenkin hyvin esimerkiksi vain yhdell\u00e4 jalalla, poikkeuksena ovat mm. jalkojaan saalistuksessa k\u00e4ytt\u00e4v\u00e4t linnut sek\u00e4 joutsenet ja isot hanhet. Lintujen hoito on melko hankalaa, ja t\u00e4ysin vapaaehtoisuuden varassa. Lintuja koskevissa asioissa, ota yhteytt\u00e4 Markku Alankoon tai Hanna Al-Saediin. (Poliisille tai kaupunginel\u00e4inl\u00e4\u00e4k\u00e4rille linnun voi vied\u00e4 lopetettavaksi, niin kuin muutkin luonnonvaraiset el\u00e4imet.) Peruss\u00e4\u00e4nt\u00f6n\u00e4 on, ett\u00e4 jos linnulla on avomurtuma, lopetus on ainoa vaihtoehto. Avomurtuman kautta linnun onttojen luiden v\u00e4lityksell\u00e4 levi\u00e4\u00e4 tulehdukset liian nopeasti.<\/p>\n\n\n\n<p>Orvoista linnunpoikasista ihmiset ovat usein huolissaan. Kun poikaset kasvavat, k\u00e4y pes\u00e4 niille liian ahtaaksi, ja ne \u201dl\u00e4htev\u00e4t\u201d pes\u00e4st\u00e4. Emot hoitavat n\u00e4it\u00e4 maastopoikasia, joten ne kannattaa j\u00e4tt\u00e4\u00e4 rauhaan, niin emo uskaltaa k\u00e4yd\u00e4 ruokkimassa poikasiaan. Valvojien teht\u00e4viin kuuluu my\u00f6s el\u00e4insuojeluun liittyv\u00e4 valistusty\u00f6 kouluissa, yleis\u00f6tilaisuuksissa ja tiedotusv\u00e4lineiss\u00e4.<\/p>\n\n\n\n<p>Nanna Karlsson<\/p>\n","protected":false},"excerpt":{"rendered":"<p>Miten voit toimia, kun el\u00e4in tarvitsee apuasi Seuraava teksti on l\u00e4hes suora lainaus Pirkanmaan el\u00e4insuojeluyhdistyksen kotisivuilta. Tietoja on muokattu Valkeakosken alueelle sopiviksi. Tampereen alueen vapaaehtoisen el\u00e4insuojeluvalvojan Nanna Karlssonin ajatuksia el\u00e4insuojelusta: El\u00e4insuojeluvalvoja on vapaaehtoinen, joka on k\u00e4ynyt Suomen El\u00e4insuojeluyhdistysten liiton j\u00e4rjest\u00e4m\u00e4n, Maa- ja Mets\u00e4talousministeri\u00f6n hyv\u00e4ksym\u00e4n kurssin. T\u00e4m\u00e4n lis\u00e4ksi l\u00e4\u00e4ninhallitukset voivat my\u00f6nt\u00e4\u00e4 oikeudet valvojatoimintaan tietyill\u00e4 paikkakunnilla, jolloin [&hellip;]<\/p>\n","protected":false},"author":8,"featured_media":0,"parent":2,"menu_order":0,"comment_status":"closed","ping_status":"closed","template":"","meta":{"_acf_changed":false,"footnotes":""},"class_list":["post-24","page","type-page","status-publish","hentry"],"acf":[],"yoast_head":"<!-- This site is optimized with the Yoast SEO plugin v27.1.1 - https:\/\/yoast.com\/product\/yoast-seo-wordpress\/ -->\n<title>Hyv\u00e4 tiet\u00e4\u00e4 - Valkeakosken seudun el\u00e4insuojeluyhdistys<\/title>\n<meta name=\"robots\" content=\"index, follow, max-snippet:-1, max-image-preview:large, max-video-preview:-1\" \/>\n<link rel=\"canonical\" href=\"https:\/\/sey.fi\/valkeakoski\/valkeakosken-elainsuojelu\/hyva-tietaa\/\" \/>\n<meta property=\"og:locale\" content=\"fi_FI\" \/>\n<meta property=\"og:type\" content=\"article\" \/>\n<meta property=\"og:title\" content=\"Hyv\u00e4 tiet\u00e4\u00e4 - Valkeakosken seudun el\u00e4insuojeluyhdistys\" \/>\n<meta property=\"og:description\" content=\"Miten voit toimia, kun el\u00e4in tarvitsee apuasi Seuraava teksti on l\u00e4hes suora lainaus Pirkanmaan el\u00e4insuojeluyhdistyksen kotisivuilta. Tietoja on muokattu Valkeakosken alueelle sopiviksi. Tampereen alueen vapaaehtoisen el\u00e4insuojeluvalvojan Nanna Karlssonin ajatuksia el\u00e4insuojelusta: El\u00e4insuojeluvalvoja on vapaaehtoinen, joka on k\u00e4ynyt Suomen El\u00e4insuojeluyhdistysten liiton j\u00e4rjest\u00e4m\u00e4n, Maa- ja Mets\u00e4talousministeri\u00f6n hyv\u00e4ksym\u00e4n kurssin. T\u00e4m\u00e4n lis\u00e4ksi l\u00e4\u00e4ninhallitukset voivat my\u00f6nt\u00e4\u00e4 oikeudet valvojatoimintaan tietyill\u00e4 paikkakunnilla, jolloin [&hellip;]\" \/>\n<meta property=\"og:url\" content=\"https:\/\/sey.fi\/valkeakoski\/valkeakosken-elainsuojelu\/hyva-tietaa\/\" \/>\n<meta property=\"og:site_name\" content=\"Valkeakosken seudun el\u00e4insuojeluyhdistys\" \/>\n<meta property=\"article:modified_time\" content=\"2023-05-02T18:40:56+00:00\" \/>\n<meta property=\"og:image\" content=\"https:\/\/sey.fi\/wp-content\/uploads\/sites\/34\/2019\/11\/kissasuikale.jpg\" \/>\n<meta name=\"twitter:card\" content=\"summary_large_image\" \/>\n<meta name=\"twitter:label1\" content=\"Arvioitu lukuaika\" \/>\n\t<meta name=\"twitter:data1\" content=\"5 minuuttia\" \/>\n<script type=\"application\/ld+json\" class=\"yoast-schema-graph\">{\"@context\":\"https:\/\/schema.org\",\"@graph\":[{\"@type\":\"WebPage\",\"@id\":\"https:\/\/sey.fi\/valkeakoski\/valkeakosken-elainsuojelu\/hyva-tietaa\/\",\"url\":\"https:\/\/sey.fi\/valkeakoski\/valkeakosken-elainsuojelu\/hyva-tietaa\/\",\"name\":\"Hyv\u00e4 tiet\u00e4\u00e4 - Valkeakosken seudun el\u00e4insuojeluyhdistys\",\"isPartOf\":{\"@id\":\"https:\/\/sey.fi\/valkeakoski\/#website\"},\"primaryImageOfPage\":{\"@id\":\"https:\/\/sey.fi\/valkeakoski\/valkeakosken-elainsuojelu\/hyva-tietaa\/#primaryimage\"},\"image\":{\"@id\":\"https:\/\/sey.fi\/valkeakoski\/valkeakosken-elainsuojelu\/hyva-tietaa\/#primaryimage\"},\"thumbnailUrl\":\"https:\/\/sey.fi\/wp-content\/uploads\/sites\/34\/2019\/11\/kissasuikale.jpg\",\"datePublished\":\"2019-11-22T16:09:00+00:00\",\"dateModified\":\"2023-05-02T18:40:56+00:00\",\"breadcrumb\":{\"@id\":\"https:\/\/sey.fi\/valkeakoski\/valkeakosken-elainsuojelu\/hyva-tietaa\/#breadcrumb\"},\"inLanguage\":\"fi\",\"potentialAction\":[{\"@type\":\"ReadAction\",\"target\":[\"https:\/\/sey.fi\/valkeakoski\/valkeakosken-elainsuojelu\/hyva-tietaa\/\"]}]},{\"@type\":\"ImageObject\",\"inLanguage\":\"fi\",\"@id\":\"https:\/\/sey.fi\/valkeakoski\/valkeakosken-elainsuojelu\/hyva-tietaa\/#primaryimage\",\"url\":\"https:\/\/sey.fi\/wp-content\/uploads\/sites\/34\/2019\/11\/kissasuikale.jpg\",\"contentUrl\":\"https:\/\/sey.fi\/wp-content\/uploads\/sites\/34\/2019\/11\/kissasuikale.jpg\"},{\"@type\":\"BreadcrumbList\",\"@id\":\"https:\/\/sey.fi\/valkeakoski\/valkeakosken-elainsuojelu\/hyva-tietaa\/#breadcrumb\",\"itemListElement\":[{\"@type\":\"ListItem\",\"position\":1,\"name\":\"Home\",\"item\":\"https:\/\/sey.fi\/valkeakoski\/\"},{\"@type\":\"ListItem\",\"position\":2,\"name\":\"Valkeakosken seudun el\u00e4insuojeluyhdistys\",\"item\":\"https:\/\/sey.fi\/valkeakoski\/\"},{\"@type\":\"ListItem\",\"position\":3,\"name\":\"Hyv\u00e4 tiet\u00e4\u00e4\"}]},{\"@type\":\"WebSite\",\"@id\":\"https:\/\/sey.fi\/valkeakoski\/#website\",\"url\":\"https:\/\/sey.fi\/valkeakoski\/\",\"name\":\"Valkeakosken seudun el\u00e4insuojeluyhdistys\",\"description\":\"Uusi SEY J\u00e4senyhdistykset -sivusto\",\"potentialAction\":[{\"@type\":\"SearchAction\",\"target\":{\"@type\":\"EntryPoint\",\"urlTemplate\":\"https:\/\/sey.fi\/valkeakoski\/?s={search_term_string}\"},\"query-input\":{\"@type\":\"PropertyValueSpecification\",\"valueRequired\":true,\"valueName\":\"search_term_string\"}}],\"inLanguage\":\"fi\"}]}<\/script>\n<!-- \/ Yoast SEO plugin. -->","yoast_head_json":{"title":"Hyv\u00e4 tiet\u00e4\u00e4 - Valkeakosken seudun el\u00e4insuojeluyhdistys","robots":{"index":"index","follow":"follow","max-snippet":"max-snippet:-1","max-image-preview":"max-image-preview:large","max-video-preview":"max-video-preview:-1"},"canonical":"https:\/\/sey.fi\/valkeakoski\/valkeakosken-elainsuojelu\/hyva-tietaa\/","og_locale":"fi_FI","og_type":"article","og_title":"Hyv\u00e4 tiet\u00e4\u00e4 - Valkeakosken seudun el\u00e4insuojeluyhdistys","og_description":"Miten voit toimia, kun el\u00e4in tarvitsee apuasi Seuraava teksti on l\u00e4hes suora lainaus Pirkanmaan el\u00e4insuojeluyhdistyksen kotisivuilta. Tietoja on muokattu Valkeakosken alueelle sopiviksi. Tampereen alueen vapaaehtoisen el\u00e4insuojeluvalvojan Nanna Karlssonin ajatuksia el\u00e4insuojelusta: El\u00e4insuojeluvalvoja on vapaaehtoinen, joka on k\u00e4ynyt Suomen El\u00e4insuojeluyhdistysten liiton j\u00e4rjest\u00e4m\u00e4n, Maa- ja Mets\u00e4talousministeri\u00f6n hyv\u00e4ksym\u00e4n kurssin. T\u00e4m\u00e4n lis\u00e4ksi l\u00e4\u00e4ninhallitukset voivat my\u00f6nt\u00e4\u00e4 oikeudet valvojatoimintaan tietyill\u00e4 paikkakunnilla, jolloin [&hellip;]","og_url":"https:\/\/sey.fi\/valkeakoski\/valkeakosken-elainsuojelu\/hyva-tietaa\/","og_site_name":"Valkeakosken seudun el\u00e4insuojeluyhdistys","article_modified_time":"2023-05-02T18:40:56+00:00","og_image":[{"url":"https:\/\/sey.fi\/wp-content\/uploads\/sites\/34\/2019\/11\/kissasuikale.jpg","type":"","width":"","height":""}],"twitter_card":"summary_large_image","twitter_misc":{"Arvioitu lukuaika":"5 minuuttia"},"schema":{"@context":"https:\/\/schema.org","@graph":[{"@type":"WebPage","@id":"https:\/\/sey.fi\/valkeakoski\/valkeakosken-elainsuojelu\/hyva-tietaa\/","url":"https:\/\/sey.fi\/valkeakoski\/valkeakosken-elainsuojelu\/hyva-tietaa\/","name":"Hyv\u00e4 tiet\u00e4\u00e4 - Valkeakosken seudun el\u00e4insuojeluyhdistys","isPartOf":{"@id":"https:\/\/sey.fi\/valkeakoski\/#website"},"primaryImageOfPage":{"@id":"https:\/\/sey.fi\/valkeakoski\/valkeakosken-elainsuojelu\/hyva-tietaa\/#primaryimage"},"image":{"@id":"https:\/\/sey.fi\/valkeakoski\/valkeakosken-elainsuojelu\/hyva-tietaa\/#primaryimage"},"thumbnailUrl":"https:\/\/sey.fi\/wp-content\/uploads\/sites\/34\/2019\/11\/kissasuikale.jpg","datePublished":"2019-11-22T16:09:00+00:00","dateModified":"2023-05-02T18:40:56+00:00","breadcrumb":{"@id":"https:\/\/sey.fi\/valkeakoski\/valkeakosken-elainsuojelu\/hyva-tietaa\/#breadcrumb"},"inLanguage":"fi","potentialAction":[{"@type":"ReadAction","target":["https:\/\/sey.fi\/valkeakoski\/valkeakosken-elainsuojelu\/hyva-tietaa\/"]}]},{"@type":"ImageObject","inLanguage":"fi","@id":"https:\/\/sey.fi\/valkeakoski\/valkeakosken-elainsuojelu\/hyva-tietaa\/#primaryimage","url":"https:\/\/sey.fi\/wp-content\/uploads\/sites\/34\/2019\/11\/kissasuikale.jpg","contentUrl":"https:\/\/sey.fi\/wp-content\/uploads\/sites\/34\/2019\/11\/kissasuikale.jpg"},{"@type":"BreadcrumbList","@id":"https:\/\/sey.fi\/valkeakoski\/valkeakosken-elainsuojelu\/hyva-tietaa\/#breadcrumb","itemListElement":[{"@type":"ListItem","position":1,"name":"Home","item":"https:\/\/sey.fi\/valkeakoski\/"},{"@type":"ListItem","position":2,"name":"Valkeakosken seudun el\u00e4insuojeluyhdistys","item":"https:\/\/sey.fi\/valkeakoski\/"},{"@type":"ListItem","position":3,"name":"Hyv\u00e4 tiet\u00e4\u00e4"}]},{"@type":"WebSite","@id":"https:\/\/sey.fi\/valkeakoski\/#website","url":"https:\/\/sey.fi\/valkeakoski\/","name":"Valkeakosken seudun el\u00e4insuojeluyhdistys","description":"Uusi SEY J\u00e4senyhdistykset -sivusto","potentialAction":[{"@type":"SearchAction","target":{"@type":"EntryPoint","urlTemplate":"https:\/\/sey.fi\/valkeakoski\/?s={search_term_string}"},"query-input":{"@type":"PropertyValueSpecification","valueRequired":true,"valueName":"search_term_string"}}],"inLanguage":"fi"}]}},"_links":{"self":[{"href":"https:\/\/sey.fi\/valkeakoski\/wp-json\/wp\/v2\/pages\/24","targetHints":{"allow":["GET"]}}],"collection":[{"href":"https:\/\/sey.fi\/valkeakoski\/wp-json\/wp\/v2\/pages"}],"about":[{"href":"https:\/\/sey.fi\/valkeakoski\/wp-json\/wp\/v2\/types\/page"}],"author":[{"embeddable":true,"href":"https:\/\/sey.fi\/valkeakoski\/wp-json\/wp\/v2\/users\/8"}],"replies":[{"embeddable":true,"href":"https:\/\/sey.fi\/valkeakoski\/wp-json\/wp\/v2\/comments?post=24"}],"version-history":[{"count":5,"href":"https:\/\/sey.fi\/valkeakoski\/wp-json\/wp\/v2\/pages\/24\/revisions"}],"predecessor-version":[{"id":256,"href":"https:\/\/sey.fi\/valkeakoski\/wp-json\/wp\/v2\/pages\/24\/revisions\/256"}],"up":[{"embeddable":true,"href":"https:\/\/sey.fi\/valkeakoski\/wp-json\/wp\/v2\/pages\/2"}],"wp:attachment":[{"href":"https:\/\/sey.fi\/valkeakoski\/wp-json\/wp\/v2\/media?parent=24"}],"curies":[{"name":"wp","href":"https:\/\/api.w.org\/{rel}","templated":true}]}}