{"id":26,"date":"2019-11-22T18:09:53","date_gmt":"2019-11-22T16:09:53","guid":{"rendered":"http:\/\/srvr10.xetpoint.com\/~seyfi\/valkeakoski\/?page_id=26"},"modified":"2019-11-22T18:09:54","modified_gmt":"2019-11-22T16:09:54","slug":"millainen-lemmikin-omistaja-olet-tai-millainen-sinusta-voisi-tulla-jos-hankkisit-lemmikin","status":"publish","type":"page","link":"https:\/\/sey.fi\/valkeakoski\/valkeakosken-elainsuojelu\/hyva-tietaa\/millainen-lemmikin-omistaja-olet-tai-millainen-sinusta-voisi-tulla-jos-hankkisit-lemmikin\/","title":{"rendered":"Millainen lemmikin omistaja olet tai millainen sinusta voisi tulla, jos hankkisit lemmikin?"},"content":{"rendered":"\n<h2 class=\"wp-block-heading\">Meist\u00e4 suuri osa sanoo olevansa el\u00e4inrakkaita. Oletko koskaan miettinyt, mit\u00e4 el\u00e4inrakkaus sinulle tarkoittaa?<\/h2>\n\n\n\n<p><strong>A. Voisit ensin mietti\u00e4 syit\u00e4 lemmikin hankkimiselle. Tee asioista lista vaikka paperille<\/strong>.<\/p>\n\n\n\n<p>Katso sitten alla olevaa listaa.<\/p>\n\n\n\n<p>Mit\u00e4 ajatuksia listan asiat sinussa her\u00e4tt\u00e4v\u00e4t?<\/p>\n\n\n\n<p>1. Haluan hoivata el\u00e4int\u00e4, saada siit\u00e4 seuraa tai tuntea itseni tarpeelliseksi.<\/p>\n\n\n\n<p>2. Haluan harrastaa jotain el\u00e4imen kanssa (n\u00e4yttelyt, agility\u2026).<\/p>\n\n\n\n<p>3. Haluan oppia ymm\u00e4rt\u00e4m\u00e4\u00e4n toista el\u00e4inlajia (siis ihmisten lis\u00e4ksi).<\/p>\n\n\n\n<p>4. Haluan kokea yhteytt\u00e4 luontoon.<\/p>\n\n\n\n<p>5. Saan lemmikin avulla uusia yst\u00e4vi\u00e4.<\/p>\n\n\n\n<p>6. Haluan antaa kodin hyl\u00e4tylle el\u00e4imelle.<\/p>\n\n\n\n<p>Pid\u00e4mme lemmikkej\u00e4 yleens\u00e4 aina siksi, ett\u00e4 niist\u00e4 on meille iloa. Lemmikin pit\u00e4misess\u00e4 on mielt\u00e4 silloin, kun my\u00f6s el\u00e4imell\u00e4 itsell\u00e4\u00e4n on iloa omasta el\u00e4m\u00e4st\u00e4\u00e4n.<\/p>\n\n\n\n<p><strong>B. Mieti sitten, mit\u00e4 el\u00e4imi\u00e4 omistat tai mink\u00e4 el\u00e4imen haluat?<\/strong><\/p>\n\n\n\n<p><strong>C. Mieti sitten asioita, joita el\u00e4in tarvitsee ollakseen onnellinen?<\/strong><\/p>\n\n\n\n<p>Riippuen el\u00e4imest\u00e4 tarpeet voivat vaihdella paljonkin.<\/p>\n\n\n\n<p>Tee jokaisesta el\u00e4imest\u00e4 oma lista.<\/p>\n\n\n\n<figure class=\"wp-block-image\"><img decoding=\"async\" src=\"http:\/\/valkeakoski.sey.fi\/images\/latte_nukkuu.jpg\" alt=\"\" \/><\/figure>\n\n\n\n<p>Katso alla olevaa listaa. Mit\u00e4 ajatuksia listan asiat sinussa her\u00e4tt\u00e4v\u00e4t?<\/p>\n\n\n\n<p>Jokainen el\u00e4in tarvitsee :<\/p>\n\n\n\n<p>&#8211; vastuuntuntoisen omistajan, joka haluaa oppia ymm\u00e4rt\u00e4m\u00e4\u00e4n el\u00e4inlajin tarpeita ja elekielt\u00e4.<br>&#8211; laadukasta ruokaa ja yksil\u00f6llist\u00e4 hyv\u00e4\u00e4 hoitoa.<br>&#8211; paikan, miss\u00e4 lev\u00e4t\u00e4 ja tuntea latte nukkuuolevansa turvassa<br>&#8211; mahdollisuuden toteuttaa lajille tyypillist\u00e4 k\u00e4ytt\u00e4ytymist\u00e4. (olla osa laumaa, kaivaa, juosta, lent\u00e4\u00e4\u2026)<br>&#8211; omistajan, jolla on joka p\u00e4iv\u00e4 reilusti aikaa tarjotakseen el\u00e4imelle riitt\u00e4v\u00e4sti liikkumavapautta ja virikkeit\u00e4<br>&#8211; mahdollisuuden armolliseen kuolemaan.<\/p>\n\n\n\n<p>Parhaissakin oloissa el\u00e4imet ovat t\u00e4ysin meid\u00e4n armoillamme ravinnon, hoidon, elintilan ja virikkeiden suhteen. Vain harvoin lemmikkiel\u00e4in p\u00e4\u00e4see toteuttamaan kaikkia synnynn\u00e4isi\u00e4 tarpeitaan. Siksi jokaisen lemmikin omistajan tulee yritt\u00e4\u00e4 mahdollistaa lemmikilleen mahdollisimman hyv\u00e4t olosuhteet toteuttaa itse\u00e4\u00e4n.<\/p>\n\n\n\n<p>Aitoon el\u00e4inrakkauteen sis\u00e4ltyy er\u00e4s eritt\u00e4in t\u00e4rke\u00e4 elementti: jos kotona ei ole edellytyksi\u00e4 j\u00e4rjest\u00e4\u00e4 el\u00e4imelle hyvi\u00e4 olosuhteita, el\u00e4imist\u00e4 aidosti v\u00e4litt\u00e4v\u00e4 ihminen ei hanki lemmikkiel\u00e4int\u00e4.<\/p>\n\n\n\n<p>Anne Tuomela<\/p>\n\n\n\n<p>Ajatuksien pohjana on k\u00e4ytetty Helena Tengvallin kirjaa Ymm\u00e4rr\u00e4 lemmikki\u00e4si<\/p>\n","protected":false},"excerpt":{"rendered":"<p>Meist\u00e4 suuri osa sanoo olevansa el\u00e4inrakkaita. Oletko koskaan miettinyt, mit\u00e4 el\u00e4inrakkaus sinulle tarkoittaa? A. Voisit ensin mietti\u00e4 syit\u00e4 lemmikin hankkimiselle. Tee asioista lista vaikka paperille. Katso sitten alla olevaa listaa. Mit\u00e4 ajatuksia listan asiat sinussa her\u00e4tt\u00e4v\u00e4t? 1. Haluan hoivata el\u00e4int\u00e4, saada siit\u00e4 seuraa tai tuntea itseni tarpeelliseksi. 2. Haluan harrastaa jotain el\u00e4imen kanssa (n\u00e4yttelyt, agility\u2026). [&hellip;]<\/p>\n","protected":false},"author":8,"featured_media":0,"parent":24,"menu_order":0,"comment_status":"closed","ping_status":"closed","template":"","meta":{"_acf_changed":false,"footnotes":""},"class_list":["post-26","page","type-page","status-publish","hentry"],"acf":[],"yoast_head":"<!-- This site is optimized with the Yoast SEO plugin v27.1.1 - https:\/\/yoast.com\/product\/yoast-seo-wordpress\/ -->\n<title>Millainen lemmikin omistaja olet tai millainen sinusta voisi tulla, jos hankkisit lemmikin? - Valkeakosken seudun el\u00e4insuojeluyhdistys<\/title>\n<meta name=\"robots\" content=\"index, follow, max-snippet:-1, max-image-preview:large, max-video-preview:-1\" \/>\n<link rel=\"canonical\" href=\"https:\/\/sey.fi\/valkeakoski\/valkeakosken-elainsuojelu\/hyva-tietaa\/millainen-lemmikin-omistaja-olet-tai-millainen-sinusta-voisi-tulla-jos-hankkisit-lemmikin\/\" \/>\n<meta property=\"og:locale\" content=\"fi_FI\" \/>\n<meta property=\"og:type\" content=\"article\" \/>\n<meta property=\"og:title\" content=\"Millainen lemmikin omistaja olet tai millainen sinusta voisi tulla, jos hankkisit lemmikin? - Valkeakosken seudun el\u00e4insuojeluyhdistys\" \/>\n<meta property=\"og:description\" content=\"Meist\u00e4 suuri osa sanoo olevansa el\u00e4inrakkaita. Oletko koskaan miettinyt, mit\u00e4 el\u00e4inrakkaus sinulle tarkoittaa? A. Voisit ensin mietti\u00e4 syit\u00e4 lemmikin hankkimiselle. Tee asioista lista vaikka paperille. Katso sitten alla olevaa listaa. Mit\u00e4 ajatuksia listan asiat sinussa her\u00e4tt\u00e4v\u00e4t? 1. Haluan hoivata el\u00e4int\u00e4, saada siit\u00e4 seuraa tai tuntea itseni tarpeelliseksi. 2. Haluan harrastaa jotain el\u00e4imen kanssa (n\u00e4yttelyt, agility\u2026). [&hellip;]\" \/>\n<meta property=\"og:url\" content=\"https:\/\/sey.fi\/valkeakoski\/valkeakosken-elainsuojelu\/hyva-tietaa\/millainen-lemmikin-omistaja-olet-tai-millainen-sinusta-voisi-tulla-jos-hankkisit-lemmikin\/\" \/>\n<meta property=\"og:site_name\" content=\"Valkeakosken seudun el\u00e4insuojeluyhdistys\" \/>\n<meta property=\"article:modified_time\" content=\"2019-11-22T16:09:54+00:00\" \/>\n<meta property=\"og:image\" content=\"http:\/\/valkeakoski.sey.fi\/images\/latte_nukkuu.jpg\" \/>\n<meta name=\"twitter:card\" content=\"summary_large_image\" \/>\n<meta name=\"twitter:label1\" content=\"Arvioitu lukuaika\" \/>\n\t<meta name=\"twitter:data1\" content=\"2 minuuttia\" \/>\n<script type=\"application\/ld+json\" class=\"yoast-schema-graph\">{\"@context\":\"https:\/\/schema.org\",\"@graph\":[{\"@type\":\"WebPage\",\"@id\":\"https:\/\/sey.fi\/valkeakoski\/valkeakosken-elainsuojelu\/hyva-tietaa\/millainen-lemmikin-omistaja-olet-tai-millainen-sinusta-voisi-tulla-jos-hankkisit-lemmikin\/\",\"url\":\"https:\/\/sey.fi\/valkeakoski\/valkeakosken-elainsuojelu\/hyva-tietaa\/millainen-lemmikin-omistaja-olet-tai-millainen-sinusta-voisi-tulla-jos-hankkisit-lemmikin\/\",\"name\":\"Millainen lemmikin omistaja olet tai millainen sinusta voisi tulla, jos hankkisit lemmikin? - Valkeakosken seudun el\u00e4insuojeluyhdistys\",\"isPartOf\":{\"@id\":\"https:\/\/sey.fi\/valkeakoski\/#website\"},\"primaryImageOfPage\":{\"@id\":\"https:\/\/sey.fi\/valkeakoski\/valkeakosken-elainsuojelu\/hyva-tietaa\/millainen-lemmikin-omistaja-olet-tai-millainen-sinusta-voisi-tulla-jos-hankkisit-lemmikin\/#primaryimage\"},\"image\":{\"@id\":\"https:\/\/sey.fi\/valkeakoski\/valkeakosken-elainsuojelu\/hyva-tietaa\/millainen-lemmikin-omistaja-olet-tai-millainen-sinusta-voisi-tulla-jos-hankkisit-lemmikin\/#primaryimage\"},\"thumbnailUrl\":\"http:\/\/valkeakoski.sey.fi\/images\/latte_nukkuu.jpg\",\"datePublished\":\"2019-11-22T16:09:53+00:00\",\"dateModified\":\"2019-11-22T16:09:54+00:00\",\"breadcrumb\":{\"@id\":\"https:\/\/sey.fi\/valkeakoski\/valkeakosken-elainsuojelu\/hyva-tietaa\/millainen-lemmikin-omistaja-olet-tai-millainen-sinusta-voisi-tulla-jos-hankkisit-lemmikin\/#breadcrumb\"},\"inLanguage\":\"fi\",\"potentialAction\":[{\"@type\":\"ReadAction\",\"target\":[\"https:\/\/sey.fi\/valkeakoski\/valkeakosken-elainsuojelu\/hyva-tietaa\/millainen-lemmikin-omistaja-olet-tai-millainen-sinusta-voisi-tulla-jos-hankkisit-lemmikin\/\"]}]},{\"@type\":\"ImageObject\",\"inLanguage\":\"fi\",\"@id\":\"https:\/\/sey.fi\/valkeakoski\/valkeakosken-elainsuojelu\/hyva-tietaa\/millainen-lemmikin-omistaja-olet-tai-millainen-sinusta-voisi-tulla-jos-hankkisit-lemmikin\/#primaryimage\",\"url\":\"http:\/\/valkeakoski.sey.fi\/images\/latte_nukkuu.jpg\",\"contentUrl\":\"http:\/\/valkeakoski.sey.fi\/images\/latte_nukkuu.jpg\"},{\"@type\":\"BreadcrumbList\",\"@id\":\"https:\/\/sey.fi\/valkeakoski\/valkeakosken-elainsuojelu\/hyva-tietaa\/millainen-lemmikin-omistaja-olet-tai-millainen-sinusta-voisi-tulla-jos-hankkisit-lemmikin\/#breadcrumb\",\"itemListElement\":[{\"@type\":\"ListItem\",\"position\":1,\"name\":\"Home\",\"item\":\"https:\/\/sey.fi\/valkeakoski\/\"},{\"@type\":\"ListItem\",\"position\":2,\"name\":\"Valkeakosken seudun el\u00e4insuojeluyhdistys\",\"item\":\"https:\/\/sey.fi\/valkeakoski\/\"},{\"@type\":\"ListItem\",\"position\":3,\"name\":\"Hyv\u00e4 tiet\u00e4\u00e4\",\"item\":\"https:\/\/sey.fi\/valkeakoski\/valkeakosken-elainsuojelu\/hyva-tietaa\/\"},{\"@type\":\"ListItem\",\"position\":4,\"name\":\"Millainen lemmikin omistaja olet tai millainen sinusta voisi tulla, jos hankkisit lemmikin?\"}]},{\"@type\":\"WebSite\",\"@id\":\"https:\/\/sey.fi\/valkeakoski\/#website\",\"url\":\"https:\/\/sey.fi\/valkeakoski\/\",\"name\":\"Valkeakosken seudun el\u00e4insuojeluyhdistys\",\"description\":\"Uusi SEY J\u00e4senyhdistykset -sivusto\",\"potentialAction\":[{\"@type\":\"SearchAction\",\"target\":{\"@type\":\"EntryPoint\",\"urlTemplate\":\"https:\/\/sey.fi\/valkeakoski\/?s={search_term_string}\"},\"query-input\":{\"@type\":\"PropertyValueSpecification\",\"valueRequired\":true,\"valueName\":\"search_term_string\"}}],\"inLanguage\":\"fi\"}]}<\/script>\n<!-- \/ Yoast SEO plugin. -->","yoast_head_json":{"title":"Millainen lemmikin omistaja olet tai millainen sinusta voisi tulla, jos hankkisit lemmikin? - Valkeakosken seudun el\u00e4insuojeluyhdistys","robots":{"index":"index","follow":"follow","max-snippet":"max-snippet:-1","max-image-preview":"max-image-preview:large","max-video-preview":"max-video-preview:-1"},"canonical":"https:\/\/sey.fi\/valkeakoski\/valkeakosken-elainsuojelu\/hyva-tietaa\/millainen-lemmikin-omistaja-olet-tai-millainen-sinusta-voisi-tulla-jos-hankkisit-lemmikin\/","og_locale":"fi_FI","og_type":"article","og_title":"Millainen lemmikin omistaja olet tai millainen sinusta voisi tulla, jos hankkisit lemmikin? - Valkeakosken seudun el\u00e4insuojeluyhdistys","og_description":"Meist\u00e4 suuri osa sanoo olevansa el\u00e4inrakkaita. Oletko koskaan miettinyt, mit\u00e4 el\u00e4inrakkaus sinulle tarkoittaa? A. Voisit ensin mietti\u00e4 syit\u00e4 lemmikin hankkimiselle. Tee asioista lista vaikka paperille. Katso sitten alla olevaa listaa. Mit\u00e4 ajatuksia listan asiat sinussa her\u00e4tt\u00e4v\u00e4t? 1. Haluan hoivata el\u00e4int\u00e4, saada siit\u00e4 seuraa tai tuntea itseni tarpeelliseksi. 2. Haluan harrastaa jotain el\u00e4imen kanssa (n\u00e4yttelyt, agility\u2026). [&hellip;]","og_url":"https:\/\/sey.fi\/valkeakoski\/valkeakosken-elainsuojelu\/hyva-tietaa\/millainen-lemmikin-omistaja-olet-tai-millainen-sinusta-voisi-tulla-jos-hankkisit-lemmikin\/","og_site_name":"Valkeakosken seudun el\u00e4insuojeluyhdistys","article_modified_time":"2019-11-22T16:09:54+00:00","og_image":[{"url":"http:\/\/valkeakoski.sey.fi\/images\/latte_nukkuu.jpg","type":"","width":"","height":""}],"twitter_card":"summary_large_image","twitter_misc":{"Arvioitu lukuaika":"2 minuuttia"},"schema":{"@context":"https:\/\/schema.org","@graph":[{"@type":"WebPage","@id":"https:\/\/sey.fi\/valkeakoski\/valkeakosken-elainsuojelu\/hyva-tietaa\/millainen-lemmikin-omistaja-olet-tai-millainen-sinusta-voisi-tulla-jos-hankkisit-lemmikin\/","url":"https:\/\/sey.fi\/valkeakoski\/valkeakosken-elainsuojelu\/hyva-tietaa\/millainen-lemmikin-omistaja-olet-tai-millainen-sinusta-voisi-tulla-jos-hankkisit-lemmikin\/","name":"Millainen lemmikin omistaja olet tai millainen sinusta voisi tulla, jos hankkisit lemmikin? - Valkeakosken seudun el\u00e4insuojeluyhdistys","isPartOf":{"@id":"https:\/\/sey.fi\/valkeakoski\/#website"},"primaryImageOfPage":{"@id":"https:\/\/sey.fi\/valkeakoski\/valkeakosken-elainsuojelu\/hyva-tietaa\/millainen-lemmikin-omistaja-olet-tai-millainen-sinusta-voisi-tulla-jos-hankkisit-lemmikin\/#primaryimage"},"image":{"@id":"https:\/\/sey.fi\/valkeakoski\/valkeakosken-elainsuojelu\/hyva-tietaa\/millainen-lemmikin-omistaja-olet-tai-millainen-sinusta-voisi-tulla-jos-hankkisit-lemmikin\/#primaryimage"},"thumbnailUrl":"http:\/\/valkeakoski.sey.fi\/images\/latte_nukkuu.jpg","datePublished":"2019-11-22T16:09:53+00:00","dateModified":"2019-11-22T16:09:54+00:00","breadcrumb":{"@id":"https:\/\/sey.fi\/valkeakoski\/valkeakosken-elainsuojelu\/hyva-tietaa\/millainen-lemmikin-omistaja-olet-tai-millainen-sinusta-voisi-tulla-jos-hankkisit-lemmikin\/#breadcrumb"},"inLanguage":"fi","potentialAction":[{"@type":"ReadAction","target":["https:\/\/sey.fi\/valkeakoski\/valkeakosken-elainsuojelu\/hyva-tietaa\/millainen-lemmikin-omistaja-olet-tai-millainen-sinusta-voisi-tulla-jos-hankkisit-lemmikin\/"]}]},{"@type":"ImageObject","inLanguage":"fi","@id":"https:\/\/sey.fi\/valkeakoski\/valkeakosken-elainsuojelu\/hyva-tietaa\/millainen-lemmikin-omistaja-olet-tai-millainen-sinusta-voisi-tulla-jos-hankkisit-lemmikin\/#primaryimage","url":"http:\/\/valkeakoski.sey.fi\/images\/latte_nukkuu.jpg","contentUrl":"http:\/\/valkeakoski.sey.fi\/images\/latte_nukkuu.jpg"},{"@type":"BreadcrumbList","@id":"https:\/\/sey.fi\/valkeakoski\/valkeakosken-elainsuojelu\/hyva-tietaa\/millainen-lemmikin-omistaja-olet-tai-millainen-sinusta-voisi-tulla-jos-hankkisit-lemmikin\/#breadcrumb","itemListElement":[{"@type":"ListItem","position":1,"name":"Home","item":"https:\/\/sey.fi\/valkeakoski\/"},{"@type":"ListItem","position":2,"name":"Valkeakosken seudun el\u00e4insuojeluyhdistys","item":"https:\/\/sey.fi\/valkeakoski\/"},{"@type":"ListItem","position":3,"name":"Hyv\u00e4 tiet\u00e4\u00e4","item":"https:\/\/sey.fi\/valkeakoski\/valkeakosken-elainsuojelu\/hyva-tietaa\/"},{"@type":"ListItem","position":4,"name":"Millainen lemmikin omistaja olet tai millainen sinusta voisi tulla, jos hankkisit lemmikin?"}]},{"@type":"WebSite","@id":"https:\/\/sey.fi\/valkeakoski\/#website","url":"https:\/\/sey.fi\/valkeakoski\/","name":"Valkeakosken seudun el\u00e4insuojeluyhdistys","description":"Uusi SEY J\u00e4senyhdistykset -sivusto","potentialAction":[{"@type":"SearchAction","target":{"@type":"EntryPoint","urlTemplate":"https:\/\/sey.fi\/valkeakoski\/?s={search_term_string}"},"query-input":{"@type":"PropertyValueSpecification","valueRequired":true,"valueName":"search_term_string"}}],"inLanguage":"fi"}]}},"_links":{"self":[{"href":"https:\/\/sey.fi\/valkeakoski\/wp-json\/wp\/v2\/pages\/26","targetHints":{"allow":["GET"]}}],"collection":[{"href":"https:\/\/sey.fi\/valkeakoski\/wp-json\/wp\/v2\/pages"}],"about":[{"href":"https:\/\/sey.fi\/valkeakoski\/wp-json\/wp\/v2\/types\/page"}],"author":[{"embeddable":true,"href":"https:\/\/sey.fi\/valkeakoski\/wp-json\/wp\/v2\/users\/8"}],"replies":[{"embeddable":true,"href":"https:\/\/sey.fi\/valkeakoski\/wp-json\/wp\/v2\/comments?post=26"}],"version-history":[{"count":1,"href":"https:\/\/sey.fi\/valkeakoski\/wp-json\/wp\/v2\/pages\/26\/revisions"}],"predecessor-version":[{"id":27,"href":"https:\/\/sey.fi\/valkeakoski\/wp-json\/wp\/v2\/pages\/26\/revisions\/27"}],"up":[{"embeddable":true,"href":"https:\/\/sey.fi\/valkeakoski\/wp-json\/wp\/v2\/pages\/24"}],"wp:attachment":[{"href":"https:\/\/sey.fi\/valkeakoski\/wp-json\/wp\/v2\/media?parent=26"}],"curies":[{"name":"wp","href":"https:\/\/api.w.org\/{rel}","templated":true}]}}