{"id":28,"date":"2019-11-22T18:10:38","date_gmt":"2019-11-22T16:10:38","guid":{"rendered":"http:\/\/srvr10.xetpoint.com\/~seyfi\/valkeakoski\/?page_id=28"},"modified":"2019-11-22T18:10:39","modified_gmt":"2019-11-22T16:10:39","slug":"mita-lemmikkisi-tarvitsee-onnelliseen-elamaan","status":"publish","type":"page","link":"https:\/\/sey.fi\/valkeakoski\/valkeakosken-elainsuojelu\/hyva-tietaa\/mita-lemmikkisi-tarvitsee-onnelliseen-elamaan\/","title":{"rendered":"Mit\u00e4 lemmikkisi tarvitsee onnelliseen el\u00e4m\u00e4\u00e4n?"},"content":{"rendered":"\n<p>Oletko huomannut, ett\u00e4 lemmikkisi saattaa \u201dnauraa\u201d sinulle. Leikkiv\u00e4n koiran ilmeest\u00e4 ei voi erehty\u00e4. Innostuminen vet\u00e4\u00e4 suupielet sivulle, ja n\u00e4ytt\u00e4\u00e4 kuin koira nauraisi. Karvaisten korvien v\u00e4liin mahtuu paljon iloa, kun lemmikist\u00e4 huolehditaan hyvin.<\/p>\n\n\n\n<figure class=\"wp-block-image\"><img decoding=\"async\" src=\"http:\/\/valkeakoski.sey.fi\/images\/102_0229.jpg\" alt=\"\" \/><\/figure>\n\n\n\n<p>Tieteellisesti on voitu osoittaa, ett\u00e4 ainakin nis\u00e4kk\u00e4\u00e4t, linnut, matelijat, sammakkoel\u00e4imet ja kalat tuntevat mielihyv\u00e4\u00e4 ja kipua. Niill\u00e4 on lyhyt- ja pitk\u00e4kestoinen muisti, ja ne oppivat asioita lajitovereiltaan ja meilt\u00e4 ihmisilt\u00e4 varsinkin, jos toiminto on el\u00e4imen mielest\u00e4 palkitseva. Samantapaisia tietoja on saatu my\u00f6s ravuilta ja mustekaloilta. Kaikkien nis\u00e4kk\u00e4iden aivoissa on rakenteet, jotka ihmisell\u00e4 tuottavat ilon, pelon, suuttumuksen ja surun tunteita.<\/p>\n\n\n\n<p>Mit\u00e4 enemm\u00e4n omistaja tiet\u00e4\u00e4 lemmikkins\u00e4 elinymp\u00e4rist\u00f6st\u00e4 ja elintavoista, sit\u00e4 paremmin h\u00e4n pystyy j\u00e4rjest\u00e4m\u00e4\u00e4n sille olot, joissa se p\u00e4\u00e4see toteuttamaan synnynn\u00e4ist\u00e4 k\u00e4ytt\u00e4ytymist\u00e4\u00e4n.<\/p>\n\n\n\n<p>Ihmist\u00e4 kohtaan syntyy luottamus, kun el\u00e4in tuntee mielihyv\u00e4\u00e4 ollessaan omistajansa kanssa. Se tiet\u00e4\u00e4 olevansa turvassa ja se saa toteuttaa lajilleen tyypillisi\u00e4 toimintoja. Lis\u00e4ksi sen elinymp\u00e4rist\u00f6ss\u00e4 tulisi olla mahdollisuus toimia monipuolisesti.Esimerkiksi sis\u00e4kissan hyvinvointia lis\u00e4\u00e4 ulkotarha, johon kissa halutessaan p\u00e4\u00e4see esimerkiksi luukusta tai ikkunasta.<\/p>\n\n\n\n<figure class=\"wp-block-image\"><img decoding=\"async\" src=\"http:\/\/valkeakoski.sey.fi\/images\/102_0290.jpg\" alt=\"\" \/><\/figure>\n\n\n\n<p>Huolehdi hyvin el\u00e4imesi<\/p>\n\n\n\n<p>* Perustarpeista kuten ravinnosta ja viihtyis\u00e4st\u00e4 elinymp\u00e4rist\u00f6st\u00e4<\/p>\n\n\n\n<p>* Kohtele sit\u00e4 rauhallisesti ja yst\u00e4v\u00e4llisesti<\/p>\n\n\n\n<p>* Tarjoa sille lajityypillist\u00e4 tekemist\u00e4 ja virikkeit\u00e4.<\/p>\n\n\n\n<p>* Tarjoa sosiaalisille el\u00e4imille kuten kaneille, hiirille, linnuille, koirille ja hevosille, niiden kanssa hyvin toimeen tulevien lajitovereiden seuraa ja kosketusta. Ne tarvitsevat my\u00f6s riitt\u00e4v\u00e4sti liikkumatilaa ja virikkeit\u00e4. Esimerkiksi pikkujyrsij\u00f6ille virikkeit\u00e4 voisivat olla paperirullat silputtavaksi tai hein\u00e4kasan, jonne piiloutua.<\/p>\n\n\n\n<p>*Opettele ymm\u00e4rt\u00e4m\u00e4\u00e4n lemmikkisi elekielt\u00e4, onko el\u00e4in tyytyv\u00e4inen, stressaantunut vai sairas?<\/p>\n\n\n\n<p>* Huomioi el\u00e4imesi temperamentti; arka el\u00e4in kaipaa ennen kaikkea turvallisuutta, kun taas rohkea el\u00e4imen kanssa voi tehd\u00e4 monenlaisia asioita.<\/p>\n\n\n\n<p>Anne Tuomela<\/p>\n\n\n\n<p>L\u00e4hteen\u00e4 on k\u00e4ytetty Helena Telk\u00e4nrannan artikkelia Tiede 2000 lehden numerosta 8\/2008<\/p>\n","protected":false},"excerpt":{"rendered":"<p>Oletko huomannut, ett\u00e4 lemmikkisi saattaa \u201dnauraa\u201d sinulle. Leikkiv\u00e4n koiran ilmeest\u00e4 ei voi erehty\u00e4. Innostuminen vet\u00e4\u00e4 suupielet sivulle, ja n\u00e4ytt\u00e4\u00e4 kuin koira nauraisi. Karvaisten korvien v\u00e4liin mahtuu paljon iloa, kun lemmikist\u00e4 huolehditaan hyvin. Tieteellisesti on voitu osoittaa, ett\u00e4 ainakin nis\u00e4kk\u00e4\u00e4t, linnut, matelijat, sammakkoel\u00e4imet ja kalat tuntevat mielihyv\u00e4\u00e4 ja kipua. Niill\u00e4 on lyhyt- ja pitk\u00e4kestoinen muisti, ja [&hellip;]<\/p>\n","protected":false},"author":8,"featured_media":0,"parent":24,"menu_order":0,"comment_status":"closed","ping_status":"closed","template":"","meta":{"_acf_changed":false,"footnotes":""},"class_list":["post-28","page","type-page","status-publish","hentry"],"acf":[],"yoast_head":"<!-- This site is optimized with the Yoast SEO plugin v27.1.1 - https:\/\/yoast.com\/product\/yoast-seo-wordpress\/ -->\n<title>Mit\u00e4 lemmikkisi tarvitsee onnelliseen el\u00e4m\u00e4\u00e4n? - Valkeakosken seudun el\u00e4insuojeluyhdistys<\/title>\n<meta name=\"robots\" content=\"index, follow, max-snippet:-1, max-image-preview:large, max-video-preview:-1\" \/>\n<link rel=\"canonical\" href=\"https:\/\/sey.fi\/valkeakoski\/valkeakosken-elainsuojelu\/hyva-tietaa\/mita-lemmikkisi-tarvitsee-onnelliseen-elamaan\/\" \/>\n<meta property=\"og:locale\" content=\"fi_FI\" \/>\n<meta property=\"og:type\" content=\"article\" \/>\n<meta property=\"og:title\" content=\"Mit\u00e4 lemmikkisi tarvitsee onnelliseen el\u00e4m\u00e4\u00e4n? - Valkeakosken seudun el\u00e4insuojeluyhdistys\" \/>\n<meta property=\"og:description\" content=\"Oletko huomannut, ett\u00e4 lemmikkisi saattaa \u201dnauraa\u201d sinulle. Leikkiv\u00e4n koiran ilmeest\u00e4 ei voi erehty\u00e4. Innostuminen vet\u00e4\u00e4 suupielet sivulle, ja n\u00e4ytt\u00e4\u00e4 kuin koira nauraisi. Karvaisten korvien v\u00e4liin mahtuu paljon iloa, kun lemmikist\u00e4 huolehditaan hyvin. Tieteellisesti on voitu osoittaa, ett\u00e4 ainakin nis\u00e4kk\u00e4\u00e4t, linnut, matelijat, sammakkoel\u00e4imet ja kalat tuntevat mielihyv\u00e4\u00e4 ja kipua. Niill\u00e4 on lyhyt- ja pitk\u00e4kestoinen muisti, ja [&hellip;]\" \/>\n<meta property=\"og:url\" content=\"https:\/\/sey.fi\/valkeakoski\/valkeakosken-elainsuojelu\/hyva-tietaa\/mita-lemmikkisi-tarvitsee-onnelliseen-elamaan\/\" \/>\n<meta property=\"og:site_name\" content=\"Valkeakosken seudun el\u00e4insuojeluyhdistys\" \/>\n<meta property=\"article:modified_time\" content=\"2019-11-22T16:10:39+00:00\" \/>\n<meta property=\"og:image\" content=\"http:\/\/valkeakoski.sey.fi\/images\/102_0229.jpg\" \/>\n<meta name=\"twitter:card\" content=\"summary_large_image\" \/>\n<meta name=\"twitter:label1\" content=\"Arvioitu lukuaika\" \/>\n\t<meta name=\"twitter:data1\" content=\"2 minuuttia\" \/>\n<script type=\"application\/ld+json\" class=\"yoast-schema-graph\">{\"@context\":\"https:\/\/schema.org\",\"@graph\":[{\"@type\":\"WebPage\",\"@id\":\"https:\/\/sey.fi\/valkeakoski\/valkeakosken-elainsuojelu\/hyva-tietaa\/mita-lemmikkisi-tarvitsee-onnelliseen-elamaan\/\",\"url\":\"https:\/\/sey.fi\/valkeakoski\/valkeakosken-elainsuojelu\/hyva-tietaa\/mita-lemmikkisi-tarvitsee-onnelliseen-elamaan\/\",\"name\":\"Mit\u00e4 lemmikkisi tarvitsee onnelliseen el\u00e4m\u00e4\u00e4n? - Valkeakosken seudun el\u00e4insuojeluyhdistys\",\"isPartOf\":{\"@id\":\"https:\/\/sey.fi\/valkeakoski\/#website\"},\"primaryImageOfPage\":{\"@id\":\"https:\/\/sey.fi\/valkeakoski\/valkeakosken-elainsuojelu\/hyva-tietaa\/mita-lemmikkisi-tarvitsee-onnelliseen-elamaan\/#primaryimage\"},\"image\":{\"@id\":\"https:\/\/sey.fi\/valkeakoski\/valkeakosken-elainsuojelu\/hyva-tietaa\/mita-lemmikkisi-tarvitsee-onnelliseen-elamaan\/#primaryimage\"},\"thumbnailUrl\":\"http:\/\/valkeakoski.sey.fi\/images\/102_0229.jpg\",\"datePublished\":\"2019-11-22T16:10:38+00:00\",\"dateModified\":\"2019-11-22T16:10:39+00:00\",\"breadcrumb\":{\"@id\":\"https:\/\/sey.fi\/valkeakoski\/valkeakosken-elainsuojelu\/hyva-tietaa\/mita-lemmikkisi-tarvitsee-onnelliseen-elamaan\/#breadcrumb\"},\"inLanguage\":\"fi\",\"potentialAction\":[{\"@type\":\"ReadAction\",\"target\":[\"https:\/\/sey.fi\/valkeakoski\/valkeakosken-elainsuojelu\/hyva-tietaa\/mita-lemmikkisi-tarvitsee-onnelliseen-elamaan\/\"]}]},{\"@type\":\"ImageObject\",\"inLanguage\":\"fi\",\"@id\":\"https:\/\/sey.fi\/valkeakoski\/valkeakosken-elainsuojelu\/hyva-tietaa\/mita-lemmikkisi-tarvitsee-onnelliseen-elamaan\/#primaryimage\",\"url\":\"http:\/\/valkeakoski.sey.fi\/images\/102_0229.jpg\",\"contentUrl\":\"http:\/\/valkeakoski.sey.fi\/images\/102_0229.jpg\"},{\"@type\":\"BreadcrumbList\",\"@id\":\"https:\/\/sey.fi\/valkeakoski\/valkeakosken-elainsuojelu\/hyva-tietaa\/mita-lemmikkisi-tarvitsee-onnelliseen-elamaan\/#breadcrumb\",\"itemListElement\":[{\"@type\":\"ListItem\",\"position\":1,\"name\":\"Home\",\"item\":\"https:\/\/sey.fi\/valkeakoski\/\"},{\"@type\":\"ListItem\",\"position\":2,\"name\":\"Valkeakosken seudun el\u00e4insuojeluyhdistys\",\"item\":\"https:\/\/sey.fi\/valkeakoski\/\"},{\"@type\":\"ListItem\",\"position\":3,\"name\":\"Hyv\u00e4 tiet\u00e4\u00e4\",\"item\":\"https:\/\/sey.fi\/valkeakoski\/valkeakosken-elainsuojelu\/hyva-tietaa\/\"},{\"@type\":\"ListItem\",\"position\":4,\"name\":\"Mit\u00e4 lemmikkisi tarvitsee onnelliseen el\u00e4m\u00e4\u00e4n?\"}]},{\"@type\":\"WebSite\",\"@id\":\"https:\/\/sey.fi\/valkeakoski\/#website\",\"url\":\"https:\/\/sey.fi\/valkeakoski\/\",\"name\":\"Valkeakosken seudun el\u00e4insuojeluyhdistys\",\"description\":\"Uusi SEY J\u00e4senyhdistykset -sivusto\",\"potentialAction\":[{\"@type\":\"SearchAction\",\"target\":{\"@type\":\"EntryPoint\",\"urlTemplate\":\"https:\/\/sey.fi\/valkeakoski\/?s={search_term_string}\"},\"query-input\":{\"@type\":\"PropertyValueSpecification\",\"valueRequired\":true,\"valueName\":\"search_term_string\"}}],\"inLanguage\":\"fi\"}]}<\/script>\n<!-- \/ Yoast SEO plugin. -->","yoast_head_json":{"title":"Mit\u00e4 lemmikkisi tarvitsee onnelliseen el\u00e4m\u00e4\u00e4n? - Valkeakosken seudun el\u00e4insuojeluyhdistys","robots":{"index":"index","follow":"follow","max-snippet":"max-snippet:-1","max-image-preview":"max-image-preview:large","max-video-preview":"max-video-preview:-1"},"canonical":"https:\/\/sey.fi\/valkeakoski\/valkeakosken-elainsuojelu\/hyva-tietaa\/mita-lemmikkisi-tarvitsee-onnelliseen-elamaan\/","og_locale":"fi_FI","og_type":"article","og_title":"Mit\u00e4 lemmikkisi tarvitsee onnelliseen el\u00e4m\u00e4\u00e4n? - Valkeakosken seudun el\u00e4insuojeluyhdistys","og_description":"Oletko huomannut, ett\u00e4 lemmikkisi saattaa \u201dnauraa\u201d sinulle. Leikkiv\u00e4n koiran ilmeest\u00e4 ei voi erehty\u00e4. Innostuminen vet\u00e4\u00e4 suupielet sivulle, ja n\u00e4ytt\u00e4\u00e4 kuin koira nauraisi. Karvaisten korvien v\u00e4liin mahtuu paljon iloa, kun lemmikist\u00e4 huolehditaan hyvin. Tieteellisesti on voitu osoittaa, ett\u00e4 ainakin nis\u00e4kk\u00e4\u00e4t, linnut, matelijat, sammakkoel\u00e4imet ja kalat tuntevat mielihyv\u00e4\u00e4 ja kipua. Niill\u00e4 on lyhyt- ja pitk\u00e4kestoinen muisti, ja [&hellip;]","og_url":"https:\/\/sey.fi\/valkeakoski\/valkeakosken-elainsuojelu\/hyva-tietaa\/mita-lemmikkisi-tarvitsee-onnelliseen-elamaan\/","og_site_name":"Valkeakosken seudun el\u00e4insuojeluyhdistys","article_modified_time":"2019-11-22T16:10:39+00:00","og_image":[{"url":"http:\/\/valkeakoski.sey.fi\/images\/102_0229.jpg","type":"","width":"","height":""}],"twitter_card":"summary_large_image","twitter_misc":{"Arvioitu lukuaika":"2 minuuttia"},"schema":{"@context":"https:\/\/schema.org","@graph":[{"@type":"WebPage","@id":"https:\/\/sey.fi\/valkeakoski\/valkeakosken-elainsuojelu\/hyva-tietaa\/mita-lemmikkisi-tarvitsee-onnelliseen-elamaan\/","url":"https:\/\/sey.fi\/valkeakoski\/valkeakosken-elainsuojelu\/hyva-tietaa\/mita-lemmikkisi-tarvitsee-onnelliseen-elamaan\/","name":"Mit\u00e4 lemmikkisi tarvitsee onnelliseen el\u00e4m\u00e4\u00e4n? - Valkeakosken seudun el\u00e4insuojeluyhdistys","isPartOf":{"@id":"https:\/\/sey.fi\/valkeakoski\/#website"},"primaryImageOfPage":{"@id":"https:\/\/sey.fi\/valkeakoski\/valkeakosken-elainsuojelu\/hyva-tietaa\/mita-lemmikkisi-tarvitsee-onnelliseen-elamaan\/#primaryimage"},"image":{"@id":"https:\/\/sey.fi\/valkeakoski\/valkeakosken-elainsuojelu\/hyva-tietaa\/mita-lemmikkisi-tarvitsee-onnelliseen-elamaan\/#primaryimage"},"thumbnailUrl":"http:\/\/valkeakoski.sey.fi\/images\/102_0229.jpg","datePublished":"2019-11-22T16:10:38+00:00","dateModified":"2019-11-22T16:10:39+00:00","breadcrumb":{"@id":"https:\/\/sey.fi\/valkeakoski\/valkeakosken-elainsuojelu\/hyva-tietaa\/mita-lemmikkisi-tarvitsee-onnelliseen-elamaan\/#breadcrumb"},"inLanguage":"fi","potentialAction":[{"@type":"ReadAction","target":["https:\/\/sey.fi\/valkeakoski\/valkeakosken-elainsuojelu\/hyva-tietaa\/mita-lemmikkisi-tarvitsee-onnelliseen-elamaan\/"]}]},{"@type":"ImageObject","inLanguage":"fi","@id":"https:\/\/sey.fi\/valkeakoski\/valkeakosken-elainsuojelu\/hyva-tietaa\/mita-lemmikkisi-tarvitsee-onnelliseen-elamaan\/#primaryimage","url":"http:\/\/valkeakoski.sey.fi\/images\/102_0229.jpg","contentUrl":"http:\/\/valkeakoski.sey.fi\/images\/102_0229.jpg"},{"@type":"BreadcrumbList","@id":"https:\/\/sey.fi\/valkeakoski\/valkeakosken-elainsuojelu\/hyva-tietaa\/mita-lemmikkisi-tarvitsee-onnelliseen-elamaan\/#breadcrumb","itemListElement":[{"@type":"ListItem","position":1,"name":"Home","item":"https:\/\/sey.fi\/valkeakoski\/"},{"@type":"ListItem","position":2,"name":"Valkeakosken seudun el\u00e4insuojeluyhdistys","item":"https:\/\/sey.fi\/valkeakoski\/"},{"@type":"ListItem","position":3,"name":"Hyv\u00e4 tiet\u00e4\u00e4","item":"https:\/\/sey.fi\/valkeakoski\/valkeakosken-elainsuojelu\/hyva-tietaa\/"},{"@type":"ListItem","position":4,"name":"Mit\u00e4 lemmikkisi tarvitsee onnelliseen el\u00e4m\u00e4\u00e4n?"}]},{"@type":"WebSite","@id":"https:\/\/sey.fi\/valkeakoski\/#website","url":"https:\/\/sey.fi\/valkeakoski\/","name":"Valkeakosken seudun el\u00e4insuojeluyhdistys","description":"Uusi SEY J\u00e4senyhdistykset -sivusto","potentialAction":[{"@type":"SearchAction","target":{"@type":"EntryPoint","urlTemplate":"https:\/\/sey.fi\/valkeakoski\/?s={search_term_string}"},"query-input":{"@type":"PropertyValueSpecification","valueRequired":true,"valueName":"search_term_string"}}],"inLanguage":"fi"}]}},"_links":{"self":[{"href":"https:\/\/sey.fi\/valkeakoski\/wp-json\/wp\/v2\/pages\/28","targetHints":{"allow":["GET"]}}],"collection":[{"href":"https:\/\/sey.fi\/valkeakoski\/wp-json\/wp\/v2\/pages"}],"about":[{"href":"https:\/\/sey.fi\/valkeakoski\/wp-json\/wp\/v2\/types\/page"}],"author":[{"embeddable":true,"href":"https:\/\/sey.fi\/valkeakoski\/wp-json\/wp\/v2\/users\/8"}],"replies":[{"embeddable":true,"href":"https:\/\/sey.fi\/valkeakoski\/wp-json\/wp\/v2\/comments?post=28"}],"version-history":[{"count":1,"href":"https:\/\/sey.fi\/valkeakoski\/wp-json\/wp\/v2\/pages\/28\/revisions"}],"predecessor-version":[{"id":29,"href":"https:\/\/sey.fi\/valkeakoski\/wp-json\/wp\/v2\/pages\/28\/revisions\/29"}],"up":[{"embeddable":true,"href":"https:\/\/sey.fi\/valkeakoski\/wp-json\/wp\/v2\/pages\/24"}],"wp:attachment":[{"href":"https:\/\/sey.fi\/valkeakoski\/wp-json\/wp\/v2\/media?parent=28"}],"curies":[{"name":"wp","href":"https:\/\/api.w.org\/{rel}","templated":true}]}}