{"id":33,"date":"2019-11-25T13:18:08","date_gmt":"2019-11-25T11:18:08","guid":{"rendered":"http:\/\/srvr10.xetpoint.com\/~seyfi\/varkaus\/?page_id=33"},"modified":"2026-04-08T14:15:59","modified_gmt":"2026-04-08T11:15:59","slug":"liity-jaseneksi","status":"publish","type":"page","link":"https:\/\/sey.fi\/varkaus\/varkauden-elainsuojelu\/haluatko-auttaa\/liity-jaseneksi\/","title":{"rendered":"Liity j\u00e4seneksi"},"content":{"rendered":"\n<p>T\u00e4yt\u00e4 SEYn nettisivuilla liittymislomake. Valitse Varkauden seudun el\u00e4insuojeluyhdistys niin samalla liityt paikallisyhdistykseemme.<\/p>\n\n\n\n<p>Liitty\u00e4 voit&nbsp;<a href=\"http:\/\/www.sey.fi\/tue-toimintaa\/jasenyys\" target=\"_blank\" rel=\"noreferrer noopener\">t\u00e4\u00e4ll\u00e4<\/a>.<\/p>\n\n\n\n<p><strong>J\u00e4senmaksu vuodelle 2026<\/strong><\/p>\n\n\n\n<p>(J\u00e4senmaksut ja -tyypit saattavat vaihdella eri yhdistyksiss\u00e4 )<\/p>\n\n\n\n<p>Nuorisoj\u00e4sen (alle 15-vuotiaat), j\u00e4senmaksu 17 \u20ac\/v (muista t\u00e4ytt\u00e4\u00e4 syntym\u00e4vuosi)<\/p>\n\n\n\n<p>Varsinainen j\u00e4sen (ik\u00e4 15 v. tai yli), j\u00e4senmaksu 27 \u20ac\/v<\/p>\n\n\n\n<p>Kannatusj\u00e4sen, j\u00e4senmaksu 50 \u20ac\/v<\/p>\n\n\n\n<p>Perhej\u00e4sen (ei lehte\u00e4, lehden saa joku muu samassa osoitteessa asuva j\u00e4sen), j\u00e4senmaksu 17 \u20ac\/v<\/p>\n\n\n\n<p>Ainaisj\u00e4sen, kertamaksu 270 \u20ac<\/p>\n\n\n\n<p>J\u00e4senmaksut p\u00e4\u00e4tet\u00e4\u00e4n vuosikokouksessa.<\/p>\n\n\n\n<p>J\u00e4senen\u00e4 saat Seyn El\u00e4inten yst\u00e4v\u00e4-lehden 4x vuodessa.<\/p>\n\n\n\n<figure class=\"wp-block-image\"><img decoding=\"async\" src=\"http:\/\/varkaus.sey.fi\/images\/mirujasiru2.jpg\" alt=\"\" \/><\/figure>\n","protected":false},"excerpt":{"rendered":"<p>T\u00e4yt\u00e4 SEYn nettisivuilla liittymislomake. Valitse Varkauden seudun el\u00e4insuojeluyhdistys niin samalla liityt paikallisyhdistykseemme. Liitty\u00e4 voit&nbsp;t\u00e4\u00e4ll\u00e4. J\u00e4senmaksu vuodelle 2026 (J\u00e4senmaksut ja -tyypit saattavat vaihdella eri yhdistyksiss\u00e4 ) Nuorisoj\u00e4sen (alle 15-vuotiaat), j\u00e4senmaksu 17 \u20ac\/v (muista t\u00e4ytt\u00e4\u00e4 syntym\u00e4vuosi) Varsinainen j\u00e4sen (ik\u00e4 15 v. tai yli), j\u00e4senmaksu 27 \u20ac\/v Kannatusj\u00e4sen, j\u00e4senmaksu 50 \u20ac\/v Perhej\u00e4sen (ei lehte\u00e4, lehden saa joku muu [&hellip;]<\/p>\n","protected":false},"author":8,"featured_media":0,"parent":25,"menu_order":0,"comment_status":"closed","ping_status":"closed","template":"","meta":{"_acf_changed":false,"footnotes":""},"class_list":["post-33","page","type-page","status-publish","hentry"],"acf":[],"yoast_head":"<!-- This site is optimized with the Yoast SEO plugin v27.1.1 - https:\/\/yoast.com\/product\/yoast-seo-wordpress\/ -->\n<title>Liity j\u00e4seneksi - Varkauden seudun el\u00e4insuojeluyhdistys<\/title>\n<meta name=\"robots\" content=\"index, follow, max-snippet:-1, max-image-preview:large, max-video-preview:-1\" \/>\n<link rel=\"canonical\" href=\"https:\/\/sey.fi\/varkaus\/varkauden-elainsuojelu\/haluatko-auttaa\/liity-jaseneksi\/\" \/>\n<meta property=\"og:locale\" content=\"fi_FI\" \/>\n<meta property=\"og:type\" content=\"article\" \/>\n<meta property=\"og:title\" content=\"Liity j\u00e4seneksi - Varkauden seudun el\u00e4insuojeluyhdistys\" \/>\n<meta property=\"og:description\" content=\"T\u00e4yt\u00e4 SEYn nettisivuilla liittymislomake. Valitse Varkauden seudun el\u00e4insuojeluyhdistys niin samalla liityt paikallisyhdistykseemme. Liitty\u00e4 voit&nbsp;t\u00e4\u00e4ll\u00e4. J\u00e4senmaksu vuodelle 2026 (J\u00e4senmaksut ja -tyypit saattavat vaihdella eri yhdistyksiss\u00e4 ) Nuorisoj\u00e4sen (alle 15-vuotiaat), j\u00e4senmaksu 17 \u20ac\/v (muista t\u00e4ytt\u00e4\u00e4 syntym\u00e4vuosi) Varsinainen j\u00e4sen (ik\u00e4 15 v. tai yli), j\u00e4senmaksu 27 \u20ac\/v Kannatusj\u00e4sen, j\u00e4senmaksu 50 \u20ac\/v Perhej\u00e4sen (ei lehte\u00e4, lehden saa joku muu [&hellip;]\" \/>\n<meta property=\"og:url\" content=\"https:\/\/sey.fi\/varkaus\/varkauden-elainsuojelu\/haluatko-auttaa\/liity-jaseneksi\/\" \/>\n<meta property=\"og:site_name\" content=\"Varkauden seudun el\u00e4insuojeluyhdistys\" \/>\n<meta property=\"article:modified_time\" content=\"2026-04-08T11:15:59+00:00\" \/>\n<meta property=\"og:image\" content=\"http:\/\/varkaus.sey.fi\/images\/mirujasiru2.jpg\" \/>\n<meta name=\"twitter:card\" content=\"summary_large_image\" \/>\n<meta name=\"twitter:label1\" content=\"Arvioitu lukuaika\" \/>\n\t<meta name=\"twitter:data1\" content=\"1 minuutti\" \/>\n<script type=\"application\/ld+json\" class=\"yoast-schema-graph\">{\"@context\":\"https:\/\/schema.org\",\"@graph\":[{\"@type\":\"WebPage\",\"@id\":\"https:\/\/sey.fi\/varkaus\/varkauden-elainsuojelu\/haluatko-auttaa\/liity-jaseneksi\/\",\"url\":\"https:\/\/sey.fi\/varkaus\/varkauden-elainsuojelu\/haluatko-auttaa\/liity-jaseneksi\/\",\"name\":\"Liity j\u00e4seneksi - Varkauden seudun el\u00e4insuojeluyhdistys\",\"isPartOf\":{\"@id\":\"https:\/\/sey.fi\/varkaus\/#website\"},\"primaryImageOfPage\":{\"@id\":\"https:\/\/sey.fi\/varkaus\/varkauden-elainsuojelu\/haluatko-auttaa\/liity-jaseneksi\/#primaryimage\"},\"image\":{\"@id\":\"https:\/\/sey.fi\/varkaus\/varkauden-elainsuojelu\/haluatko-auttaa\/liity-jaseneksi\/#primaryimage\"},\"thumbnailUrl\":\"http:\/\/varkaus.sey.fi\/images\/mirujasiru2.jpg\",\"datePublished\":\"2019-11-25T11:18:08+00:00\",\"dateModified\":\"2026-04-08T11:15:59+00:00\",\"breadcrumb\":{\"@id\":\"https:\/\/sey.fi\/varkaus\/varkauden-elainsuojelu\/haluatko-auttaa\/liity-jaseneksi\/#breadcrumb\"},\"inLanguage\":\"fi\",\"potentialAction\":[{\"@type\":\"ReadAction\",\"target\":[\"https:\/\/sey.fi\/varkaus\/varkauden-elainsuojelu\/haluatko-auttaa\/liity-jaseneksi\/\"]}]},{\"@type\":\"ImageObject\",\"inLanguage\":\"fi\",\"@id\":\"https:\/\/sey.fi\/varkaus\/varkauden-elainsuojelu\/haluatko-auttaa\/liity-jaseneksi\/#primaryimage\",\"url\":\"http:\/\/varkaus.sey.fi\/images\/mirujasiru2.jpg\",\"contentUrl\":\"http:\/\/varkaus.sey.fi\/images\/mirujasiru2.jpg\"},{\"@type\":\"BreadcrumbList\",\"@id\":\"https:\/\/sey.fi\/varkaus\/varkauden-elainsuojelu\/haluatko-auttaa\/liity-jaseneksi\/#breadcrumb\",\"itemListElement\":[{\"@type\":\"ListItem\",\"position\":1,\"name\":\"Home\",\"item\":\"https:\/\/sey.fi\/varkaus\/\"},{\"@type\":\"ListItem\",\"position\":2,\"name\":\"Varkauden seudun el\u00e4insuojeluyhdistys\",\"item\":\"https:\/\/sey.fi\/varkaus\/\"},{\"@type\":\"ListItem\",\"position\":3,\"name\":\"Haluatko auttaa?\",\"item\":\"https:\/\/sey.fi\/varkaus\/varkauden-elainsuojelu\/haluatko-auttaa\/\"},{\"@type\":\"ListItem\",\"position\":4,\"name\":\"Liity j\u00e4seneksi\"}]},{\"@type\":\"WebSite\",\"@id\":\"https:\/\/sey.fi\/varkaus\/#website\",\"url\":\"https:\/\/sey.fi\/varkaus\/\",\"name\":\"Varkauden seudun el\u00e4insuojeluyhdistys\",\"description\":\"Uusi SEY J\u00e4senyhdistykset -sivusto\",\"potentialAction\":[{\"@type\":\"SearchAction\",\"target\":{\"@type\":\"EntryPoint\",\"urlTemplate\":\"https:\/\/sey.fi\/varkaus\/?s={search_term_string}\"},\"query-input\":{\"@type\":\"PropertyValueSpecification\",\"valueRequired\":true,\"valueName\":\"search_term_string\"}}],\"inLanguage\":\"fi\"}]}<\/script>\n<!-- \/ Yoast SEO plugin. -->","yoast_head_json":{"title":"Liity j\u00e4seneksi - Varkauden seudun el\u00e4insuojeluyhdistys","robots":{"index":"index","follow":"follow","max-snippet":"max-snippet:-1","max-image-preview":"max-image-preview:large","max-video-preview":"max-video-preview:-1"},"canonical":"https:\/\/sey.fi\/varkaus\/varkauden-elainsuojelu\/haluatko-auttaa\/liity-jaseneksi\/","og_locale":"fi_FI","og_type":"article","og_title":"Liity j\u00e4seneksi - Varkauden seudun el\u00e4insuojeluyhdistys","og_description":"T\u00e4yt\u00e4 SEYn nettisivuilla liittymislomake. Valitse Varkauden seudun el\u00e4insuojeluyhdistys niin samalla liityt paikallisyhdistykseemme. Liitty\u00e4 voit&nbsp;t\u00e4\u00e4ll\u00e4. J\u00e4senmaksu vuodelle 2026 (J\u00e4senmaksut ja -tyypit saattavat vaihdella eri yhdistyksiss\u00e4 ) Nuorisoj\u00e4sen (alle 15-vuotiaat), j\u00e4senmaksu 17 \u20ac\/v (muista t\u00e4ytt\u00e4\u00e4 syntym\u00e4vuosi) Varsinainen j\u00e4sen (ik\u00e4 15 v. tai yli), j\u00e4senmaksu 27 \u20ac\/v Kannatusj\u00e4sen, j\u00e4senmaksu 50 \u20ac\/v Perhej\u00e4sen (ei lehte\u00e4, lehden saa joku muu [&hellip;]","og_url":"https:\/\/sey.fi\/varkaus\/varkauden-elainsuojelu\/haluatko-auttaa\/liity-jaseneksi\/","og_site_name":"Varkauden seudun el\u00e4insuojeluyhdistys","article_modified_time":"2026-04-08T11:15:59+00:00","og_image":[{"url":"http:\/\/varkaus.sey.fi\/images\/mirujasiru2.jpg","type":"","width":"","height":""}],"twitter_card":"summary_large_image","twitter_misc":{"Arvioitu lukuaika":"1 minuutti"},"schema":{"@context":"https:\/\/schema.org","@graph":[{"@type":"WebPage","@id":"https:\/\/sey.fi\/varkaus\/varkauden-elainsuojelu\/haluatko-auttaa\/liity-jaseneksi\/","url":"https:\/\/sey.fi\/varkaus\/varkauden-elainsuojelu\/haluatko-auttaa\/liity-jaseneksi\/","name":"Liity j\u00e4seneksi - Varkauden seudun el\u00e4insuojeluyhdistys","isPartOf":{"@id":"https:\/\/sey.fi\/varkaus\/#website"},"primaryImageOfPage":{"@id":"https:\/\/sey.fi\/varkaus\/varkauden-elainsuojelu\/haluatko-auttaa\/liity-jaseneksi\/#primaryimage"},"image":{"@id":"https:\/\/sey.fi\/varkaus\/varkauden-elainsuojelu\/haluatko-auttaa\/liity-jaseneksi\/#primaryimage"},"thumbnailUrl":"http:\/\/varkaus.sey.fi\/images\/mirujasiru2.jpg","datePublished":"2019-11-25T11:18:08+00:00","dateModified":"2026-04-08T11:15:59+00:00","breadcrumb":{"@id":"https:\/\/sey.fi\/varkaus\/varkauden-elainsuojelu\/haluatko-auttaa\/liity-jaseneksi\/#breadcrumb"},"inLanguage":"fi","potentialAction":[{"@type":"ReadAction","target":["https:\/\/sey.fi\/varkaus\/varkauden-elainsuojelu\/haluatko-auttaa\/liity-jaseneksi\/"]}]},{"@type":"ImageObject","inLanguage":"fi","@id":"https:\/\/sey.fi\/varkaus\/varkauden-elainsuojelu\/haluatko-auttaa\/liity-jaseneksi\/#primaryimage","url":"http:\/\/varkaus.sey.fi\/images\/mirujasiru2.jpg","contentUrl":"http:\/\/varkaus.sey.fi\/images\/mirujasiru2.jpg"},{"@type":"BreadcrumbList","@id":"https:\/\/sey.fi\/varkaus\/varkauden-elainsuojelu\/haluatko-auttaa\/liity-jaseneksi\/#breadcrumb","itemListElement":[{"@type":"ListItem","position":1,"name":"Home","item":"https:\/\/sey.fi\/varkaus\/"},{"@type":"ListItem","position":2,"name":"Varkauden seudun el\u00e4insuojeluyhdistys","item":"https:\/\/sey.fi\/varkaus\/"},{"@type":"ListItem","position":3,"name":"Haluatko auttaa?","item":"https:\/\/sey.fi\/varkaus\/varkauden-elainsuojelu\/haluatko-auttaa\/"},{"@type":"ListItem","position":4,"name":"Liity j\u00e4seneksi"}]},{"@type":"WebSite","@id":"https:\/\/sey.fi\/varkaus\/#website","url":"https:\/\/sey.fi\/varkaus\/","name":"Varkauden seudun el\u00e4insuojeluyhdistys","description":"Uusi SEY J\u00e4senyhdistykset -sivusto","potentialAction":[{"@type":"SearchAction","target":{"@type":"EntryPoint","urlTemplate":"https:\/\/sey.fi\/varkaus\/?s={search_term_string}"},"query-input":{"@type":"PropertyValueSpecification","valueRequired":true,"valueName":"search_term_string"}}],"inLanguage":"fi"}]}},"_links":{"self":[{"href":"https:\/\/sey.fi\/varkaus\/wp-json\/wp\/v2\/pages\/33","targetHints":{"allow":["GET"]}}],"collection":[{"href":"https:\/\/sey.fi\/varkaus\/wp-json\/wp\/v2\/pages"}],"about":[{"href":"https:\/\/sey.fi\/varkaus\/wp-json\/wp\/v2\/types\/page"}],"author":[{"embeddable":true,"href":"https:\/\/sey.fi\/varkaus\/wp-json\/wp\/v2\/users\/8"}],"replies":[{"embeddable":true,"href":"https:\/\/sey.fi\/varkaus\/wp-json\/wp\/v2\/comments?post=33"}],"version-history":[{"count":6,"href":"https:\/\/sey.fi\/varkaus\/wp-json\/wp\/v2\/pages\/33\/revisions"}],"predecessor-version":[{"id":857,"href":"https:\/\/sey.fi\/varkaus\/wp-json\/wp\/v2\/pages\/33\/revisions\/857"}],"up":[{"embeddable":true,"href":"https:\/\/sey.fi\/varkaus\/wp-json\/wp\/v2\/pages\/25"}],"wp:attachment":[{"href":"https:\/\/sey.fi\/varkaus\/wp-json\/wp\/v2\/media?parent=33"}],"curies":[{"name":"wp","href":"https:\/\/api.w.org\/{rel}","templated":true}]}}